{"id":705481,"date":"2025-08-27T15:46:27","date_gmt":"2025-08-27T12:46:27","guid":{"rendered":"https:\/\/roveyayinevi.com.tr\/index.php\/urun\/kapitalizmin-tarihi-1500-2010\/"},"modified":"2026-04-16T02:14:23","modified_gmt":"2026-04-15T23:14:23","slug":"kapitalizmin-tarihi-1500-2010","status":"publish","type":"product","link":"https:\/\/roveyayinevi.com.tr\/index.php\/urun\/kapitalizmin-tarihi-1500-2010\/","title":{"rendered":"Kapitalizmin Tarihi 1500-2010"},"content":{"rendered":"<p>D\u00fcnyaca tan\u0131nm\u0131\u015f bir iktisat tarih\u00e7isi ve kuramc\u0131s\u0131 olan Michel Beaud, \u00e7evrildi\u011fi her dilde b\u00fcy\u00fck bir ilgiyle kar\u015f\u0131lanan bu kitab\u0131nda kapitalizmin do\u011fu\u015funu ve geli\u015fimini t\u00fcm ayr\u0131nt\u0131lar\u0131yla \u00e7\u00f6z\u00fcml\u00fcyor. Ticarete dayal\u0131 Bat\u0131 toplumlar\u0131n\u0131n t\u00fcm d\u00fcnyaya h\u00fckmeden bir g\u00fc\u00e7 haline geldi\u011fi bir do\u011fal \u00e7evrede yine ticaretle ya\u015fayan Do\u011fulu e\u015fde\u011ferlerinin neden kapitalizm diye bilinen bu yarat\u0131c\u0131 ve y\u0131k\u0131c\u0131 olgunun bir par\u00e7as\u0131 olarak g\u00f6r\u00fclemeyece\u011fi \u00fczerinde duran Beaud, XVI. y\u00fczy\u0131ldan ba\u015flay\u0131p kapitalizme uzanan s\u00fcreci, toplumsal s\u0131n\u0131flar ve h\u00fck\u00fcmet etme bi\u00e7imlerinde g\u00f6r\u00fclen de\u011fi\u015fiklikleri, Avrupal\u0131 fatihlerin ba\u015f\u0131n\u0131 \u00e7ekti\u011fi ilk fetih dalgas\u0131n\u0131 ve b\u00fct\u00fcn bunlarla ba\u011flant\u0131l\u0131 ekonomik ve siyasi yap\u0131y\u0131 incelikli bir tahlille g\u00f6zler \u00f6n\u00fcne seriyor. Feodal toplumlar\u0131n arkaik yap\u0131s\u0131ndan XXI. y\u00fczy\u0131l neoliberalizmine  varan s\u00fcreci mercek alt\u0131na alan yo\u011fun ve nitelikli bir ara\u015ft\u0131rma.<\/p>\n","protected":false},"excerpt":{"rendered":"<p>D\u00fcnyaca tan\u0131nm\u0131\u015f bir iktisat tarih\u00e7isi ve kuramc\u0131s\u0131 olan Michel Beaud, \u00e7evrildi\u011fi her dilde b\u00fcy\u00fck bir ilgiyle kar\u015f\u0131lanan bu kitab\u0131nda kapitalizmin do\u011fu\u015funu ve geli\u015fimini t\u00fcm ayr\u0131nt\u0131lar\u0131yla \u00e7\u00f6z\u00fcml\u00fcyor.<span class=\"excerpt-hellip\"> [\u2026]<\/span><\/p>\n","protected":false},"featured_media":0,"template":"","meta":{"_monsterinsights_skip_tracking":false,"_monsterinsights_sitenote_active":false,"_monsterinsights_sitenote_note":"","_monsterinsights_sitenote_category":0},"product_brand":[],"product_cat":[12312,12304],"product_tag":[],"class_list":{"0":"post-705481","1":"product","2":"type-product","3":"status-publish","5":"product_cat-diger","6":"product_cat-tarih","7":"pa_cilt-ciltsiz","8":"pa_tur-kitap","9":"pa_yayinevi-yordam-kitap","10":"pa_yazar-michel-beaud","12":"first","13":"instock","14":"sale","15":"shipping-taxable","16":"purchasable","17":"product-type-simple"},"_links":{"self":[{"href":"https:\/\/roveyayinevi.com.tr\/index.php\/wp-json\/wp\/v2\/product\/705481","targetHints":{"allow":["GET"]}}],"collection":[{"href":"https:\/\/roveyayinevi.com.tr\/index.php\/wp-json\/wp\/v2\/product"}],"about":[{"href":"https:\/\/roveyayinevi.com.tr\/index.php\/wp-json\/wp\/v2\/types\/product"}],"wp:attachment":[{"href":"https:\/\/roveyayinevi.com.tr\/index.php\/wp-json\/wp\/v2\/media?parent=705481"}],"wp:term":[{"taxonomy":"product_brand","embeddable":true,"href":"https:\/\/roveyayinevi.com.tr\/index.php\/wp-json\/wp\/v2\/product_brand?post=705481"},{"taxonomy":"product_cat","embeddable":true,"href":"https:\/\/roveyayinevi.com.tr\/index.php\/wp-json\/wp\/v2\/product_cat?post=705481"},{"taxonomy":"product_tag","embeddable":true,"href":"https:\/\/roveyayinevi.com.tr\/index.php\/wp-json\/wp\/v2\/product_tag?post=705481"}],"curies":[{"name":"wp","href":"https:\/\/api.w.org\/{rel}","templated":true}]}}

<p>Dünyaca tanınmış bir iktisat tarihçisi ve kuramcısı olan Michel Beaud, çevrildiği her dilde büyük bir ilgiyle karşılanan bu kitabında kapitalizmin doğuşunu ve gelişimini tüm ayrıntılarıyla çözümlüyor. Ticarete dayalı Batı toplumlarının tüm dünyaya hükmeden bir güç haline geldiği bir doğal çevrede yine ticaretle yaşayan Doğulu eşdeğerlerinin neden kapitalizm diye bilinen bu yaratıcı ve yıkıcı olgunun bir parçası olarak görülemeyeceği üzerinde duran Beaud, XVI. yüzyıldan başlayıp kapitalizme uzanan süreci, toplumsal sınıflar ve hükümet etme biçimlerinde görülen değişiklikleri, Avrupalı fatihlerin başını çektiği ilk fetih dalgasını ve bütün bunlarla bağlantılı ekonomik ve siyasi yapıyı incelikli bir tahlille gözler önüne seriyor. Feodal toplumların arkaik yapısından XXI. yüzyıl neoliberalizmine  varan süreci mercek altına alan yoğun ve nitelikli bir araştırma.</p>

<p>Dünyaca tanınmış bir iktisat tarihçisi ve kuramcısı olan Michel Beaud, çevrildiği her dilde büyük bir ilgiyle karşılanan bu kitabında kapitalizmin doğuşunu ve gelişimini tüm ayrıntılarıyla çözümlüyor.<span class="excerpt-hellip"> […]</span></p>
