{"id":705479,"date":"2025-08-27T15:46:26","date_gmt":"2025-08-27T12:46:26","guid":{"rendered":"https:\/\/roveyayinevi.com.tr\/index.php\/urun\/kacak-savci\/"},"modified":"2026-04-16T02:14:23","modified_gmt":"2026-04-15T23:14:23","slug":"kacak-savci","status":"publish","type":"product","link":"https:\/\/roveyayinevi.com.tr\/index.php\/urun\/kacak-savci\/","title":{"rendered":"Ka\u00e7ak Savc\u0131"},"content":{"rendered":"<p>HSYK 2. Daire Ba\u015fkan\u0131 Mehmet Y\u0131lmaz, bu aralar her g\u00fcn biri yurtd\u0131\u015f\u0131na ka\u00e7an savc\u0131 g\u00f6r\u00fcn\u00fcml\u00fc tetik\u00e7ilerin s\u00f6z\u00fcmona sorgulamalar\u0131n\u0131n ve bu sorgulamalara dayan\u0131larak yap\u0131lan yarg\u0131lamalar\u0131n sonucunu; &#8220;Yasa d\u0131\u015f\u0131l\u0131\u011fa, adalet \u00fclk\u00fcs\u00fc d\u0131\u015f\u0131nda hareket eden, hukuk zemininde kalmayan eylemlere g\u00f6z yumuldu\u011funda neler ya\u015fand\u0131\u011f\u0131n\u0131, yak\u0131n bir ge\u00e7mi\u015fte, Ergenekon, Balyoz, Poyrazk\u00f6y, \u0130zmir ve \u0130stanbul Casusluk, Hanefi Avc\u0131, \u0130lhan Cihaner, Ahmet \u015e\u0131k, Nedim \u015eener soru\u015fturma ve davalar\u0131nda hep birlikte g\u00f6rd\u00fck, izledik ve ders ald\u0131k&#8221; \u015feklinde anlat\u0131yordu. Ergenekon, Balyoz, Poyrazk\u00f6y, Askeri Casusluk gibi davalar\u0131n y\u00fczde y\u00fcz siyasi davalar oldu\u011funu, Ergenekon davas\u0131 eski Mahkeme Ba\u015fkan\u0131 K\u00f6ksal \u015eeng\u00fcn, Yarg\u0131tay 1&#8217;inci Ba\u015fkan\u0131 \u0130smail R\u00fc\u015ft\u00fc Cirit ve HSYK 2&#8217;inci Ba\u015fkan\u0131 Mehmet Y\u0131lmaz itiraf etmi\u015f oldu\u011funa g\u00f6re, referans\u0131 hukuk olan hi\u00e7 kimse bu davalar\u0131n hukuki davalar oldu\u011funu iddia edemez. Bu siyasi davalar\u0131n temyiz ve yeniden yarg\u0131lanma s\u00fcre\u00e7leri de elbette yine siyasi kayg\u0131larla karara ba\u011flanacakt\u0131r. Ancak, \u015fu anda siyasi g\u00fcc\u00fc elinde bulunduranlarda kendilerine &#8220;darbe yapt\u0131\u011f\u0131&#8221; iddia edilen ki\u015filerin &#8216;ger\u00e7ek hukuk adamlar\u0131&#8217; oldu\u011fu sonucunu do\u011furabilecek bir karar\u0131n \u00e7\u0131kmas\u0131na raz\u0131 olmayacakt\u0131r. Yani, Emine \u00dclker Tarhan&#8217;\u0131n ifadesiyle &#8220;\u0130ktidar\u0131n kam\u00e7\u0131s\u0131na g\u00f6re ki\u015fneyen yarg\u0131&#8221; vicdani kanaatleri do\u011frultusunda karar verecek olsada; iktidar\u0131n iste\u011fi do\u011frultusunda karar verecek olsada, Ergenekon Davas\u0131&#8217;da di\u011fer kumpas davalar\u0131 gibi toplu beraatlerle sonu\u00e7lanacakt\u0131r. \u0130\u015fte o zaman yarg\u0131lanma s\u0131ras\u0131 Atat\u00fcrk\u00e7\u00fclere, TSK&#8217;ya kumpas kuran AKP &#8211; Cemaat Paralel Yap\u0131s\u0131na gelecektir. <\/p>\n","protected":false},"excerpt":{"rendered":"<p>HSYK 2. Daire Ba\u015fkan\u0131 Mehmet Y\u0131lmaz, bu aralar her g\u00fcn biri yurtd\u0131\u015f\u0131na ka\u00e7an savc\u0131 g\u00f6r\u00fcn\u00fcml\u00fc tetik\u00e7ilerin s\u00f6z\u00fcmona sorgulamalar\u0131n\u0131n ve bu sorgulamalara dayan\u0131larak yap\u0131lan yarg\u0131lamalar\u0131n sonucunu; &#8220;Yasa<span class=\"excerpt-hellip\"> [\u2026]<\/span><\/p>\n","protected":false},"featured_media":0,"template":"","meta":{"_monsterinsights_skip_tracking":false,"_monsterinsights_sitenote_active":false,"_monsterinsights_sitenote_note":"","_monsterinsights_sitenote_category":0},"product_brand":[],"product_cat":[12370,12304],"product_tag":[],"class_list":{"0":"post-705479","1":"product","2":"type-product","3":"status-publish","5":"product_cat-arastirma-inceleme","6":"product_cat-tarih","7":"pa_cilt-ciltsiz","8":"pa_tur-kitap","9":"pa_yayinevi-altayli-yayinlari","10":"pa_yazar-bekir-ozturk","12":"first","13":"instock","14":"sale","15":"shipping-taxable","16":"purchasable","17":"product-type-simple"},"_links":{"self":[{"href":"https:\/\/roveyayinevi.com.tr\/index.php\/wp-json\/wp\/v2\/product\/705479","targetHints":{"allow":["GET"]}}],"collection":[{"href":"https:\/\/roveyayinevi.com.tr\/index.php\/wp-json\/wp\/v2\/product"}],"about":[{"href":"https:\/\/roveyayinevi.com.tr\/index.php\/wp-json\/wp\/v2\/types\/product"}],"wp:attachment":[{"href":"https:\/\/roveyayinevi.com.tr\/index.php\/wp-json\/wp\/v2\/media?parent=705479"}],"wp:term":[{"taxonomy":"product_brand","embeddable":true,"href":"https:\/\/roveyayinevi.com.tr\/index.php\/wp-json\/wp\/v2\/product_brand?post=705479"},{"taxonomy":"product_cat","embeddable":true,"href":"https:\/\/roveyayinevi.com.tr\/index.php\/wp-json\/wp\/v2\/product_cat?post=705479"},{"taxonomy":"product_tag","embeddable":true,"href":"https:\/\/roveyayinevi.com.tr\/index.php\/wp-json\/wp\/v2\/product_tag?post=705479"}],"curies":[{"name":"wp","href":"https:\/\/api.w.org\/{rel}","templated":true}]}}