{"id":705477,"date":"2025-08-27T15:46:26","date_gmt":"2025-08-27T12:46:26","guid":{"rendered":"https:\/\/roveyayinevi.com.tr\/index.php\/urun\/zihnin-gelecegi\/"},"modified":"2026-04-16T02:14:23","modified_gmt":"2026-04-15T23:14:23","slug":"zihnin-gelecegi","status":"publish","type":"product","link":"https:\/\/roveyayinevi.com.tr\/index.php\/urun\/zihnin-gelecegi\/","title":{"rendered":"Zihnin Gelece\u011fi"},"content":{"rendered":"<p>Olanaks\u0131z\u0131n Fizi\u011fi   ve   Gelece\u011fin Fizi\u011fi   gibi \u00e7ok satan kitaplar\u0131n yazar\u0131 ve pek \u00e7ok bilim program\u0131n\u0131n yap\u0131mc\u0131s\u0131 olan Michio Kaku bu kitab\u0131nda, evrendeki en b\u00fcy\u00fcleyici ve en karma\u015f\u0131k yap\u0131 olan insan beyni \u00fczerine bilimsel ara\u015ft\u0131rmalar\u0131 ortaya koyuyor. <\/p>\n","protected":false},"excerpt":{"rendered":"<p>Olanaks\u0131z\u0131n Fizi\u011fi ve Gelece\u011fin Fizi\u011fi gibi \u00e7ok satan kitaplar\u0131n yazar\u0131 ve pek \u00e7ok bilim program\u0131n\u0131n yap\u0131mc\u0131s\u0131 olan Michio Kaku bu kitab\u0131nda, evrendeki en b\u00fcy\u00fcleyici ve en<span class=\"excerpt-hellip\"> [\u2026]<\/span><\/p>\n","protected":false},"featured_media":0,"template":"","meta":{"_monsterinsights_skip_tracking":false,"_monsterinsights_sitenote_active":false,"_monsterinsights_sitenote_note":"","_monsterinsights_sitenote_category":0},"product_brand":[],"product_cat":[13005,13006],"product_tag":[],"class_list":{"0":"post-705477","1":"product","2":"type-product","3":"status-publish","5":"product_cat-bilim-muhendislik","6":"product_cat-populer-bilim","7":"pa_tur-kitap","8":"pa_yayinevi-odtu-gelistirme-vakfi-yayincilik","9":"pa_yazar-michio-kaku","11":"first","12":"instock","13":"sale","14":"shipping-taxable","15":"purchasable","16":"product-type-simple"},"_links":{"self":[{"href":"https:\/\/roveyayinevi.com.tr\/index.php\/wp-json\/wp\/v2\/product\/705477","targetHints":{"allow":["GET"]}}],"collection":[{"href":"https:\/\/roveyayinevi.com.tr\/index.php\/wp-json\/wp\/v2\/product"}],"about":[{"href":"https:\/\/roveyayinevi.com.tr\/index.php\/wp-json\/wp\/v2\/types\/product"}],"wp:attachment":[{"href":"https:\/\/roveyayinevi.com.tr\/index.php\/wp-json\/wp\/v2\/media?parent=705477"}],"wp:term":[{"taxonomy":"product_brand","embeddable":true,"href":"https:\/\/roveyayinevi.com.tr\/index.php\/wp-json\/wp\/v2\/product_brand?post=705477"},{"taxonomy":"product_cat","embeddable":true,"href":"https:\/\/roveyayinevi.com.tr\/index.php\/wp-json\/wp\/v2\/product_cat?post=705477"},{"taxonomy":"product_tag","embeddable":true,"href":"https:\/\/roveyayinevi.com.tr\/index.php\/wp-json\/wp\/v2\/product_tag?post=705477"}],"curies":[{"name":"wp","href":"https:\/\/api.w.org\/{rel}","templated":true}]}}