{"id":705467,"date":"2025-08-27T15:46:22","date_gmt":"2025-08-27T12:46:22","guid":{"rendered":"https:\/\/roveyayinevi.com.tr\/index.php\/urun\/geometrik-boyama-desen-desen-boyuyorum\/"},"modified":"2026-04-16T02:14:23","modified_gmt":"2026-04-15T23:14:23","slug":"geometrik-boyama-desen-desen-boyuyorum","status":"publish","type":"product","link":"https:\/\/roveyayinevi.com.tr\/index.php\/urun\/geometrik-boyama-desen-desen-boyuyorum\/","title":{"rendered":"Geometrik Boyama &#8211; Desen Desen Boyuyorum"},"content":{"rendered":"<p>Bu kitapta geometrik \u015fekilleri yak\u0131ndan tan\u0131yacak, birbirinden farkl\u0131 desenleri diledi\u011fin gibi boyayarak harika vakit ge\u00e7ireceksin! Hadi ne duruyorsun, sayfay\u0131 \u00e7evir ve geometrinin e\u011flenceli d\u00fcnyas\u0131n\u0131 ke\u015ffet. <\/p>\n","protected":false},"excerpt":{"rendered":"<p>Bu kitapta geometrik \u015fekilleri yak\u0131ndan tan\u0131yacak, birbirinden farkl\u0131 desenleri diledi\u011fin gibi boyayarak harika vakit ge\u00e7ireceksin! Hadi ne duruyorsun, sayfay\u0131 \u00e7evir ve geometrinin e\u011flenceli d\u00fcnyas\u0131n\u0131 ke\u015ffet.<\/p>\n","protected":false},"featured_media":0,"template":"","meta":{"_monsterinsights_skip_tracking":false,"_monsterinsights_sitenote_active":false,"_monsterinsights_sitenote_note":"","_monsterinsights_sitenote_category":0},"product_brand":[],"product_cat":[12644,12274],"product_tag":[],"class_list":{"0":"post-705467","1":"product","2":"type-product","3":"status-publish","5":"product_cat-boyama-kitaplari","6":"product_cat-cocuk-ve-genclik-kitaplari","7":"pa_tur-kitap","8":"pa_yayinevi-yediveren-cocuk","9":"pa_yazar-asena-meric","11":"first","12":"instock","13":"sale","14":"shipping-taxable","15":"purchasable","16":"product-type-simple"},"_links":{"self":[{"href":"https:\/\/roveyayinevi.com.tr\/index.php\/wp-json\/wp\/v2\/product\/705467","targetHints":{"allow":["GET"]}}],"collection":[{"href":"https:\/\/roveyayinevi.com.tr\/index.php\/wp-json\/wp\/v2\/product"}],"about":[{"href":"https:\/\/roveyayinevi.com.tr\/index.php\/wp-json\/wp\/v2\/types\/product"}],"wp:attachment":[{"href":"https:\/\/roveyayinevi.com.tr\/index.php\/wp-json\/wp\/v2\/media?parent=705467"}],"wp:term":[{"taxonomy":"product_brand","embeddable":true,"href":"https:\/\/roveyayinevi.com.tr\/index.php\/wp-json\/wp\/v2\/product_brand?post=705467"},{"taxonomy":"product_cat","embeddable":true,"href":"https:\/\/roveyayinevi.com.tr\/index.php\/wp-json\/wp\/v2\/product_cat?post=705467"},{"taxonomy":"product_tag","embeddable":true,"href":"https:\/\/roveyayinevi.com.tr\/index.php\/wp-json\/wp\/v2\/product_tag?post=705467"}],"curies":[{"name":"wp","href":"https:\/\/api.w.org\/{rel}","templated":true}]}}