{"id":705464,"date":"2025-08-27T15:46:21","date_gmt":"2025-08-27T12:46:21","guid":{"rendered":"https:\/\/roveyayinevi.com.tr\/index.php\/urun\/ortacag-cilt-4-kesifler-ticaret-utopyalar\/"},"modified":"2026-04-16T02:14:23","modified_gmt":"2026-04-15T23:14:23","slug":"ortacag-cilt-4-kesifler-ticaret-utopyalar","status":"publish","type":"product","link":"https:\/\/roveyayinevi.com.tr\/index.php\/urun\/ortacag-cilt-4-kesifler-ticaret-utopyalar\/","title":{"rendered":"Orta\u00e7a\u011f Cilt -4 Ke\u015fifler &#8211; Ticaret &#8211; \u00dctopyalar"},"content":{"rendered":"<p>Orta\u00e7a\u011f ad\u0131n\u0131 verdi\u011fimiz, neredeyse bin y\u0131l s\u00fcren d\u00f6nemin son sahnesine geliyoruz. Bu sahne, vitraylar ve \u0131\u015f\u0131lt\u0131l\u0131 minyat\u00fcrlerle dolu elyazmalar\u0131yla, \u0130talya\u2019dan ve Flandre\u2019den \u00e7\u0131k\u0131p deniz yoluyla Avrupa\u2019n\u0131n tamam\u0131na yay\u0131lan ve b\u00fcy\u00fck bir \u00e7e\u015fitlilik sergileyen yepyeni bir d\u00fcnyay\u0131 boydan boya dola\u015fan kuma\u015flar\u0131n dokusu ve renkleriyle ayd\u0131nlan\u0131r. Hem \u015fehirlere hem de iktidar sahibi erkek ve kad\u0131nlar\u0131n \u00e7al\u0131\u015fma odalar\u0131na yeni vizyonlar n\u00fcfuz eder, ara\u015ft\u0131rmalara ilham kayna\u011f\u0131 olur. Saraylar ve kubbelerin yan\u0131 s\u0131ra yurtta\u015fl\u0131k hayat\u0131nda, devlet ve ekonomi alanlar\u0131nda modeller yenilenir. Bug\u00fcn\u00fcn \u00fctopyalar\u0131n\u0131 yaratmaya haz\u0131r olan sanat\u00e7\u0131lar\u0131n ve d\u00fc\u015f\u00fcn\u00fcrlerin m\u00fcthi\u015f hayal g\u00fcc\u00fc ve yetenekleri sayesinde yeniden m\u00fcmk\u00fcn g\u00f6r\u00fcnen bir b\u00fcy\u00fckl\u00fc\u011f\u00fcn d\u00fc\u015f\u00fcncesi de bu s\u00fcreci h\u0131zland\u0131r\u0131r. <\/p>\n","protected":false},"excerpt":{"rendered":"<p>Orta\u00e7a\u011f ad\u0131n\u0131 verdi\u011fimiz, neredeyse bin y\u0131l s\u00fcren d\u00f6nemin son sahnesine geliyoruz. Bu sahne, vitraylar ve \u0131\u015f\u0131lt\u0131l\u0131 minyat\u00fcrlerle dolu elyazmalar\u0131yla, \u0130talya\u2019dan ve Flandre\u2019den \u00e7\u0131k\u0131p deniz yoluyla Avrupa\u2019n\u0131n<span class=\"excerpt-hellip\"> [\u2026]<\/span><\/p>\n","protected":false},"featured_media":0,"template":"","meta":{"_monsterinsights_skip_tracking":false,"_monsterinsights_sitenote_active":false,"_monsterinsights_sitenote_note":"","_monsterinsights_sitenote_category":0},"product_brand":[],"product_cat":[13590,12337],"product_tag":[],"class_list":{"0":"post-705464","1":"product","2":"type-product","3":"status-publish","5":"product_cat-arastirma-inceleme-politika-siyaset","6":"product_cat-politika-siyaset","7":"pa_cilt-ciltli","8":"pa_tur-kitap","9":"pa_yayinevi-alfa-yayinlari","10":"pa_yazar-umberto-eco","12":"first","13":"instock","14":"sale","15":"shipping-taxable","16":"purchasable","17":"product-type-simple"},"_links":{"self":[{"href":"https:\/\/roveyayinevi.com.tr\/index.php\/wp-json\/wp\/v2\/product\/705464","targetHints":{"allow":["GET"]}}],"collection":[{"href":"https:\/\/roveyayinevi.com.tr\/index.php\/wp-json\/wp\/v2\/product"}],"about":[{"href":"https:\/\/roveyayinevi.com.tr\/index.php\/wp-json\/wp\/v2\/types\/product"}],"wp:attachment":[{"href":"https:\/\/roveyayinevi.com.tr\/index.php\/wp-json\/wp\/v2\/media?parent=705464"}],"wp:term":[{"taxonomy":"product_brand","embeddable":true,"href":"https:\/\/roveyayinevi.com.tr\/index.php\/wp-json\/wp\/v2\/product_brand?post=705464"},{"taxonomy":"product_cat","embeddable":true,"href":"https:\/\/roveyayinevi.com.tr\/index.php\/wp-json\/wp\/v2\/product_cat?post=705464"},{"taxonomy":"product_tag","embeddable":true,"href":"https:\/\/roveyayinevi.com.tr\/index.php\/wp-json\/wp\/v2\/product_tag?post=705464"}],"curies":[{"name":"wp","href":"https:\/\/api.w.org\/{rel}","templated":true}]}}