{"id":705461,"date":"2025-08-27T15:46:20","date_gmt":"2025-08-27T12:46:20","guid":{"rendered":"https:\/\/roveyayinevi.com.tr\/index.php\/urun\/batman-yeni-52-cilt-4-yil-sifir-gizli-sehir\/"},"modified":"2026-04-16T02:14:23","modified_gmt":"2026-04-15T23:14:23","slug":"batman-yeni-52-cilt-4-yil-sifir-gizli-sehir","status":"publish","type":"product","link":"https:\/\/roveyayinevi.com.tr\/index.php\/urun\/batman-yeni-52-cilt-4-yil-sifir-gizli-sehir\/","title":{"rendered":"Batman Yeni 52 Cilt 4: Y\u0131l S\u0131f\u0131r &#8211; Gizli \u015eehir"},"content":{"rendered":"<p>YARASANIN DO\u011eU\u015eU S\u00fcper kahramanlar \u00e7a\u011f\u0131 ba\u015flamadan \u00f6nce -Batman masumlar\u0131 korumak ve k\u00f6t\u00fcleri cezaland\u0131rmak i\u00e7in kanatlar\u0131n\u0131 a\u00e7madan \u00f6nce- Gotham \u015eehri\u2019nin ba\u015f\u0131na buyruk o\u011flu Bruce Wayne y\u0131llarca ortal\u0131kta g\u00f6r\u00fcnmedi. Ancak bu tam da onun ihtiyac\u0131 olan karanl\u0131k perdesiydi. Bruce, Gotham\u2019\u0131n sokaklar\u0131nda bir s\u00fcr\u00fc farkl\u0131 k\u0131l\u0131kta devriyeye \u00e7\u0131k\u0131p y\u00fcz\u00fc olmayan bir kahraman olarak kariyerine ba\u015fl\u0131yor.<\/p>\n","protected":false},"excerpt":{"rendered":"<p>YARASANIN DO\u011eU\u015eU S\u00fcper kahramanlar \u00e7a\u011f\u0131 ba\u015flamadan \u00f6nce -Batman masumlar\u0131 korumak ve k\u00f6t\u00fcleri cezaland\u0131rmak i\u00e7in kanatlar\u0131n\u0131 a\u00e7madan \u00f6nce- Gotham \u015eehri\u2019nin ba\u015f\u0131na buyruk o\u011flu Bruce Wayne y\u0131llarca ortal\u0131kta<span class=\"excerpt-hellip\"> [\u2026]<\/span><\/p>\n","protected":false},"featured_media":0,"template":"","meta":{"_monsterinsights_skip_tracking":false,"_monsterinsights_sitenote_active":false,"_monsterinsights_sitenote_note":"","_monsterinsights_sitenote_category":0},"product_brand":[],"product_cat":[12416,12291],"product_tag":[],"class_list":{"0":"post-705461","1":"product","2":"type-product","3":"status-publish","5":"product_cat-cizgi-roman","6":"product_cat-edebiyat","7":"pa_cilt-ciltsiz","8":"pa_tur-kitap","9":"pa_yayinevi-jbc-yayincilik","10":"pa_yazar-scott-snyder","12":"first","13":"instock","14":"sale","15":"shipping-taxable","16":"purchasable","17":"product-type-simple"},"_links":{"self":[{"href":"https:\/\/roveyayinevi.com.tr\/index.php\/wp-json\/wp\/v2\/product\/705461","targetHints":{"allow":["GET"]}}],"collection":[{"href":"https:\/\/roveyayinevi.com.tr\/index.php\/wp-json\/wp\/v2\/product"}],"about":[{"href":"https:\/\/roveyayinevi.com.tr\/index.php\/wp-json\/wp\/v2\/types\/product"}],"wp:attachment":[{"href":"https:\/\/roveyayinevi.com.tr\/index.php\/wp-json\/wp\/v2\/media?parent=705461"}],"wp:term":[{"taxonomy":"product_brand","embeddable":true,"href":"https:\/\/roveyayinevi.com.tr\/index.php\/wp-json\/wp\/v2\/product_brand?post=705461"},{"taxonomy":"product_cat","embeddable":true,"href":"https:\/\/roveyayinevi.com.tr\/index.php\/wp-json\/wp\/v2\/product_cat?post=705461"},{"taxonomy":"product_tag","embeddable":true,"href":"https:\/\/roveyayinevi.com.tr\/index.php\/wp-json\/wp\/v2\/product_tag?post=705461"}],"curies":[{"name":"wp","href":"https:\/\/api.w.org\/{rel}","templated":true}]}}