{"id":705457,"date":"2025-08-27T15:46:19","date_gmt":"2025-08-27T12:46:19","guid":{"rendered":"https:\/\/roveyayinevi.com.tr\/index.php\/urun\/dikkat-eksikligi-hiperaktivite-bozuklugu-2\/"},"modified":"2026-04-16T02:14:23","modified_gmt":"2026-04-15T23:14:23","slug":"dikkat-eksikligi-hiperaktivite-bozuklugu-2","status":"publish","type":"product","link":"https:\/\/roveyayinevi.com.tr\/index.php\/urun\/dikkat-eksikligi-hiperaktivite-bozuklugu-2\/","title":{"rendered":"Dikkat Eksikli\u011fi Hiperaktivite Bozuklu\u011fu"},"content":{"rendered":"<p>\u201c\u00c7ocu\u011funuzda dikkat eksikli\u011fi hiperaktivite bozuklu\u011fu var!\u201d Bu c\u00fcmleyi bir uzmandan ilk kez duydu\u011funuz andan itibaren akl\u0131n\u0131zdan pek \u00e7ok soru ge\u00e7mi\u015f olmal\u0131:Acaba doktor do\u011fru te\u015fhis koydu mu?Belki de \u00e7ocu\u011fumun bir sorunu yoktur, acaba sorun ben miyim?Te\u015fhis do\u011fruysa, bundan sonra neler olacak?B\u00fcy\u00fcd\u00fck\u00e7e ge\u00e7er mi?Hangi tedaviler uygulanacak?\u0130la\u00e7 verilecek mi?Bu tedavi ne kadar s\u00fcrecek?\u0130la\u00e7tan ba\u015fka \u00e7\u00f6z\u00fcm yok mu?Anne baba olarak bizim \u00fczerimize d\u00fc\u015fenler neler?Nas\u0131l bir e\u011fitim hayat\u0131, nas\u0131l bir gelecek bizleri bekliyor?Okulla ba\u011flant\u0131 kurmal\u0131 m\u0131y\u0131z? Nas\u0131l?..Bu ve buna benzer pek \u00e7ok sorunun yan\u0131tlar\u0131n\u0131 bu kitapta bulacaks\u0131n\u0131z.\u015eunu her zaman hat\u0131rlamal\u0131s\u0131n\u0131z. Bundan sonra yapman\u0131z gereken \u015fey DEHB ile sava\u015fmak de\u011fildir. Sava\u015f y\u0131k\u0131c\u0131d\u0131r, onu yok etmeye \u00e7al\u0131\u015f\u0131rken siz de ciddi kay\u0131plar verirsiniz. Hedefiniz \u201cDEHB\u2019nin varl\u0131\u011f\u0131n\u0131 kabul edip, onunla bar\u0131\u015f anla\u015fmas\u0131 imzalay\u0131p, olumlu y\u00f6nlerini de yan\u0131n\u0131za al\u0131p, DEHB ile birlikte mutlu, verimli, doyurucu bir ya\u015fam s\u00fcrebilmenin yollar\u0131n\u0131 ke\u015ffetmek\u201d olmal\u0131d\u0131r.<\/p>\n","protected":false},"excerpt":{"rendered":"<p>\u201c\u00c7ocu\u011funuzda dikkat eksikli\u011fi hiperaktivite bozuklu\u011fu var!\u201d Bu c\u00fcmleyi bir uzmandan ilk kez duydu\u011funuz andan itibaren akl\u0131n\u0131zdan pek \u00e7ok soru ge\u00e7mi\u015f olmal\u0131:Acaba doktor do\u011fru te\u015fhis koydu mu?Belki<span class=\"excerpt-hellip\"> [\u2026]<\/span><\/p>\n","protected":false},"featured_media":0,"template":"","meta":{"_monsterinsights_skip_tracking":false,"_monsterinsights_sitenote_active":false,"_monsterinsights_sitenote_note":"","_monsterinsights_sitenote_category":0},"product_brand":[],"product_cat":[12679,12357],"product_tag":[],"class_list":{"0":"post-705457","1":"product","2":"type-product","3":"status-publish","5":"product_cat-cocuk-psikolojisi","6":"product_cat-psikoloji","7":"pa_cilt-ciltsiz","8":"pa_tur-kitap","9":"pa_yayinevi-bilgi-yayinevi","10":"pa_yazar-ozlem-surucu","12":"first","13":"instock","14":"sale","15":"shipping-taxable","16":"purchasable","17":"product-type-simple"},"_links":{"self":[{"href":"https:\/\/roveyayinevi.com.tr\/index.php\/wp-json\/wp\/v2\/product\/705457","targetHints":{"allow":["GET"]}}],"collection":[{"href":"https:\/\/roveyayinevi.com.tr\/index.php\/wp-json\/wp\/v2\/product"}],"about":[{"href":"https:\/\/roveyayinevi.com.tr\/index.php\/wp-json\/wp\/v2\/types\/product"}],"wp:attachment":[{"href":"https:\/\/roveyayinevi.com.tr\/index.php\/wp-json\/wp\/v2\/media?parent=705457"}],"wp:term":[{"taxonomy":"product_brand","embeddable":true,"href":"https:\/\/roveyayinevi.com.tr\/index.php\/wp-json\/wp\/v2\/product_brand?post=705457"},{"taxonomy":"product_cat","embeddable":true,"href":"https:\/\/roveyayinevi.com.tr\/index.php\/wp-json\/wp\/v2\/product_cat?post=705457"},{"taxonomy":"product_tag","embeddable":true,"href":"https:\/\/roveyayinevi.com.tr\/index.php\/wp-json\/wp\/v2\/product_tag?post=705457"}],"curies":[{"name":"wp","href":"https:\/\/api.w.org\/{rel}","templated":true}]}}