{"id":705449,"date":"2025-08-27T15:46:16","date_gmt":"2025-08-27T12:46:16","guid":{"rendered":"https:\/\/roveyayinevi.com.tr\/index.php\/urun\/burcu-ve-berk-muzik-muzigin-renkli-dunyasi\/"},"modified":"2026-04-08T02:18:42","modified_gmt":"2026-04-07T23:18:42","slug":"burcu-ve-berk-muzik-muzigin-renkli-dunyasi","status":"publish","type":"product","link":"https:\/\/roveyayinevi.com.tr\/index.php\/urun\/burcu-ve-berk-muzik-muzigin-renkli-dunyasi\/","title":{"rendered":"Burcu ve Berk: M\u00fczik &#8211; M\u00fczi\u011fin Renkli D\u00fcnyas\u0131"},"content":{"rendered":"<p>Burcu ve Berk iki karde\u015f. Burcu, karde\u015fi Berk\u2019e yol g\u00f6steren, zorland\u0131\u011f\u0131 zaman yard\u0131mc\u0131 olan bir abla. Dost isimli bir de k\u00f6pekleri var. \u201cBurcu ve Berk\u201d serisinin bu kitab\u0131nda, \u015fehirde ger\u00e7ekle\u015fen M\u00fczik Festivali sayesinde m\u00fczi\u011fin t\u00fcrlerini, tarihini \u00f6\u011freniyor, \u00e7e\u015fitli m\u00fczisyenler ile ilgili bilgi ediniyoruz. Hediye CD\u2019de ise Murat Evgin, yapt\u0131\u011f\u0131 bestenin farkl\u0131 enstr\u00fcmanlarla nas\u0131l tarz de\u011fi\u015ftirebildi\u011fini anlat\u0131yor.<\/p>\n","protected":false},"excerpt":{"rendered":"<p>Burcu ve Berk iki karde\u015f. Burcu, karde\u015fi Berk\u2019e yol g\u00f6steren, zorland\u0131\u011f\u0131 zaman yard\u0131mc\u0131 olan bir abla. Dost isimli bir de k\u00f6pekleri var. \u201cBurcu ve Berk\u201d serisinin<span class=\"excerpt-hellip\"> [\u2026]<\/span><\/p>\n","protected":false},"featured_media":0,"template":"","meta":{"_monsterinsights_skip_tracking":false,"_monsterinsights_sitenote_active":false,"_monsterinsights_sitenote_note":"","_monsterinsights_sitenote_category":0},"product_brand":[],"product_cat":[12274,12284],"product_tag":[],"class_list":{"0":"post-705449","1":"product","2":"type-product","3":"status-publish","5":"product_cat-cocuk-ve-genclik-kitaplari","6":"product_cat-hikayeler","7":"pa_cilt-ciltsiz","8":"pa_tur-kitap","9":"pa_yayinevi-artemis-yayinlari","10":"pa_yazar-defne-ongun-muminoglu","12":"first","13":"instock","14":"sale","15":"shipping-taxable","16":"purchasable","17":"product-type-simple"},"_links":{"self":[{"href":"https:\/\/roveyayinevi.com.tr\/index.php\/wp-json\/wp\/v2\/product\/705449","targetHints":{"allow":["GET"]}}],"collection":[{"href":"https:\/\/roveyayinevi.com.tr\/index.php\/wp-json\/wp\/v2\/product"}],"about":[{"href":"https:\/\/roveyayinevi.com.tr\/index.php\/wp-json\/wp\/v2\/types\/product"}],"wp:attachment":[{"href":"https:\/\/roveyayinevi.com.tr\/index.php\/wp-json\/wp\/v2\/media?parent=705449"}],"wp:term":[{"taxonomy":"product_brand","embeddable":true,"href":"https:\/\/roveyayinevi.com.tr\/index.php\/wp-json\/wp\/v2\/product_brand?post=705449"},{"taxonomy":"product_cat","embeddable":true,"href":"https:\/\/roveyayinevi.com.tr\/index.php\/wp-json\/wp\/v2\/product_cat?post=705449"},{"taxonomy":"product_tag","embeddable":true,"href":"https:\/\/roveyayinevi.com.tr\/index.php\/wp-json\/wp\/v2\/product_tag?post=705449"}],"curies":[{"name":"wp","href":"https:\/\/api.w.org\/{rel}","templated":true}]}}