{"id":705436,"date":"2025-08-27T15:45:28","date_gmt":"2025-08-27T12:45:28","guid":{"rendered":"https:\/\/roveyayinevi.com.tr\/index.php\/urun\/sifira-dogru\/"},"modified":"2026-04-16T02:14:07","modified_gmt":"2026-04-15T23:14:07","slug":"sifira-dogru","status":"publish","type":"product","link":"https:\/\/roveyayinevi.com.tr\/index.php\/urun\/sifira-dogru\/","title":{"rendered":"S\u0131f\u0131ra Do\u011fru"},"content":{"rendered":"<p>Birinci D\u00fcnya Sava\u015f\u0131\u2019n\u0131n sonunda yaz\u0131 hayat\u0131na at\u0131lm\u0131\u015f olan Agatha Christie t\u00fcm d\u00fcnyada polisiye romanlar\u0131n krali\u00e7esi olarak bilinir. \u00d6zellikle, yaratt\u0131\u011f\u0131 ufak tefek bir adam olan Bel\u00e7ikal\u0131 dedektif Hercule Poirot polisiye roman literat\u00fcr\u00fcnde en bilinen ve sevilen kahramanlar\u0131ndan biridir. T\u00fcm dillere \u00e7evrilen yetmi\u015f yedi dedektif roman\u0131 ve \u00f6yk\u00fcn\u00fcn sat\u0131\u015flar\u0131 milyonlarla ifade edilmektedir. Nevile Strange yeni kar\u0131s\u0131 Kay\u2019la \u00e7ok mutludur. Eyl\u00fclde Mart\u0131 Burnu\u2019ndaki halas\u0131n\u0131 ziyaret etmeyi d\u00fc\u015f\u00fcnmektedir. Ama ayn\u0131 zamanda Nevile\u2019in eski kar\u0131s\u0131 Audrey\u2019de orada olacakt\u0131r&#8230; Agatha Christie\u2019nin \u00f6l\u00fcms\u00fcz eserlerinden S\u0131f\u0131ra Do\u011fru okuyucuyu ba\u015f\u0131ndan sonuna dek heyecanl\u0131 k\u0131lmay\u0131 ba\u015far\u0131yor.<\/p>\n","protected":false},"excerpt":{"rendered":"<p>Birinci D\u00fcnya Sava\u015f\u0131\u2019n\u0131n sonunda yaz\u0131 hayat\u0131na at\u0131lm\u0131\u015f olan Agatha Christie t\u00fcm d\u00fcnyada polisiye romanlar\u0131n krali\u00e7esi olarak bilinir. \u00d6zellikle, yaratt\u0131\u011f\u0131 ufak tefek bir adam olan Bel\u00e7ikal\u0131 dedektif<span class=\"excerpt-hellip\"> [\u2026]<\/span><\/p>\n","protected":false},"featured_media":0,"template":"","meta":{"_monsterinsights_skip_tracking":false,"_monsterinsights_sitenote_active":false,"_monsterinsights_sitenote_note":"","_monsterinsights_sitenote_category":0},"product_brand":[],"product_cat":[12291,12866],"product_tag":[],"class_list":{"0":"post-705436","1":"product","2":"type-product","3":"status-publish","5":"product_cat-edebiyat","6":"product_cat-ingiliz-edebiyati","7":"pa_cilt-ciltsiz","8":"pa_tur-kitap","9":"pa_yayinevi-altin-kitaplar","10":"pa_yazar-agatha-christie","12":"first","13":"instock","14":"sale","15":"shipping-taxable","16":"purchasable","17":"product-type-simple"},"_links":{"self":[{"href":"https:\/\/roveyayinevi.com.tr\/index.php\/wp-json\/wp\/v2\/product\/705436","targetHints":{"allow":["GET"]}}],"collection":[{"href":"https:\/\/roveyayinevi.com.tr\/index.php\/wp-json\/wp\/v2\/product"}],"about":[{"href":"https:\/\/roveyayinevi.com.tr\/index.php\/wp-json\/wp\/v2\/types\/product"}],"wp:attachment":[{"href":"https:\/\/roveyayinevi.com.tr\/index.php\/wp-json\/wp\/v2\/media?parent=705436"}],"wp:term":[{"taxonomy":"product_brand","embeddable":true,"href":"https:\/\/roveyayinevi.com.tr\/index.php\/wp-json\/wp\/v2\/product_brand?post=705436"},{"taxonomy":"product_cat","embeddable":true,"href":"https:\/\/roveyayinevi.com.tr\/index.php\/wp-json\/wp\/v2\/product_cat?post=705436"},{"taxonomy":"product_tag","embeddable":true,"href":"https:\/\/roveyayinevi.com.tr\/index.php\/wp-json\/wp\/v2\/product_tag?post=705436"}],"curies":[{"name":"wp","href":"https:\/\/api.w.org\/{rel}","templated":true}]}}