{"id":705414,"date":"2025-08-27T15:45:18","date_gmt":"2025-08-27T12:45:18","guid":{"rendered":"https:\/\/roveyayinevi.com.tr\/index.php\/urun\/nuh-mete-yuksel-anlatiyor\/"},"modified":"2026-04-16T02:14:06","modified_gmt":"2026-04-15T23:14:06","slug":"nuh-mete-yuksel-anlatiyor","status":"publish","type":"product","link":"https:\/\/roveyayinevi.com.tr\/index.php\/urun\/nuh-mete-yuksel-anlatiyor\/","title":{"rendered":"Nuh Mete Y\u00fcksel Anlat\u0131yor&#8230;"},"content":{"rendered":"<p>Mahmut Esat Bozkurt ; savc\u0131lar\u0131m\u0131za ni\u00e7in Cumhuriyet Savc\u0131s\u0131 tan\u0131mlamas\u0131 yap\u0131ld\u0131\u011f\u0131n\u0131 \u015f\u00f6yle anlat\u0131yor; G\u00fcn olur , Cumhuriyeti korumak i\u00e7in ba\u015fbakandan , bakandan , m\u00fcste\u015fardan , b\u00fcy\u00fckel\u00e7iden, validen bile hesap sormak gerekebilir&#8230; \u0130\u015fte onun i\u00e7in Cumhuriyet Savc\u0131s\u0131d\u0131r . \ufffcTan\u0131t\u0131m Metni<\/p>\n","protected":false},"excerpt":{"rendered":"<p>Mahmut Esat Bozkurt ; savc\u0131lar\u0131m\u0131za ni\u00e7in Cumhuriyet Savc\u0131s\u0131 tan\u0131mlamas\u0131 yap\u0131ld\u0131\u011f\u0131n\u0131 \u015f\u00f6yle anlat\u0131yor; G\u00fcn olur , Cumhuriyeti korumak i\u00e7in ba\u015fbakandan , bakandan , m\u00fcste\u015fardan , b\u00fcy\u00fckel\u00e7iden, validen<span class=\"excerpt-hellip\"> [\u2026]<\/span><\/p>\n","protected":false},"featured_media":0,"template":"","meta":{"_monsterinsights_skip_tracking":false,"_monsterinsights_sitenote_active":false,"_monsterinsights_sitenote_note":"","_monsterinsights_sitenote_category":0},"product_brand":[],"product_cat":[18545,12291],"product_tag":[],"class_list":{"0":"post-705414","1":"product","2":"type-product","3":"status-publish","5":"product_cat-anlati","6":"product_cat-edebiyat","7":"pa_cilt-ciltsiz","8":"pa_tur-kitap","9":"pa_yayinevi-alibi-yayincilik","10":"pa_yazar-nuh-mete-yuksel","12":"first","13":"instock","14":"sale","15":"shipping-taxable","16":"purchasable","17":"product-type-simple"},"_links":{"self":[{"href":"https:\/\/roveyayinevi.com.tr\/index.php\/wp-json\/wp\/v2\/product\/705414","targetHints":{"allow":["GET"]}}],"collection":[{"href":"https:\/\/roveyayinevi.com.tr\/index.php\/wp-json\/wp\/v2\/product"}],"about":[{"href":"https:\/\/roveyayinevi.com.tr\/index.php\/wp-json\/wp\/v2\/types\/product"}],"wp:attachment":[{"href":"https:\/\/roveyayinevi.com.tr\/index.php\/wp-json\/wp\/v2\/media?parent=705414"}],"wp:term":[{"taxonomy":"product_brand","embeddable":true,"href":"https:\/\/roveyayinevi.com.tr\/index.php\/wp-json\/wp\/v2\/product_brand?post=705414"},{"taxonomy":"product_cat","embeddable":true,"href":"https:\/\/roveyayinevi.com.tr\/index.php\/wp-json\/wp\/v2\/product_cat?post=705414"},{"taxonomy":"product_tag","embeddable":true,"href":"https:\/\/roveyayinevi.com.tr\/index.php\/wp-json\/wp\/v2\/product_tag?post=705414"}],"curies":[{"name":"wp","href":"https:\/\/api.w.org\/{rel}","templated":true}]}}