{"id":705409,"date":"2025-08-27T15:45:16","date_gmt":"2025-08-27T12:45:16","guid":{"rendered":"https:\/\/roveyayinevi.com.tr\/index.php\/urun\/mimesisi-okumaya-baslarken\/"},"modified":"2026-04-16T02:14:06","modified_gmt":"2026-04-15T23:14:06","slug":"mimesisi-okumaya-baslarken","status":"publish","type":"product","link":"https:\/\/roveyayinevi.com.tr\/index.php\/urun\/mimesisi-okumaya-baslarken\/","title":{"rendered":"Mimesis&#8217;i Okumaya Ba\u015flarken"},"content":{"rendered":"<p>&#8221;Elinizdeki kitap, Erich Auerbach\u2019\u0131n Mimesis: Bat\u0131 Edebiyat\u0131nda Ger\u00e7ekli\u011fin Temsili adl\u0131 kitab\u0131n\u0131n yaln\u0131zca bir \u00f6zetidir. Amac\u0131, okuru as\u0131l kitab\u0131 okumaya haz\u0131rlamakt\u0131r. K\u0131sa ad\u0131yla Mimesis, gerek Kar\u015f\u0131la\u015ft\u0131rmal\u0131 Edebiyat alan\u0131nda gerek edebiyat yorumu anlay\u0131\u015f\u0131nda \u00e7\u0131\u011f\u0131r a\u00e7\u0131c\u0131 bir kitap say\u0131l\u0131r. Auerbach, \u0130stanbul \u00dcniversitesi\u2019nin yeniden kurulu\u015fu s\u0131ras\u0131nda, bu \u00fcniversitede uzun bir s\u00fcre (1936-1948) \u00f6\u011fretim \u00fcyesi olarak g\u00f6rev yapm\u0131\u015ft\u0131r. Mimesis de burada yaz\u0131lm\u0131\u015f ve t\u00fcm d\u00fcnyadaki edebiyat ara\u015ft\u0131rmac\u0131lar\u0131 taraf\u0131ndan b\u00fcy\u00fck ilgi g\u00f6rm\u00fc\u015f, pek \u00e7ok dile \u00e7evrilmi\u015ftir. <\/p>\n","protected":false},"excerpt":{"rendered":"<p>&#8221;Elinizdeki kitap, Erich Auerbach\u2019\u0131n Mimesis: Bat\u0131 Edebiyat\u0131nda Ger\u00e7ekli\u011fin Temsili adl\u0131 kitab\u0131n\u0131n yaln\u0131zca bir \u00f6zetidir. Amac\u0131, okuru as\u0131l kitab\u0131 okumaya haz\u0131rlamakt\u0131r. K\u0131sa ad\u0131yla Mimesis, gerek Kar\u015f\u0131la\u015ft\u0131rmal\u0131 Edebiyat<span class=\"excerpt-hellip\"> [\u2026]<\/span><\/p>\n","protected":false},"featured_media":0,"template":"","meta":{"_monsterinsights_skip_tracking":false,"_monsterinsights_sitenote_active":false,"_monsterinsights_sitenote_note":"","_monsterinsights_sitenote_category":0},"product_brand":[],"product_cat":[12777,12291],"product_tag":[],"class_list":{"0":"post-705409","1":"product","2":"type-product","3":"status-publish","5":"product_cat-deneme","6":"product_cat-edebiyat","7":"pa_cilt-ciltsiz","8":"pa_tur-kitap","9":"pa_yayinevi-ithaki-yayinlari","10":"pa_yazar-fatma-erkman-akerson-haz","12":"first","13":"instock","14":"sale","15":"shipping-taxable","16":"purchasable","17":"product-type-simple"},"_links":{"self":[{"href":"https:\/\/roveyayinevi.com.tr\/index.php\/wp-json\/wp\/v2\/product\/705409","targetHints":{"allow":["GET"]}}],"collection":[{"href":"https:\/\/roveyayinevi.com.tr\/index.php\/wp-json\/wp\/v2\/product"}],"about":[{"href":"https:\/\/roveyayinevi.com.tr\/index.php\/wp-json\/wp\/v2\/types\/product"}],"wp:attachment":[{"href":"https:\/\/roveyayinevi.com.tr\/index.php\/wp-json\/wp\/v2\/media?parent=705409"}],"wp:term":[{"taxonomy":"product_brand","embeddable":true,"href":"https:\/\/roveyayinevi.com.tr\/index.php\/wp-json\/wp\/v2\/product_brand?post=705409"},{"taxonomy":"product_cat","embeddable":true,"href":"https:\/\/roveyayinevi.com.tr\/index.php\/wp-json\/wp\/v2\/product_cat?post=705409"},{"taxonomy":"product_tag","embeddable":true,"href":"https:\/\/roveyayinevi.com.tr\/index.php\/wp-json\/wp\/v2\/product_tag?post=705409"}],"curies":[{"name":"wp","href":"https:\/\/api.w.org\/{rel}","templated":true}]}}