{"id":705333,"date":"2025-08-27T15:44:45","date_gmt":"2025-08-27T12:44:45","guid":{"rendered":"https:\/\/roveyayinevi.com.tr\/index.php\/urun\/gidiklanan-kitap\/"},"modified":"2026-04-16T02:14:04","modified_gmt":"2026-04-15T23:14:04","slug":"gidiklanan-kitap","status":"publish","type":"product","link":"https:\/\/roveyayinevi.com.tr\/index.php\/urun\/gidiklanan-kitap\/","title":{"rendered":"G\u0131d\u0131klanan Kitap"},"content":{"rendered":"<p>Pi\u015ft! Benim ad\u0131m ne biliyor musun? G\u0131d\u0131klanan Kitap! Efendim? Komik mi geldi? Hmmm&#8230; G\u00fcl\u00fcyorsun demek! O halde daha fazla g\u0131d\u0131klamak i\u00e7in \u00e7evir sayfalar\u0131m\u0131! \u0130\u00e7eride senin i\u00e7in yaz\u0131lm\u0131\u015f \u015fiirler, haz\u0131rlanm\u0131\u015f \u00e7izimler ve \u00e7ok daha fazlas\u0131 var. Defalarca okumak isteyece\u011finden eminim. Etkinlikleri uygularsan G\u0131d\u0131klanan Kitap\u2019\u0131n di\u011fer yazar\u0131 da sen olacaks\u0131n. Hayal g\u00fcc\u00fcn\u00fc kullanmakta \u00f6zg\u00fcrs\u00fcn! \ufffcTan\u0131t\u0131m Metni<\/p>\n","protected":false},"excerpt":{"rendered":"<p>Pi\u015ft! Benim ad\u0131m ne biliyor musun? G\u0131d\u0131klanan Kitap! Efendim? Komik mi geldi? Hmmm&#8230; G\u00fcl\u00fcyorsun demek! O halde daha fazla g\u0131d\u0131klamak i\u00e7in \u00e7evir sayfalar\u0131m\u0131! \u0130\u00e7eride senin i\u00e7in<span class=\"excerpt-hellip\"> [\u2026]<\/span><\/p>\n","protected":false},"featured_media":0,"template":"","meta":{"_monsterinsights_skip_tracking":false,"_monsterinsights_sitenote_active":false,"_monsterinsights_sitenote_note":"","_monsterinsights_sitenote_category":0},"product_brand":[],"product_cat":[12274,12284],"product_tag":[],"class_list":{"0":"post-705333","1":"product","2":"type-product","3":"status-publish","5":"product_cat-cocuk-ve-genclik-kitaplari","6":"product_cat-hikayeler","7":"pa_cilt-ciltsiz","8":"pa_tur-kitap","9":"pa_yayinevi-dogan-egmont-yayincilik","10":"pa_yazar-mavisel-yener","12":"first","13":"instock","14":"sale","15":"shipping-taxable","16":"purchasable","17":"product-type-simple"},"_links":{"self":[{"href":"https:\/\/roveyayinevi.com.tr\/index.php\/wp-json\/wp\/v2\/product\/705333","targetHints":{"allow":["GET"]}}],"collection":[{"href":"https:\/\/roveyayinevi.com.tr\/index.php\/wp-json\/wp\/v2\/product"}],"about":[{"href":"https:\/\/roveyayinevi.com.tr\/index.php\/wp-json\/wp\/v2\/types\/product"}],"wp:attachment":[{"href":"https:\/\/roveyayinevi.com.tr\/index.php\/wp-json\/wp\/v2\/media?parent=705333"}],"wp:term":[{"taxonomy":"product_brand","embeddable":true,"href":"https:\/\/roveyayinevi.com.tr\/index.php\/wp-json\/wp\/v2\/product_brand?post=705333"},{"taxonomy":"product_cat","embeddable":true,"href":"https:\/\/roveyayinevi.com.tr\/index.php\/wp-json\/wp\/v2\/product_cat?post=705333"},{"taxonomy":"product_tag","embeddable":true,"href":"https:\/\/roveyayinevi.com.tr\/index.php\/wp-json\/wp\/v2\/product_tag?post=705333"}],"curies":[{"name":"wp","href":"https:\/\/api.w.org\/{rel}","templated":true}]}}