{"id":705318,"date":"2025-08-27T15:44:39","date_gmt":"2025-08-27T12:44:39","guid":{"rendered":"https:\/\/roveyayinevi.com.tr\/index.php\/urun\/varolmanin-dayanilmaz-agirligi\/"},"modified":"2026-04-16T02:14:04","modified_gmt":"2026-04-15T23:14:04","slug":"varolmanin-dayanilmaz-agirligi","status":"publish","type":"product","link":"https:\/\/roveyayinevi.com.tr\/index.php\/urun\/varolmanin-dayanilmaz-agirligi\/","title":{"rendered":"Varolman\u0131n Dayan\u0131lmaz A\u011f\u0131rl\u0131\u011f\u0131"},"content":{"rendered":"<p>Varolman\u0131n Dayan\u0131lmaz A\u011f\u0131rl\u0131\u011f\u0131, Nikola Tesla&#8217;n\u0131n eserlerinden \u00f6zenle derlenmi\u015f bir se\u00e7kidir. Nefretiniz elektri\u011fe d\u00f6n\u00fc\u015ft\u00fcr\u00fclebilseydi b\u00fct\u00fcn d\u00fcnyay\u0131 ayd\u0131nlatmaya yeterdi. B\u00fct\u00fcn canl\u0131lar evrenin \u00e7ark\u0131nda i\u00e7 i\u00e7e ge\u00e7mi\u015f di\u015flilerdir. \ufffcTan\u0131t\u0131m Metni<\/p>\n","protected":false},"excerpt":{"rendered":"<p>Varolman\u0131n Dayan\u0131lmaz A\u011f\u0131rl\u0131\u011f\u0131, Nikola Tesla&#8217;n\u0131n eserlerinden \u00f6zenle derlenmi\u015f bir se\u00e7kidir. Nefretiniz elektri\u011fe d\u00f6n\u00fc\u015ft\u00fcr\u00fclebilseydi b\u00fct\u00fcn d\u00fcnyay\u0131 ayd\u0131nlatmaya yeterdi. B\u00fct\u00fcn canl\u0131lar evrenin \u00e7ark\u0131nda i\u00e7 i\u00e7e ge\u00e7mi\u015f di\u015flilerdir. \ufffcTan\u0131t\u0131m<span class=\"excerpt-hellip\"> [\u2026]<\/span><\/p>\n","protected":false},"featured_media":0,"template":"","meta":{"_monsterinsights_skip_tracking":false,"_monsterinsights_sitenote_active":false,"_monsterinsights_sitenote_note":"","_monsterinsights_sitenote_category":0},"product_brand":[],"product_cat":[13661,12291],"product_tag":[],"class_list":{"0":"post-705318","1":"product","2":"type-product","3":"status-publish","5":"product_cat-diger-ulke-edebiyatlari","6":"product_cat-edebiyat","7":"pa_cilt-ciltsiz","8":"pa_tur-kitap","9":"pa_yayinevi-zeplin-kitap","10":"pa_yazar-nikola-tesla","12":"first","13":"instock","14":"sale","15":"shipping-taxable","16":"purchasable","17":"product-type-simple"},"_links":{"self":[{"href":"https:\/\/roveyayinevi.com.tr\/index.php\/wp-json\/wp\/v2\/product\/705318","targetHints":{"allow":["GET"]}}],"collection":[{"href":"https:\/\/roveyayinevi.com.tr\/index.php\/wp-json\/wp\/v2\/product"}],"about":[{"href":"https:\/\/roveyayinevi.com.tr\/index.php\/wp-json\/wp\/v2\/types\/product"}],"wp:attachment":[{"href":"https:\/\/roveyayinevi.com.tr\/index.php\/wp-json\/wp\/v2\/media?parent=705318"}],"wp:term":[{"taxonomy":"product_brand","embeddable":true,"href":"https:\/\/roveyayinevi.com.tr\/index.php\/wp-json\/wp\/v2\/product_brand?post=705318"},{"taxonomy":"product_cat","embeddable":true,"href":"https:\/\/roveyayinevi.com.tr\/index.php\/wp-json\/wp\/v2\/product_cat?post=705318"},{"taxonomy":"product_tag","embeddable":true,"href":"https:\/\/roveyayinevi.com.tr\/index.php\/wp-json\/wp\/v2\/product_tag?post=705318"}],"curies":[{"name":"wp","href":"https:\/\/api.w.org\/{rel}","templated":true}]}}