{"id":705314,"date":"2025-08-27T15:44:37","date_gmt":"2025-08-27T12:44:37","guid":{"rendered":"https:\/\/roveyayinevi.com.tr\/index.php\/urun\/s-u-c-sistemin-umutlu-cocugu\/"},"modified":"2026-04-16T02:14:04","modified_gmt":"2026-04-15T23:14:04","slug":"s-u-c-sistemin-umutlu-cocugu","status":"publish","type":"product","link":"https:\/\/roveyayinevi.com.tr\/index.php\/urun\/s-u-c-sistemin-umutlu-cocugu\/","title":{"rendered":"S.U.\u00c7 Sistemin Umutlu \u00c7ocu\u011fu"},"content":{"rendered":"<p>Elma Yay\u0131nevi bu kez de &#8220;S.U.\u00c7.&#8221;ta bulu\u015fuyor okurlar\u0131yla\u2026 Bu kitapta bir polisin hik\u00e2yesinden \u00e7ok daha fazlas\u0131n\u0131 okuyacaks\u0131n\u0131z. Onun mesle\u011fe bak\u0131\u015f a\u00e7\u0131s\u0131na, ideallerine ve ger\u00e7ek bir polisin \u00fcniformas\u0131z hayallerine ortak olacaks\u0131n\u0131z. Kitab\u0131n sonuna geldi\u011finizde, &#8220;Aynas\u0131zlar\u0131n en aynal\u0131s\u0131&#8221;n\u0131, &#8220;G\u00fcne\u015f Mahallesi&#8217;ndeki \u00e7ocuklar\u0131n, sokaktaki gariban\u0131n emniyetteki tek abisi&#8221;ni yani Antalya&#8217;n\u0131n efsane Emniyet M\u00fcd\u00fcr\u00fc Akif Aktu\u011f&#8217;u siz de tan\u0131yacaks\u0131n\u0131z.  Polisiye olmayan bu polis hik\u00e2yesinde, ne su\u00e7 mahalli var ne de sar\u0131 \u015feritler\u2026 Bir adam, bir \u00fcniforma, meslek tutkusu ve en \u00e7ok da &#8220;Bir \u015fey olmak m\u0131, bir \u015fey yapmak m\u0131&#8221; sorusunun cevab\u0131 var. Elma Yay\u0131nevi&#8217;nden S.U.\u00c7. Sistemin Umutlu \u00c7ocu\u011fu sizlerle, umudunuzu hi\u00e7 kaybetmeyin diye&#8230; <\/p>\n","protected":false},"excerpt":{"rendered":"<p>Elma Yay\u0131nevi bu kez de &#8220;S.U.\u00c7.&#8221;ta bulu\u015fuyor okurlar\u0131yla\u2026 Bu kitapta bir polisin hik\u00e2yesinden \u00e7ok daha fazlas\u0131n\u0131 okuyacaks\u0131n\u0131z. Onun mesle\u011fe bak\u0131\u015f a\u00e7\u0131s\u0131na, ideallerine ve ger\u00e7ek bir polisin<span class=\"excerpt-hellip\"> [\u2026]<\/span><\/p>\n","protected":false},"featured_media":0,"template":"","meta":{"_monsterinsights_skip_tracking":false,"_monsterinsights_sitenote_active":false,"_monsterinsights_sitenote_note":"","_monsterinsights_sitenote_category":0},"product_brand":[],"product_cat":[12835,12324],"product_tag":[],"class_list":{"0":"post-705314","1":"product","2":"type-product","3":"status-publish","5":"product_cat-genel-sosyoloji","6":"product_cat-sosyoloji","7":"pa_cilt-ciltsiz","8":"pa_tur-kitap","9":"pa_yayinevi-elma-yayinevi","10":"pa_yazar-akif-aktug","12":"first","13":"instock","14":"sale","15":"shipping-taxable","16":"purchasable","17":"product-type-simple"},"_links":{"self":[{"href":"https:\/\/roveyayinevi.com.tr\/index.php\/wp-json\/wp\/v2\/product\/705314","targetHints":{"allow":["GET"]}}],"collection":[{"href":"https:\/\/roveyayinevi.com.tr\/index.php\/wp-json\/wp\/v2\/product"}],"about":[{"href":"https:\/\/roveyayinevi.com.tr\/index.php\/wp-json\/wp\/v2\/types\/product"}],"wp:attachment":[{"href":"https:\/\/roveyayinevi.com.tr\/index.php\/wp-json\/wp\/v2\/media?parent=705314"}],"wp:term":[{"taxonomy":"product_brand","embeddable":true,"href":"https:\/\/roveyayinevi.com.tr\/index.php\/wp-json\/wp\/v2\/product_brand?post=705314"},{"taxonomy":"product_cat","embeddable":true,"href":"https:\/\/roveyayinevi.com.tr\/index.php\/wp-json\/wp\/v2\/product_cat?post=705314"},{"taxonomy":"product_tag","embeddable":true,"href":"https:\/\/roveyayinevi.com.tr\/index.php\/wp-json\/wp\/v2\/product_tag?post=705314"}],"curies":[{"name":"wp","href":"https:\/\/api.w.org\/{rel}","templated":true}]}}