{"id":705292,"date":"2025-08-27T15:44:29","date_gmt":"2025-08-27T12:44:29","guid":{"rendered":"https:\/\/roveyayinevi.com.tr\/index.php\/urun\/ham-toprak\/"},"modified":"2026-04-16T02:14:03","modified_gmt":"2026-04-15T23:14:03","slug":"ham-toprak","status":"publish","type":"product","link":"https:\/\/roveyayinevi.com.tr\/index.php\/urun\/ham-toprak\/","title":{"rendered":"Ham Toprak"},"content":{"rendered":"<p>\u0130van Sergeyevi\u00e7 Turgenyev (1818-1883): Avrupa\u2019da ve \u00fclkemizde eserleri ilk\u00f6nce \u00e7evrilen 19. Y\u00fczy\u0131l Rus yazarlar\u0131ndand\u0131r. D\u00f6neminin Avrupal\u0131 bak\u0131\u015f a\u00e7\u0131s\u0131na sahip tek Rus yazar\u0131 olarak an\u0131l\u0131r. 1877 y\u0131l\u0131nda yay\u0131mlanan Ham Toprak, Turgenyev\u2019in son roman\u0131d\u0131r.Ham Toprak, yazar\u0131n bir \u00f6nceki roman\u0131 Duman\u2019la birlikte Rusya\u2019daki devrimci hareketleri konu edinen en sert eserlerinden biridir. Ham Toprak\u2019ta Rus soylular\u0131n liberalizmle maskeledi\u011fi muhafazak\u00e2r tutumlar\u0131n\u0131 alayc\u0131 bir dille sergileyen Turgenyev, halka hizmet etmekten, onu \u00f6zg\u00fcrle\u015ftirmekten ba\u015fka ama\u00e7lar\u0131 olmayan \u00e7arl\u0131k kar\u015f\u0131t\u0131, korkusuz, d\u00fcr\u00fcst, idealist gen\u00e7leri de kendine \u00f6zg\u00fc lirik \u00fcslubuyla \u00f6l\u00fcms\u00fczl\u00fc\u011fe kavu\u015fturur.<\/p>\n","protected":false},"excerpt":{"rendered":"<p>\u0130van Sergeyevi\u00e7 Turgenyev (1818-1883): Avrupa\u2019da ve \u00fclkemizde eserleri ilk\u00f6nce \u00e7evrilen 19. Y\u00fczy\u0131l Rus yazarlar\u0131ndand\u0131r. D\u00f6neminin Avrupal\u0131 bak\u0131\u015f a\u00e7\u0131s\u0131na sahip tek Rus yazar\u0131 olarak an\u0131l\u0131r. 1877 y\u0131l\u0131nda<span class=\"excerpt-hellip\"> [\u2026]<\/span><\/p>\n","protected":false},"featured_media":0,"template":"","meta":{"_monsterinsights_skip_tracking":false,"_monsterinsights_sitenote_active":false,"_monsterinsights_sitenote_note":"","_monsterinsights_sitenote_category":0},"product_brand":[],"product_cat":[12291,13570],"product_tag":[],"class_list":{"0":"post-705292","1":"product","2":"type-product","3":"status-publish","5":"product_cat-edebiyat","6":"product_cat-rus-edebiyati","7":"pa_cilt-ciltsiz","8":"pa_tur-kitap","9":"pa_yayinevi-is-bankasi-kultur-yayinlari","10":"pa_yazar-ivan-sergeyevic-turgenyev","12":"first","13":"instock","14":"sale","15":"shipping-taxable","16":"purchasable","17":"product-type-simple"},"_links":{"self":[{"href":"https:\/\/roveyayinevi.com.tr\/index.php\/wp-json\/wp\/v2\/product\/705292","targetHints":{"allow":["GET"]}}],"collection":[{"href":"https:\/\/roveyayinevi.com.tr\/index.php\/wp-json\/wp\/v2\/product"}],"about":[{"href":"https:\/\/roveyayinevi.com.tr\/index.php\/wp-json\/wp\/v2\/types\/product"}],"wp:attachment":[{"href":"https:\/\/roveyayinevi.com.tr\/index.php\/wp-json\/wp\/v2\/media?parent=705292"}],"wp:term":[{"taxonomy":"product_brand","embeddable":true,"href":"https:\/\/roveyayinevi.com.tr\/index.php\/wp-json\/wp\/v2\/product_brand?post=705292"},{"taxonomy":"product_cat","embeddable":true,"href":"https:\/\/roveyayinevi.com.tr\/index.php\/wp-json\/wp\/v2\/product_cat?post=705292"},{"taxonomy":"product_tag","embeddable":true,"href":"https:\/\/roveyayinevi.com.tr\/index.php\/wp-json\/wp\/v2\/product_tag?post=705292"}],"curies":[{"name":"wp","href":"https:\/\/api.w.org\/{rel}","templated":true}]}}