{"id":705260,"date":"2025-08-27T15:44:17","date_gmt":"2025-08-27T12:44:17","guid":{"rendered":"https:\/\/roveyayinevi.com.tr\/index.php\/urun\/gozlerini-haramdan-sakin\/"},"modified":"2026-04-16T02:14:02","modified_gmt":"2026-04-15T23:14:02","slug":"gozlerini-haramdan-sakin","status":"publish","type":"product","link":"https:\/\/roveyayinevi.com.tr\/index.php\/urun\/gozlerini-haramdan-sakin\/","title":{"rendered":"G\u00f6zlerini Haramdan Sak\u0131n"},"content":{"rendered":"<p>A\u015fk, polisiye, imkans\u0131zl\u0131klar\u2026 \u0130nand\u0131\u011f\u0131 de\u011ferlere sad\u0131k kalmaya \u00e7al\u0131\u015fan yak\u0131\u015f\u0131kl\u0131 bir polis ve onun aksine rahat bir hayat tarz\u0131na sahip g\u00fczel bir k\u0131z; \u00d6mer ve Bet\u00fcl\u2026 Biri i\u015fine, ailesine ve de\u011ferlerine sadakatle ba\u011fl\u0131, kendi k\u00fc\u00e7\u00fck ve muhafazakar d\u00fcnyas\u0131nda mutlu\u2026 Di\u011feri ailesi s\u00fcrekli seyahatlerde oldu\u011fu i\u00e7in yaln\u0131z; b\u00fct\u00fcn hayat\u0131 e\u011flenmek, gezmek, arkada\u015flar\u0131yla vakit ge\u00e7irmek olan bir hayalperest\u2026 \u0130ki farkl\u0131 d\u00fcnya, iki farkl\u0131 insan; yollar\u0131 pek de ho\u015f olmayan bir \u015fekilde kesi\u015fiyor. Bet\u00fcl hem \u00d6mer\u2019i ve sert mizac\u0131n\u0131 anlamaya ve bir \u015fekilde de onun farkl\u0131 d\u00fcnyas\u0131na girmeye \u00e7al\u0131\u015f\u0131rken, hem de kendi hayat tarz\u0131n\u0131, aile ili\u015fkilerini ve ger\u00e7ek arkada\u015fl\u0131\u011f\u0131 sorguluyor. Ve Bet\u00fcl\u2019\u00fcn tek tarafl\u0131 ilerleyen bu ilgisi, \u00d6mer\u2019in \u201cBenden uzak dur,\u201d ihtarlar\u0131na uymay\u0131p bir \u00e7at\u0131\u015fman\u0131n ortas\u0131nda hedef noktas\u0131 olmas\u0131na zemin haz\u0131rlad\u0131\u011f\u0131ndaysa art\u0131k her \u015fey i\u00e7in \u00e7ok ge\u00e7 oluyor. <\/p>\n","protected":false},"excerpt":{"rendered":"<p>A\u015fk, polisiye, imkans\u0131zl\u0131klar\u2026 \u0130nand\u0131\u011f\u0131 de\u011ferlere sad\u0131k kalmaya \u00e7al\u0131\u015fan yak\u0131\u015f\u0131kl\u0131 bir polis ve onun aksine rahat bir hayat tarz\u0131na sahip g\u00fczel bir k\u0131z; \u00d6mer ve Bet\u00fcl\u2026 Biri<span class=\"excerpt-hellip\"> [\u2026]<\/span><\/p>\n","protected":false},"featured_media":0,"template":"","meta":{"_monsterinsights_skip_tracking":false,"_monsterinsights_sitenote_active":false,"_monsterinsights_sitenote_note":"","_monsterinsights_sitenote_category":0},"product_brand":[],"product_cat":[12291,12711],"product_tag":[],"class_list":{"0":"post-705260","1":"product","2":"type-product","3":"status-publish","5":"product_cat-edebiyat","6":"product_cat-roman-oyku","7":"pa_cilt-ciltsiz","8":"pa_tur-kitap","9":"pa_yayinevi-portakal-kitap","10":"pa_yazar-merve-ozcan","12":"first","13":"instock","14":"sale","15":"shipping-taxable","16":"purchasable","17":"product-type-simple"},"_links":{"self":[{"href":"https:\/\/roveyayinevi.com.tr\/index.php\/wp-json\/wp\/v2\/product\/705260","targetHints":{"allow":["GET"]}}],"collection":[{"href":"https:\/\/roveyayinevi.com.tr\/index.php\/wp-json\/wp\/v2\/product"}],"about":[{"href":"https:\/\/roveyayinevi.com.tr\/index.php\/wp-json\/wp\/v2\/types\/product"}],"wp:attachment":[{"href":"https:\/\/roveyayinevi.com.tr\/index.php\/wp-json\/wp\/v2\/media?parent=705260"}],"wp:term":[{"taxonomy":"product_brand","embeddable":true,"href":"https:\/\/roveyayinevi.com.tr\/index.php\/wp-json\/wp\/v2\/product_brand?post=705260"},{"taxonomy":"product_cat","embeddable":true,"href":"https:\/\/roveyayinevi.com.tr\/index.php\/wp-json\/wp\/v2\/product_cat?post=705260"},{"taxonomy":"product_tag","embeddable":true,"href":"https:\/\/roveyayinevi.com.tr\/index.php\/wp-json\/wp\/v2\/product_tag?post=705260"}],"curies":[{"name":"wp","href":"https:\/\/api.w.org\/{rel}","templated":true}]}}