{"id":705249,"date":"2025-08-27T15:44:13","date_gmt":"2025-08-27T12:44:13","guid":{"rendered":"https:\/\/roveyayinevi.com.tr\/index.php\/urun\/w-ya-da-bir-cocukluk-hatirasi\/"},"modified":"2026-02-03T02:23:50","modified_gmt":"2026-02-02T23:23:50","slug":"w-ya-da-bir-cocukluk-hatirasi","status":"publish","type":"product","link":"https:\/\/roveyayinevi.com.tr\/index.php\/urun\/w-ya-da-bir-cocukluk-hatirasi\/","title":{"rendered":"W ya da Bir \u00c7ocukluk Hat\u0131ras\u0131"},"content":{"rendered":"<p>\u2018\u00c7ocukluk hat\u0131ram yok\u2019: Bu iddiay\u0131 kendimden emin bir \u015fekilde, neredeyse meydan okurcas\u0131na ortaya koyuyordum. Bu mesele \u00fczerinde bana soru sormalar\u0131 bo\u015funayd\u0131. Ders program\u0131mda yoktu. Bundan muaft\u0131m. Bir ba\u015fka tarih, B\u00fcy\u00fck olan\u0131, b\u00fcy\u00fck t\u0131rpan\u0131yla Tarih, \u00e7oktan benim yerime cevap vermi\u015fti: sava\u015f, kamplar. On \u00fc\u00e7 ya\u015f\u0131ndayken bir hikaye uydurdum, anlatt\u0131m ve \u00e7izdim. Daha sonra, bu hikayeyi unuttum. Yedi y\u0131l \u00f6nce bir ak\u015fam, Venedik\u2019te, birdenbire bu hikayenin ad\u0131n\u0131n \u2018W\u2019 oldu\u011funu ve bir anlamda, \u00e7ocuklu\u011fumun tarihi de\u011filse de en az\u0131ndan \u00e7ocuklu\u011fumun bir hikayesi oldu\u011funu hat\u0131rlad\u0131m. Bir anda akl\u0131ma gelen ba\u015fl\u0131k d\u0131\u015f\u0131nda, W\u2019yle ilgili hi\u00e7bir hat\u0131ram yoktu asl\u0131nda. Bu konuda bildi\u011fim tek \u015fey topu topu iki sat\u0131rdan ibaret: Ate\u015f \u00dclkesi\u2019nin bir adac\u0131\u011f\u0131nda, s\u0131r\u0131f sporla me\u015fgul olan bir toplumun hayat\u0131. \ufffcTan\u0131t\u0131m Metni<\/p>\n","protected":false},"excerpt":{"rendered":"<p>\u2018\u00c7ocukluk hat\u0131ram yok\u2019: Bu iddiay\u0131 kendimden emin bir \u015fekilde, neredeyse meydan okurcas\u0131na ortaya koyuyordum. Bu mesele \u00fczerinde bana soru sormalar\u0131 bo\u015funayd\u0131. Ders program\u0131mda yoktu. Bundan muaft\u0131m.<span class=\"excerpt-hellip\"> [\u2026]<\/span><\/p>\n","protected":false},"featured_media":0,"template":"","meta":{"_monsterinsights_skip_tracking":false,"_monsterinsights_sitenote_active":false,"_monsterinsights_sitenote_note":"","_monsterinsights_sitenote_category":0},"product_brand":[],"product_cat":[12291,13376],"product_tag":[],"class_list":{"0":"post-705249","1":"product","2":"type-product","3":"status-publish","5":"product_cat-edebiyat","6":"product_cat-fransiz-edebiyati","7":"pa_cilt-ciltsiz","8":"pa_tur-kitap","9":"pa_yayinevi-metis-yayinlari","10":"pa_yazar-georges-perec","12":"first","13":"instock","14":"sale","15":"shipping-taxable","16":"purchasable","17":"product-type-simple"},"_links":{"self":[{"href":"https:\/\/roveyayinevi.com.tr\/index.php\/wp-json\/wp\/v2\/product\/705249","targetHints":{"allow":["GET"]}}],"collection":[{"href":"https:\/\/roveyayinevi.com.tr\/index.php\/wp-json\/wp\/v2\/product"}],"about":[{"href":"https:\/\/roveyayinevi.com.tr\/index.php\/wp-json\/wp\/v2\/types\/product"}],"wp:attachment":[{"href":"https:\/\/roveyayinevi.com.tr\/index.php\/wp-json\/wp\/v2\/media?parent=705249"}],"wp:term":[{"taxonomy":"product_brand","embeddable":true,"href":"https:\/\/roveyayinevi.com.tr\/index.php\/wp-json\/wp\/v2\/product_brand?post=705249"},{"taxonomy":"product_cat","embeddable":true,"href":"https:\/\/roveyayinevi.com.tr\/index.php\/wp-json\/wp\/v2\/product_cat?post=705249"},{"taxonomy":"product_tag","embeddable":true,"href":"https:\/\/roveyayinevi.com.tr\/index.php\/wp-json\/wp\/v2\/product_tag?post=705249"}],"curies":[{"name":"wp","href":"https:\/\/api.w.org\/{rel}","templated":true}]}}