{"id":705229,"date":"2025-08-27T15:43:23","date_gmt":"2025-08-27T12:43:23","guid":{"rendered":"https:\/\/roveyayinevi.com.tr\/index.php\/urun\/turklerde-devlet-anlayisi\/"},"modified":"2026-04-16T02:14:02","modified_gmt":"2026-04-15T23:14:02","slug":"turklerde-devlet-anlayisi","status":"publish","type":"product","link":"https:\/\/roveyayinevi.com.tr\/index.php\/urun\/turklerde-devlet-anlayisi\/","title":{"rendered":"T\u00fcrklerde Devlet Anlay\u0131\u015f\u0131"},"content":{"rendered":"<p>Tarihleri boyunca planl\u0131 ve sistemli bir surette yapt\u0131klar\u0131 g\u00f6\u00e7lerle eski d\u00fcnyan\u0131n d\u00f6rt bir taraf\u0131na yay\u0131lan, muhtelif k\u00fclt\u00fcr ve medeniyetlerle m\u00fcnasebet kuran T\u00fcrkler; beylik, imparatorluk ve nihayet modern manas\u0131yla devlet vas\u0131flar\u0131n\u0131 haiz irili ufakl\u0131 pek \u00e7ok m\u00fcesses yap\u0131lar v\u00fccuda getirmi\u015flerdir. Bu siyasi yap\u0131lar\u0131 yaln\u0131zca zamana ve mek\u00e2na ba\u011fl\u0131 bir tesad\u00fcfler zinciriyle v\u00fccut bulmu\u015f te\u015fekk\u00fcller olarak de\u011ferlendirmek m\u00fcmk\u00fcn de\u011fildir. Dikkatlice incelendi\u011fi takdirde, s\u00f6z konusu yap\u0131lar\u0131n zaman ve mekan farkl\u0131l\u0131klar\u0131na ra\u011fmen m\u00fc\u015fterek bir devlet gelene\u011finin mahsul\u00fc olduklar\u0131 g\u00f6r\u00fcl\u00fcr. Bug\u00fcn, modern T\u00fcrk devlet d\u00fc\u015f\u00fcncesini incelenmek i\u00e7in bu tarihi seyri, T\u00fcrk devlet d\u00fc\u015f\u00fcncesine v\u00fccut veren siyasi kaideleri, m\u00fcesseseleri ve te\u015fkilat yap\u0131lar\u0131n\u0131 g\u00f6z \u00f6n\u00fcnde bulundurmak gerekmektedir. Ancak yo\u011fun bir mesai ve gayret gerektiren bu hususu sa\u011fl\u0131kl\u0131 bir bi\u00e7imde de\u011ferlendirmek; T\u00fcrk tarihinin hareketli ve dinamik yap\u0131s\u0131n\u0131 dikkate almak, bu dinamik yap\u0131ya kar\u015f\u0131l\u0131k s\u00fcreklili\u011fi sa\u011flayan unsurlar\u0131 tespit etmek ve m\u00fcnasebet kurdu\u011fu k\u00fclt\u00fcrleri, medeniyetleri bilmek ile m\u00fcmk\u00fcnd\u00fcr. Elinizdeki kitap b\u00f6yle bir \u00e7aban\u0131n \u00fcr\u00fcn\u00fcd\u00fcr. Kitab\u0131n m\u00fcellifi Prof. Dr. Bahaeddin \u00d6gel, Bat\u0131n\u0131n \u201cerken devlet\u201d tan\u0131m\u0131nda belirleyici olan co\u011frafi mevki, n\u00fcfus, d\u0131\u015f ili\u015fkiler, ekolojik \u015fartlar gibi hususlar\u0131 nazar\u0131dikkata almakla birlikte T\u00fcrk toplumunun tarih\u00ee, i\u00e7tima\u00ee ve kendi i\u00e7 dinamiklerine dayanan bir devlet tan\u0131m\u0131 yapmak gayretindedir. Avrupa-merkezci okumalar yerine T\u00fcrk tarih ve k\u00fclt\u00fcr\u00fcn\u00fc, kendi te\u015fekk\u00fcl ve tekam\u00fcl s\u00fcrecinde ele almak daha sa\u011fl\u0131kl\u0131 neticeler verecektir. T\u00fcrk devlet yap\u0131s\u0131 ve gelene\u011finde belirleyici olan her \u015feyden \u00f6nce T\u00fcrk toplum yap\u0131s\u0131n\u0131n \u00f6z\u00fcn\u00fc te\u015fkil eden aile, halk, toprak, ka\u011fan, t\u00f6re ve kut gibi m\u00fccerret ve m\u00fc\u015fahhas mefhumlard\u0131r. Bu maksatla Prof. Dr. Bahaeddin \u00d6gel T\u00fcrk devlet gelene\u011fini, Bozk\u0131r, Uzakdo\u011fu ve \u0130slam k\u00fclt\u00fcr \u00e7evreleri \u0131\u015f\u0131\u011f\u0131nda tetkik etmekte ve T\u00fcrk devlet anlay\u0131\u015f\u0131n\u0131n tarih\u00ee men\u015feini, bu k\u00fclt\u00fcr daireleri etraf\u0131nda incelemektedir.<\/p>\n","protected":false},"excerpt":{"rendered":"<p>Tarihleri boyunca planl\u0131 ve sistemli bir surette yapt\u0131klar\u0131 g\u00f6\u00e7lerle eski d\u00fcnyan\u0131n d\u00f6rt bir taraf\u0131na yay\u0131lan, muhtelif k\u00fclt\u00fcr ve medeniyetlerle m\u00fcnasebet kuran T\u00fcrkler; beylik, imparatorluk ve nihayet<span class=\"excerpt-hellip\"> [\u2026]<\/span><\/p>\n","protected":false},"featured_media":0,"template":"","meta":{"_monsterinsights_skip_tracking":false,"_monsterinsights_sitenote_active":false,"_monsterinsights_sitenote_note":"","_monsterinsights_sitenote_category":0},"product_brand":[],"product_cat":[12304,13650],"product_tag":[],"class_list":{"0":"post-705229","1":"product","2":"type-product","3":"status-publish","5":"product_cat-tarih","6":"product_cat-turk-tarihi-arastirmalari","7":"pa_cilt-ciltsiz","8":"pa_tur-kitap","9":"pa_yayinevi-otuken-nesriyat","10":"pa_yazar-bahaeddin-ogel","12":"first","13":"instock","14":"sale","15":"shipping-taxable","16":"purchasable","17":"product-type-simple"},"_links":{"self":[{"href":"https:\/\/roveyayinevi.com.tr\/index.php\/wp-json\/wp\/v2\/product\/705229","targetHints":{"allow":["GET"]}}],"collection":[{"href":"https:\/\/roveyayinevi.com.tr\/index.php\/wp-json\/wp\/v2\/product"}],"about":[{"href":"https:\/\/roveyayinevi.com.tr\/index.php\/wp-json\/wp\/v2\/types\/product"}],"wp:attachment":[{"href":"https:\/\/roveyayinevi.com.tr\/index.php\/wp-json\/wp\/v2\/media?parent=705229"}],"wp:term":[{"taxonomy":"product_brand","embeddable":true,"href":"https:\/\/roveyayinevi.com.tr\/index.php\/wp-json\/wp\/v2\/product_brand?post=705229"},{"taxonomy":"product_cat","embeddable":true,"href":"https:\/\/roveyayinevi.com.tr\/index.php\/wp-json\/wp\/v2\/product_cat?post=705229"},{"taxonomy":"product_tag","embeddable":true,"href":"https:\/\/roveyayinevi.com.tr\/index.php\/wp-json\/wp\/v2\/product_tag?post=705229"}],"curies":[{"name":"wp","href":"https:\/\/api.w.org\/{rel}","templated":true}]}}