{"id":705228,"date":"2025-08-27T15:43:23","date_gmt":"2025-08-27T12:43:23","guid":{"rendered":"https:\/\/roveyayinevi.com.tr\/index.php\/urun\/kutlu-kaganlik\/"},"modified":"2026-04-16T02:14:02","modified_gmt":"2026-04-15T23:14:02","slug":"kutlu-kaganlik","status":"publish","type":"product","link":"https:\/\/roveyayinevi.com.tr\/index.php\/urun\/kutlu-kaganlik\/","title":{"rendered":"Kutlu Ka\u011fanl\u0131k"},"content":{"rendered":"<p>\u201cBir g\u00fcn gelecek ve bir G\u00f6k T\u00fcrk \u00e7erisiyle ordular yenece\u011fim, g\u00f6receksin.\u201d\u0130lk kitab\u0131 Demirda\u011f\u0131n Kurtlar\u0131 ile T\u00fcrklerin Ergenekon&#8217;a hapsolmas\u0131n\u0131 ve buradan \u00e7\u0131k\u0131\u015f m\u00fccadelesini anlatan yegane roman\u0131n yazar\u0131 Hasan Erimez, ikinci roman\u0131 Kutlu Ka\u011fanl\u0131k \u201cG\u00f6k T\u00fcrklerin Do\u011fu\u015fu\u201d ile kar\u015f\u0131n\u0131zda. Uzun y\u0131llar Aparlar\u0131n boyunduru\u011funda kalan A\u015finalar, Bumin Han ve karde\u015fi \u0130stemi Yabgu \u00f6nderli\u011finde Aparlar\u0131 yenerek G\u00f6k T\u00fcrk Devleti&#8217;ni kurarlar. Ancak as\u0131l zorluk, bu kutlu ka\u011fanl\u0131\u011f\u0131n kurulmas\u0131ndan sonra ba\u015flar. B\u00fct\u00fcn T\u00fcrk boylar\u0131n\u0131 tek bir \u00e7at\u0131 alt\u0131nda birle\u015ftirmek isteyen G\u00f6k T\u00fcrkleri hem i\u00e7erde hem de d\u0131\u015farda \u00e7etin m\u00fccadeleler beklemektedir. T\u00fcrk ad\u0131n\u0131 kullanan tarihteki ilk T\u00fcrk devletinin kurucular\u0131, \u201cb\u00fcy\u00fck \u00fclk\u00fclerini\u201d ger\u00e7ekle\u015ftirebilmek i\u00e7in kan deryalar\u0131ndan sab\u0131rla ge\u00e7mek zorundalar. Hasan Erimez, tertemiz bir T\u00fcrk\u00e7e ve duru bir \u00fcsl\u00fbpla bizi \u00d6t\u00fcken Y\u0131\u015f&#8217;tan Asya&#8217;n\u0131n d\u00f6rt bir yan\u0131na g\u00f6t\u00fcrerek, G\u00f6k T\u00fcrk Devleti&#8217;nin destans\u0131 kurulu\u015f m\u00fccadelesini anlat\u0131yor.<\/p>\n","protected":false},"excerpt":{"rendered":"<p>\u201cBir g\u00fcn gelecek ve bir G\u00f6k T\u00fcrk \u00e7erisiyle ordular yenece\u011fim, g\u00f6receksin.\u201d\u0130lk kitab\u0131 Demirda\u011f\u0131n Kurtlar\u0131 ile T\u00fcrklerin Ergenekon&#8217;a hapsolmas\u0131n\u0131 ve buradan \u00e7\u0131k\u0131\u015f m\u00fccadelesini anlatan yegane roman\u0131n yazar\u0131<span class=\"excerpt-hellip\"> [\u2026]<\/span><\/p>\n","protected":false},"featured_media":0,"template":"","meta":{"_monsterinsights_skip_tracking":false,"_monsterinsights_sitenote_active":false,"_monsterinsights_sitenote_note":"","_monsterinsights_sitenote_category":0},"product_brand":[],"product_cat":[12291,12711],"product_tag":[],"class_list":{"0":"post-705228","1":"product","2":"type-product","3":"status-publish","5":"product_cat-edebiyat","6":"product_cat-roman-oyku","7":"pa_cilt-ciltsiz","8":"pa_tur-kitap","9":"pa_yayinevi-otuken-nesriyat","10":"pa_yazar-hasan-erimez","12":"first","13":"instock","14":"sale","15":"shipping-taxable","16":"purchasable","17":"product-type-simple"},"_links":{"self":[{"href":"https:\/\/roveyayinevi.com.tr\/index.php\/wp-json\/wp\/v2\/product\/705228","targetHints":{"allow":["GET"]}}],"collection":[{"href":"https:\/\/roveyayinevi.com.tr\/index.php\/wp-json\/wp\/v2\/product"}],"about":[{"href":"https:\/\/roveyayinevi.com.tr\/index.php\/wp-json\/wp\/v2\/types\/product"}],"wp:attachment":[{"href":"https:\/\/roveyayinevi.com.tr\/index.php\/wp-json\/wp\/v2\/media?parent=705228"}],"wp:term":[{"taxonomy":"product_brand","embeddable":true,"href":"https:\/\/roveyayinevi.com.tr\/index.php\/wp-json\/wp\/v2\/product_brand?post=705228"},{"taxonomy":"product_cat","embeddable":true,"href":"https:\/\/roveyayinevi.com.tr\/index.php\/wp-json\/wp\/v2\/product_cat?post=705228"},{"taxonomy":"product_tag","embeddable":true,"href":"https:\/\/roveyayinevi.com.tr\/index.php\/wp-json\/wp\/v2\/product_tag?post=705228"}],"curies":[{"name":"wp","href":"https:\/\/api.w.org\/{rel}","templated":true}]}}