{"id":705227,"date":"2025-08-27T15:43:23","date_gmt":"2025-08-27T12:43:23","guid":{"rendered":"https:\/\/roveyayinevi.com.tr\/index.php\/urun\/kabul-etmenin-ozgurlugu-aura-kitapligi\/"},"modified":"2026-04-16T02:14:02","modified_gmt":"2026-04-15T23:14:02","slug":"kabul-etmenin-ozgurlugu-aura-kitapligi","status":"publish","type":"product","link":"https:\/\/roveyayinevi.com.tr\/index.php\/urun\/kabul-etmenin-ozgurlugu-aura-kitapligi\/","title":{"rendered":"Kabul Etmenin \u00d6zg\u00fcrl\u00fc\u011f\u00fc &#8211; AURA K\u0130TAPLI\u011eI"},"content":{"rendered":"<p>Fenomenolojik Aile Dizi Y\u00f6ntemi&#8217;yle terapide ayr\u0131 bir yol a\u00e7an Bert Hellinger&#8217;in bu kitab\u0131, kendisinin ilk bak\u0131\u015fta ayk\u0131r\u0131 ve huzursuz edici gelen, fakat uygulama i\u00e7inde ki\u015finin daha ho\u015fg\u00f6r\u00fcl\u00fc bir hayat s\u00fcrmesinin \u00f6n\u00fcn\u00fc a\u00e7an tedavi y\u00f6ntemlerine kapsaml\u0131 bir ayna tutuyor\u2026 <\/p>\n","protected":false},"excerpt":{"rendered":"<p>Fenomenolojik Aile Dizi Y\u00f6ntemi&#8217;yle terapide ayr\u0131 bir yol a\u00e7an Bert Hellinger&#8217;in bu kitab\u0131, kendisinin ilk bak\u0131\u015fta ayk\u0131r\u0131 ve huzursuz edici gelen, fakat uygulama i\u00e7inde ki\u015finin daha<span class=\"excerpt-hellip\"> [\u2026]<\/span><\/p>\n","protected":false},"featured_media":0,"template":"","meta":{"_monsterinsights_skip_tracking":false,"_monsterinsights_sitenote_active":false,"_monsterinsights_sitenote_note":"","_monsterinsights_sitenote_category":0},"product_brand":[],"product_cat":[12325,12324],"product_tag":[],"class_list":{"0":"post-705227","1":"product","2":"type-product","3":"status-publish","5":"product_cat-diger-sosyoloji","6":"product_cat-sosyoloji","7":"pa_cilt-ciltsiz","8":"pa_tur-kitap","9":"pa_yayinevi-aura-kitaplari","10":"pa_yazar-bert-helliger-gabriele-ten-hovel","12":"first","13":"instock","14":"sale","15":"shipping-taxable","16":"purchasable","17":"product-type-simple"},"_links":{"self":[{"href":"https:\/\/roveyayinevi.com.tr\/index.php\/wp-json\/wp\/v2\/product\/705227","targetHints":{"allow":["GET"]}}],"collection":[{"href":"https:\/\/roveyayinevi.com.tr\/index.php\/wp-json\/wp\/v2\/product"}],"about":[{"href":"https:\/\/roveyayinevi.com.tr\/index.php\/wp-json\/wp\/v2\/types\/product"}],"wp:attachment":[{"href":"https:\/\/roveyayinevi.com.tr\/index.php\/wp-json\/wp\/v2\/media?parent=705227"}],"wp:term":[{"taxonomy":"product_brand","embeddable":true,"href":"https:\/\/roveyayinevi.com.tr\/index.php\/wp-json\/wp\/v2\/product_brand?post=705227"},{"taxonomy":"product_cat","embeddable":true,"href":"https:\/\/roveyayinevi.com.tr\/index.php\/wp-json\/wp\/v2\/product_cat?post=705227"},{"taxonomy":"product_tag","embeddable":true,"href":"https:\/\/roveyayinevi.com.tr\/index.php\/wp-json\/wp\/v2\/product_tag?post=705227"}],"curies":[{"name":"wp","href":"https:\/\/api.w.org\/{rel}","templated":true}]}}