{"id":705210,"date":"2025-08-27T15:43:16","date_gmt":"2025-08-27T12:43:16","guid":{"rendered":"https:\/\/roveyayinevi.com.tr\/index.php\/urun\/cimi-cici-ve-kipir\/"},"modified":"2026-04-16T02:14:01","modified_gmt":"2026-04-15T23:14:01","slug":"cimi-cici-ve-kipir","status":"publish","type":"product","link":"https:\/\/roveyayinevi.com.tr\/index.php\/urun\/cimi-cici-ve-kipir\/","title":{"rendered":"Cimi, Cici ve K\u0131p\u0131r"},"content":{"rendered":"<p>Bir ormanda ya\u015fayan \u00fc\u00e7 arkada\u015f var. Bunlar c\u0131rc\u0131r b\u00f6ce\u011fi Cimi, u\u00e7u\u00e7 b\u00f6ce\u011fi K\u0131p\u0131r ve kelebek Cici. Bu \u00fc\u00e7 arkada\u015f kendi cinslerinden biraz farkl\u0131. U\u00e7u\u00e7 b\u00f6ce\u011fi K\u0131p\u0131r beneksiz, kelebek Cici&#8217;nin bir kanad\u0131 di\u011ferinden ufak ve c\u0131rc\u0131r b\u00f6ce\u011fi Cimi de \u00e7ok zay\u0131f. Bu arkada\u015flar di\u011ferlerinden farkl\u0131 olduklar\u0131 i\u00e7in kendilerini k\u00f6t\u00fc hissediyorlar. Ama bir g\u00fcn kar\u015f\u0131lar\u0131na bir kar\u0131nca yavrusu \u00e7\u0131k\u0131yor ve onlar\u0131n hislerini tamamen de\u011fi\u015ftiriyor. Bakal\u0131m neler oluyor? \ufffc<\/p>\n","protected":false},"excerpt":{"rendered":"<p>Bir ormanda ya\u015fayan \u00fc\u00e7 arkada\u015f var. Bunlar c\u0131rc\u0131r b\u00f6ce\u011fi Cimi, u\u00e7u\u00e7 b\u00f6ce\u011fi K\u0131p\u0131r ve kelebek Cici. Bu \u00fc\u00e7 arkada\u015f kendi cinslerinden biraz farkl\u0131. U\u00e7u\u00e7 b\u00f6ce\u011fi K\u0131p\u0131r<span class=\"excerpt-hellip\"> [\u2026]<\/span><\/p>\n","protected":false},"featured_media":0,"template":"","meta":{"_monsterinsights_skip_tracking":false,"_monsterinsights_sitenote_active":false,"_monsterinsights_sitenote_note":"","_monsterinsights_sitenote_category":0},"product_brand":[],"product_cat":[12274,12523],"product_tag":[],"class_list":{"0":"post-705210","1":"product","2":"type-product","3":"status-publish","5":"product_cat-cocuk-ve-genclik-kitaplari","6":"product_cat-masallar","7":"pa_cilt-ciltsiz","8":"pa_tur-kitap","9":"pa_yayinevi-timas-cocuk","10":"pa_yazar-sokuh-gasemnia","12":"first","13":"instock","14":"sale","15":"shipping-taxable","16":"purchasable","17":"product-type-simple"},"_links":{"self":[{"href":"https:\/\/roveyayinevi.com.tr\/index.php\/wp-json\/wp\/v2\/product\/705210","targetHints":{"allow":["GET"]}}],"collection":[{"href":"https:\/\/roveyayinevi.com.tr\/index.php\/wp-json\/wp\/v2\/product"}],"about":[{"href":"https:\/\/roveyayinevi.com.tr\/index.php\/wp-json\/wp\/v2\/types\/product"}],"wp:attachment":[{"href":"https:\/\/roveyayinevi.com.tr\/index.php\/wp-json\/wp\/v2\/media?parent=705210"}],"wp:term":[{"taxonomy":"product_brand","embeddable":true,"href":"https:\/\/roveyayinevi.com.tr\/index.php\/wp-json\/wp\/v2\/product_brand?post=705210"},{"taxonomy":"product_cat","embeddable":true,"href":"https:\/\/roveyayinevi.com.tr\/index.php\/wp-json\/wp\/v2\/product_cat?post=705210"},{"taxonomy":"product_tag","embeddable":true,"href":"https:\/\/roveyayinevi.com.tr\/index.php\/wp-json\/wp\/v2\/product_tag?post=705210"}],"curies":[{"name":"wp","href":"https:\/\/api.w.org\/{rel}","templated":true}]}}