{"id":705201,"date":"2025-08-27T15:43:12","date_gmt":"2025-08-27T12:43:12","guid":{"rendered":"https:\/\/roveyayinevi.com.tr\/index.php\/urun\/ibret-mersinde-iki-dugun\/"},"modified":"2026-04-16T02:14:01","modified_gmt":"2026-04-15T23:14:01","slug":"ibret-mersinde-iki-dugun","status":"publish","type":"product","link":"https:\/\/roveyayinevi.com.tr\/index.php\/urun\/ibret-mersinde-iki-dugun\/","title":{"rendered":"\u0130bret &#8211; Mersin&#8217;de \u0130ki D\u00fc\u011f\u00fcn"},"content":{"rendered":"<p>Mersin g\u00fcn\u00fcm\u00fcz il s\u0131n\u0131rlar\u0131 i\u00e7indeki il\u00e7eleriyle beraber tarihinden gelen yap\u0131s\u0131yla, farkl\u0131 hayat bi\u00e7imlerinin bir arada var olabilmesinin ete kemi\u011fe b\u00fcr\u00fcnd\u00fc\u011f\u00fc, mekan, insan, zaman ve kimli\u011fin bir arada, rahat\u00e7a bulunabildi\u011fi \u00e7ok k\u00fclt\u00fcrl\u00fc, kozmopolit bir yerle\u015fim birimidir. Bu \u00f6zelli\u011fiyle hem d\u00fcnyada beraber, dost\u00e7a ya\u015fayabilme \u00f6zelli\u011fine sahip ender \u015fehirlerden hem de k\u00fclt\u00fcrler aras\u0131 entegrasyonun en g\u00fczel \u00f6rneklerindendir. \u201c\u0130bret Mersin\u2019de \u0130ki D\u00fc\u011f\u00fcn\u201d Bakizade H\u00fcsni\u2019nin 1880 y\u0131l\u0131nda hen\u00fcz bir kasaba-nahiye olan Mersin\u2019in g\u00fcndelik hayat\u0131ndan kesitler sunan bir film \u015feridi olarak kar\u015f\u0131m\u0131za \u00f6yk\u00fcy\u00fc yans\u0131t\u0131yor. <\/p>\n","protected":false},"excerpt":{"rendered":"<p>Mersin g\u00fcn\u00fcm\u00fcz il s\u0131n\u0131rlar\u0131 i\u00e7indeki il\u00e7eleriyle beraber tarihinden gelen yap\u0131s\u0131yla, farkl\u0131 hayat bi\u00e7imlerinin bir arada var olabilmesinin ete kemi\u011fe b\u00fcr\u00fcnd\u00fc\u011f\u00fc, mekan, insan, zaman ve kimli\u011fin bir<span class=\"excerpt-hellip\"> [\u2026]<\/span><\/p>\n","protected":false},"featured_media":0,"template":"","meta":{"_monsterinsights_skip_tracking":false,"_monsterinsights_sitenote_active":false,"_monsterinsights_sitenote_note":"","_monsterinsights_sitenote_category":0},"product_brand":[],"product_cat":[12291,12711],"product_tag":[],"class_list":{"0":"post-705201","1":"product","2":"type-product","3":"status-publish","5":"product_cat-edebiyat","6":"product_cat-roman-oyku","7":"pa_tur-kitap","8":"pa_yayinevi-yeditepe-yayinevi","9":"pa_yazar-bakizade-husni","11":"first","12":"instock","13":"sale","14":"shipping-taxable","15":"purchasable","16":"product-type-simple"},"_links":{"self":[{"href":"https:\/\/roveyayinevi.com.tr\/index.php\/wp-json\/wp\/v2\/product\/705201","targetHints":{"allow":["GET"]}}],"collection":[{"href":"https:\/\/roveyayinevi.com.tr\/index.php\/wp-json\/wp\/v2\/product"}],"about":[{"href":"https:\/\/roveyayinevi.com.tr\/index.php\/wp-json\/wp\/v2\/types\/product"}],"wp:attachment":[{"href":"https:\/\/roveyayinevi.com.tr\/index.php\/wp-json\/wp\/v2\/media?parent=705201"}],"wp:term":[{"taxonomy":"product_brand","embeddable":true,"href":"https:\/\/roveyayinevi.com.tr\/index.php\/wp-json\/wp\/v2\/product_brand?post=705201"},{"taxonomy":"product_cat","embeddable":true,"href":"https:\/\/roveyayinevi.com.tr\/index.php\/wp-json\/wp\/v2\/product_cat?post=705201"},{"taxonomy":"product_tag","embeddable":true,"href":"https:\/\/roveyayinevi.com.tr\/index.php\/wp-json\/wp\/v2\/product_tag?post=705201"}],"curies":[{"name":"wp","href":"https:\/\/api.w.org\/{rel}","templated":true}]}}