{"id":705194,"date":"2025-08-27T15:43:09","date_gmt":"2025-08-27T12:43:09","guid":{"rendered":"https:\/\/roveyayinevi.com.tr\/index.php\/urun\/egitim-bilimine-giris-3\/"},"modified":"2026-04-16T02:14:01","modified_gmt":"2026-04-15T23:14:01","slug":"egitim-bilimine-giris-3","status":"publish","type":"product","link":"https:\/\/roveyayinevi.com.tr\/index.php\/urun\/egitim-bilimine-giris-3\/","title":{"rendered":"E\u011fitim Bilimine Giri\u015f"},"content":{"rendered":"<p>Etkili bir \u00f6\u011fretmenlik mesle\u011finin \u00fc\u00e7 temel dire\u011fi bulunmaktad\u0131r: Alan bilgisi, genel k\u00fclt\u00fcr ve pedagojik formasyon. Bu kitapla, pedagojik formasyon alan\u0131na ilk ad\u0131m\u0131n\u0131z\u0131 atacaks\u0131n\u0131z. Bu kitab\u0131n b\u00f6l\u00fcmlerinde ele al\u0131nan konular, se\u00e7mi\u015f oldu\u011funuz \u00f6\u011fretmenlik mesle\u011fine daha iyi haz\u0131rlanman\u0131za yard\u0131mc\u0131 olmak \u00fczere konunun uzmanlar\u0131 taraf\u0131ndan haz\u0131rlanm\u0131\u015ft\u0131r. Ancak iyi bir \u00f6\u011fretmen olabilmek i\u00e7in g\u00fc\u00e7l\u00fc bir alan bilgisine ve y\u00fcksek bir genel k\u00fclt\u00fcr d\u00fczeyine sahip olman\u0131z gerekti\u011fini de unutmaman\u0131z gerekmektedir. Gelece\u011fin demokratik toplumunu olu\u015fturacak \u00e7a\u011fda\u015f ve ayd\u0131nl\u0131k d\u00fc\u015f\u00fcnceli bireyleri yeti\u015ftirme sorumlulu\u011funu \u00fcstlenmi\u015f \u00f6\u011fretmen adaylar\u0131n\u0131n e\u011fiim bilimine ve \u00f6\u011fretmenlik mesle\u011fine ili\u015fkin temel bilgi, beceri ve tutumlar kazanmalar\u0131na yard\u0131mc\u0131 olmak amac\u0131yla haz\u0131rlanan bu kitab\u0131n, konuyla ilgili herkese yararl\u0131 olaca\u011f\u0131 umulmaktad\u0131r. \ufffcTan\u0131t\u0131m Metni<\/p>\n","protected":false},"excerpt":{"rendered":"<p>Etkili bir \u00f6\u011fretmenlik mesle\u011finin \u00fc\u00e7 temel dire\u011fi bulunmaktad\u0131r: Alan bilgisi, genel k\u00fclt\u00fcr ve pedagojik formasyon. Bu kitapla, pedagojik formasyon alan\u0131na ilk ad\u0131m\u0131n\u0131z\u0131 atacaks\u0131n\u0131z. Bu kitab\u0131n b\u00f6l\u00fcmlerinde<span class=\"excerpt-hellip\"> [\u2026]<\/span><\/p>\n","protected":false},"featured_media":0,"template":"","meta":{"_monsterinsights_skip_tracking":false,"_monsterinsights_sitenote_active":false,"_monsterinsights_sitenote_note":"","_monsterinsights_sitenote_category":0},"product_brand":[],"product_cat":[13772,12364],"product_tag":[],"class_list":{"0":"post-705194","1":"product","2":"type-product","3":"status-publish","5":"product_cat-basvuru-kitaplari","6":"product_cat-genel-konular","7":"pa_cilt-ciltsiz","8":"pa_tur-kitap","9":"pa_yayinevi-ani-yayincilik","10":"pa_yazar-abdurrahman-tanriogen","12":"first","13":"instock","14":"sale","15":"shipping-taxable","16":"purchasable","17":"product-type-simple"},"_links":{"self":[{"href":"https:\/\/roveyayinevi.com.tr\/index.php\/wp-json\/wp\/v2\/product\/705194","targetHints":{"allow":["GET"]}}],"collection":[{"href":"https:\/\/roveyayinevi.com.tr\/index.php\/wp-json\/wp\/v2\/product"}],"about":[{"href":"https:\/\/roveyayinevi.com.tr\/index.php\/wp-json\/wp\/v2\/types\/product"}],"wp:attachment":[{"href":"https:\/\/roveyayinevi.com.tr\/index.php\/wp-json\/wp\/v2\/media?parent=705194"}],"wp:term":[{"taxonomy":"product_brand","embeddable":true,"href":"https:\/\/roveyayinevi.com.tr\/index.php\/wp-json\/wp\/v2\/product_brand?post=705194"},{"taxonomy":"product_cat","embeddable":true,"href":"https:\/\/roveyayinevi.com.tr\/index.php\/wp-json\/wp\/v2\/product_cat?post=705194"},{"taxonomy":"product_tag","embeddable":true,"href":"https:\/\/roveyayinevi.com.tr\/index.php\/wp-json\/wp\/v2\/product_tag?post=705194"}],"curies":[{"name":"wp","href":"https:\/\/api.w.org\/{rel}","templated":true}]}}