{"id":705185,"date":"2025-08-27T15:43:06","date_gmt":"2025-08-27T12:43:06","guid":{"rendered":"https:\/\/roveyayinevi.com.tr\/index.php\/urun\/cocuklar-icin-dunya-tarihi\/"},"modified":"2026-04-16T02:14:01","modified_gmt":"2026-04-15T23:14:01","slug":"cocuklar-icin-dunya-tarihi","status":"publish","type":"product","link":"https:\/\/roveyayinevi.com.tr\/index.php\/urun\/cocuklar-icin-dunya-tarihi\/","title":{"rendered":"\u00c7ocuklar \u0130\u00e7in D\u00fcnya Tarihi"},"content":{"rendered":"<p>Bir \u015feyi kesinlikle biliyoruz. Tarihte olup biten her \u015feyi insan kendi elleriyle ger\u00e7ekle\u015ftirmi\u015ftir. Afrika&#8217;dan Amerika&#8217;ya milyonlarca k\u00f6leyi insanlar g\u00f6t\u00fcrd\u00fcler. Sava\u015fa karar veren, toplama kamplar\u0131n\u0131 kuranlar da insanlard\u0131. Ama a\u015f\u0131y\u0131 da onlar buldu, buhar makinesini de, elektrik lambas\u0131n\u0131 da ve di\u011fer \u015feyleri de. Gelecekte nas\u0131l ya\u015fayacaklar\u0131na da onlar karar verecek. Ya\u015fanabilecek bir d\u00fcnyay\u0131 da onlar yaratacaklar ya da \u00e7evreleriyle birlikte kendi kendilerini yok edecekler.<\/p>\n","protected":false},"excerpt":{"rendered":"<p>Bir \u015feyi kesinlikle biliyoruz. Tarihte olup biten her \u015feyi insan kendi elleriyle ger\u00e7ekle\u015ftirmi\u015ftir. Afrika&#8217;dan Amerika&#8217;ya milyonlarca k\u00f6leyi insanlar g\u00f6t\u00fcrd\u00fcler. Sava\u015fa karar veren, toplama kamplar\u0131n\u0131 kuranlar da<span class=\"excerpt-hellip\"> [\u2026]<\/span><\/p>\n","protected":false},"featured_media":0,"template":"","meta":{"_monsterinsights_skip_tracking":false,"_monsterinsights_sitenote_active":false,"_monsterinsights_sitenote_note":"","_monsterinsights_sitenote_category":0},"product_brand":[],"product_cat":[12492,12274],"product_tag":[],"class_list":{"0":"post-705185","1":"product","2":"type-product","3":"status-publish","5":"product_cat-bilmece-bulmaca","6":"product_cat-cocuk-ve-genclik-kitaplari","7":"pa_cilt-ciltsiz","8":"pa_tur-kitap","9":"pa_yayinevi-dinozor-cocuk","10":"pa_yazar-christer-ohman","12":"first","13":"instock","14":"sale","15":"shipping-taxable","16":"purchasable","17":"product-type-simple"},"_links":{"self":[{"href":"https:\/\/roveyayinevi.com.tr\/index.php\/wp-json\/wp\/v2\/product\/705185","targetHints":{"allow":["GET"]}}],"collection":[{"href":"https:\/\/roveyayinevi.com.tr\/index.php\/wp-json\/wp\/v2\/product"}],"about":[{"href":"https:\/\/roveyayinevi.com.tr\/index.php\/wp-json\/wp\/v2\/types\/product"}],"wp:attachment":[{"href":"https:\/\/roveyayinevi.com.tr\/index.php\/wp-json\/wp\/v2\/media?parent=705185"}],"wp:term":[{"taxonomy":"product_brand","embeddable":true,"href":"https:\/\/roveyayinevi.com.tr\/index.php\/wp-json\/wp\/v2\/product_brand?post=705185"},{"taxonomy":"product_cat","embeddable":true,"href":"https:\/\/roveyayinevi.com.tr\/index.php\/wp-json\/wp\/v2\/product_cat?post=705185"},{"taxonomy":"product_tag","embeddable":true,"href":"https:\/\/roveyayinevi.com.tr\/index.php\/wp-json\/wp\/v2\/product_tag?post=705185"}],"curies":[{"name":"wp","href":"https:\/\/api.w.org\/{rel}","templated":true}]}}