{"id":705143,"date":"2025-08-27T15:42:48","date_gmt":"2025-08-27T12:42:48","guid":{"rendered":"https:\/\/roveyayinevi.com.tr\/index.php\/urun\/haydut\/"},"modified":"2026-04-16T02:14:00","modified_gmt":"2026-04-15T23:14:00","slug":"haydut","status":"publish","type":"product","link":"https:\/\/roveyayinevi.com.tr\/index.php\/urun\/haydut\/","title":{"rendered":"Haydut"},"content":{"rendered":"<p>Haydut, burjuva toplum d\u00fczenine uyum sa\u011flamay\u0131 beceremeyen bir iflah olmaz\u0131n hikayesidir. Romanla ayn\u0131 ad\u0131 ta\u015f\u0131yan kahraman\u0131, kendini ke\u015ffetme yolculu\u011funda daldan dala konan bir bohemdir. Be\u015f paras\u0131z bir avare, g\u00f6n\u00fcl \u00e7elen bir densizdir; u\u011fruna kad\u0131nlar \u00f6l\u00fcr. <\/p>\n","protected":false},"excerpt":{"rendered":"<p>Haydut, burjuva toplum d\u00fczenine uyum sa\u011flamay\u0131 beceremeyen bir iflah olmaz\u0131n hikayesidir. Romanla ayn\u0131 ad\u0131 ta\u015f\u0131yan kahraman\u0131, kendini ke\u015ffetme yolculu\u011funda daldan dala konan bir bohemdir. Be\u015f paras\u0131z<span class=\"excerpt-hellip\"> [\u2026]<\/span><\/p>\n","protected":false},"featured_media":0,"template":"","meta":{"_monsterinsights_skip_tracking":false,"_monsterinsights_sitenote_active":false,"_monsterinsights_sitenote_note":"","_monsterinsights_sitenote_category":0},"product_brand":[],"product_cat":[12291,12711],"product_tag":[],"class_list":{"0":"post-705143","1":"product","2":"type-product","3":"status-publish","5":"product_cat-edebiyat","6":"product_cat-roman-oyku","7":"pa_cilt-ciltsiz","8":"pa_tur-kitap","9":"pa_yayinevi-can-yayinlari","10":"pa_yazar-robert-walser","12":"first","13":"instock","14":"sale","15":"shipping-taxable","16":"purchasable","17":"product-type-simple"},"_links":{"self":[{"href":"https:\/\/roveyayinevi.com.tr\/index.php\/wp-json\/wp\/v2\/product\/705143","targetHints":{"allow":["GET"]}}],"collection":[{"href":"https:\/\/roveyayinevi.com.tr\/index.php\/wp-json\/wp\/v2\/product"}],"about":[{"href":"https:\/\/roveyayinevi.com.tr\/index.php\/wp-json\/wp\/v2\/types\/product"}],"wp:attachment":[{"href":"https:\/\/roveyayinevi.com.tr\/index.php\/wp-json\/wp\/v2\/media?parent=705143"}],"wp:term":[{"taxonomy":"product_brand","embeddable":true,"href":"https:\/\/roveyayinevi.com.tr\/index.php\/wp-json\/wp\/v2\/product_brand?post=705143"},{"taxonomy":"product_cat","embeddable":true,"href":"https:\/\/roveyayinevi.com.tr\/index.php\/wp-json\/wp\/v2\/product_cat?post=705143"},{"taxonomy":"product_tag","embeddable":true,"href":"https:\/\/roveyayinevi.com.tr\/index.php\/wp-json\/wp\/v2\/product_tag?post=705143"}],"curies":[{"name":"wp","href":"https:\/\/api.w.org\/{rel}","templated":true}]}}