{"id":705137,"date":"2025-08-27T15:42:45","date_gmt":"2025-08-27T12:42:45","guid":{"rendered":"https:\/\/roveyayinevi.com.tr\/index.php\/urun\/hemsirelikte-ogretim-ve-egiticinin-rolu\/"},"modified":"2026-04-16T02:13:59","modified_gmt":"2026-04-15T23:13:59","slug":"hemsirelikte-ogretim-ve-egiticinin-rolu","status":"publish","type":"product","link":"https:\/\/roveyayinevi.com.tr\/index.php\/urun\/hemsirelikte-ogretim-ve-egiticinin-rolu\/","title":{"rendered":"Hem\u015firelikte \u00d6\u011fretim ve E\u011fiticinin Rol\u00fc"},"content":{"rendered":"<p>Bu kitap, Birle\u015fik Devletlerde, \u00f6nde gelen hem\u015fire e\u011fiticilerden biri olan Dr. Marilyn Oermann taraf\u0131ndan yay\u0131na haz\u0131rlanm\u0131\u015f hem\u015firelik \u00f6\u011fretimindeki ilk geni\u015f kapsaml\u0131 metindir. Akademik rol\u00fcn tamam\u0131na odaklanan tek kitap olup hem\u015firelik okullar\u0131 ve di\u011fer alanlarda, lisans d\u00fczeyindeki t\u00fcm hem\u015firelik \u00f6\u011frencilerine etkili \u00f6\u011fretim i\u00e7in gerekli yetkinlikleri sa\u011flamak i\u00e7in tasarlanm\u0131\u015ft\u0131r. Bu kan\u0131ta dayal\u0131 metin hem teori hem de uygulamaya d\u00f6n\u00fck bilgileri kapsamaktad\u0131r ve \u00f6\u011fretim ve \u00f6\u011frenme stratejileri, \u00f6l\u00e7me ve de\u011ferlendirme, m\u00fcfredat geli\u015ftirme \u00f6\u011frenme laboratuarlar\u0131 ve online kurslarda teknoloji kullan\u0131m\u0131 ve sim\u00fclasyon konular\u0131n\u0131 i\u00e7erir. Klinik \u00f6\u011fretim, bilim insan\u0131 olma ve kan\u0131ta dayal\u0131 e\u011fitim ve klinik kurulu\u015flar ile ortakl\u0131klar geli\u015ftirilmesine y\u00f6nelik modellere de\u011finmektedir. Sunulan kavramlara kan\u0131t sa\u011flamak i\u00e7in ilgili \u00e7al\u0131\u015fmalar belirtilmi\u015ftir. B\u00f6l\u00fcmler, kan\u0131tlar\u0131 \u00f6zetleyen sergileri i\u00e7ermekte ve bu kan\u0131tlar\u0131n e\u011fitim uygulamalar\u0131n\u0131 y\u00f6nlendirmede nas\u0131l kullan\u0131labilece\u011fini g\u00f6stermektedir. B\u00f6l\u00fcmler ayr\u0131ca okuyucular i\u00e7in sunulan y\u00f6ntem ve stratejilere \u00f6zel \u00f6rnekleri ve bunlar\u0131n &#8220;nas\u0131l&#8221;ger\u00e7ekle\u015ftirilece\u011fine ili\u015fkin ipu\u00e7lar\u0131n\u0131 i\u00e7ermektedir.Ayr\u0131ca kitap ile birlikte Power Point sunular\u0131, \u00d6rnek Bir Ders Program\u0131 ve \u00d6\u011frenci Aktivitelerini i\u00e7eren online bir \u00f6\u011fretim rehberi mevcuttur. Kitap, sadece hem\u015firelik lisans \u00f6\u011frencileri i\u00e7in de\u011fil ayn\u0131 zamanda \u00f6\u011fretim rollerine ge\u00e7en klinik alanlardaki hem\u015fireler i\u00e7inde de\u011ferli olacakt\u0131r. Sayg\u0131n bir e\u011fitici olarak tan\u0131nmas\u0131n\u0131n yan\u0131 s\u0131ra Dr. Oermann, Evaluation and Testing in Nursingand Education, Fourt Edition, Springer Publishing Company (Hem\u015firelik ve E\u011fitimde De\u011ferlendirme ve Testetme), 2014&#8217;\u00fc de i\u00e7eren 12 kitap yazm\u0131\u015ft\u0131r. <\/p>\n","protected":false},"excerpt":{"rendered":"<p>Bu kitap, Birle\u015fik Devletlerde, \u00f6nde gelen hem\u015fire e\u011fiticilerden biri olan Dr. Marilyn Oermann taraf\u0131ndan yay\u0131na haz\u0131rlanm\u0131\u015f hem\u015firelik \u00f6\u011fretimindeki ilk geni\u015f kapsaml\u0131 metindir. Akademik rol\u00fcn tamam\u0131na odaklanan<span class=\"excerpt-hellip\"> [\u2026]<\/span><\/p>\n","protected":false},"featured_media":0,"template":"","meta":{"_monsterinsights_skip_tracking":false,"_monsterinsights_sitenote_active":false,"_monsterinsights_sitenote_note":"","_monsterinsights_sitenote_category":0},"product_brand":[],"product_cat":[20313,13365],"product_tag":[],"class_list":{"0":"post-705137","1":"product","2":"type-product","3":"status-publish","5":"product_cat-basvuru-kitaplari-saglik","6":"product_cat-saglik","7":"pa_cilt-ciltsiz","8":"pa_tur-kitap","9":"pa_yayinevi-ani-yayincilik","10":"pa_yazar-marilyn-h-oermann","12":"first","13":"instock","14":"sale","15":"shipping-taxable","16":"purchasable","17":"product-type-simple"},"_links":{"self":[{"href":"https:\/\/roveyayinevi.com.tr\/index.php\/wp-json\/wp\/v2\/product\/705137","targetHints":{"allow":["GET"]}}],"collection":[{"href":"https:\/\/roveyayinevi.com.tr\/index.php\/wp-json\/wp\/v2\/product"}],"about":[{"href":"https:\/\/roveyayinevi.com.tr\/index.php\/wp-json\/wp\/v2\/types\/product"}],"wp:attachment":[{"href":"https:\/\/roveyayinevi.com.tr\/index.php\/wp-json\/wp\/v2\/media?parent=705137"}],"wp:term":[{"taxonomy":"product_brand","embeddable":true,"href":"https:\/\/roveyayinevi.com.tr\/index.php\/wp-json\/wp\/v2\/product_brand?post=705137"},{"taxonomy":"product_cat","embeddable":true,"href":"https:\/\/roveyayinevi.com.tr\/index.php\/wp-json\/wp\/v2\/product_cat?post=705137"},{"taxonomy":"product_tag","embeddable":true,"href":"https:\/\/roveyayinevi.com.tr\/index.php\/wp-json\/wp\/v2\/product_tag?post=705137"}],"curies":[{"name":"wp","href":"https:\/\/api.w.org\/{rel}","templated":true}]}}