{"id":705123,"date":"2025-08-27T15:42:40","date_gmt":"2025-08-27T12:42:40","guid":{"rendered":"https:\/\/roveyayinevi.com.tr\/index.php\/urun\/pozitif-psikoterapiye-giris-kuram-ve-uygulama\/"},"modified":"2025-12-30T09:59:01","modified_gmt":"2025-12-30T06:59:01","slug":"pozitif-psikoterapiye-giris-kuram-ve-uygulama","status":"publish","type":"product","link":"https:\/\/roveyayinevi.com.tr\/index.php\/urun\/pozitif-psikoterapiye-giris-kuram-ve-uygulama\/","title":{"rendered":"Pozitif Psikoterapiye Giri\u015f Kuram Ve Uygulama"},"content":{"rendered":"<p>Bir psikiyatri ve n\u00f6roloji uzman\u0131 olan Nossrat Peseschkian, 1933 y\u0131l\u0131nda \u0130ran&#8217;da do\u011fmu\u015f ve 1954 y\u0131l\u0131ndan 2010 y\u0131l\u0131ndaki vefat\u0131na kadar bat\u0131 Almanya&#8217;da ya\u015fam\u0131\u015ft\u0131r. Psikoterapi e\u011fitimini Almanya, \u0130sve\u00e7 ve Amerika Birle\u015fik Devletleri&#8217;nde alm\u0131\u015ft\u0131r. G\u00fcn\u00fcm\u00fczde Pozitif Psikoterapinin kurucusu olarak bilinmektedir. \u00c7al\u0131\u015fmalar\u0131n\u0131 18 farkl\u0131 k\u00fclt\u00fcrden toplad\u0131\u011f\u0131 verilerle olu\u015fturmu\u015ftur. Sonunda yap\u0131lan her \u015feyin yanl\u0131\u015f olmad\u0131\u011f\u0131n\u0131 s\u00f6yleyen bir psikoterapist var. Tam tersine: Nossrat Peseschkian, 1954 y\u0131l\u0131ndan sonra Almanya&#8217;da Wiesbasden&#8217;da kendi klini\u011fini \u00e7al\u0131\u015ft\u0131ran \u0130ran&#8217;l\u0131 bir t\u0131p insan\u0131, pozitif bir bak\u0131\u015f a\u00e7\u0131s\u0131 sunma giri\u015fiminde bulundu. Peseschkian, Pozitif psikoterapinin kurucusu olarak \u00e7at\u0131\u015fmalara ve \u00fcz\u00fcnt\u00fclere pozitif bir bak\u0131\u015f a\u00e7\u0131s\u0131 geli\u015ftirdi. \u00d6rne\u011fin, depresyonu derinden duygulanma kapasitesi olarak, cinsel so\u011fuklu\u011fu bedenen hay\u0131r deme kapasitesi olarak sunmaktad\u0131r. Bu bak\u0131\u015f a\u00e7\u0131s\u0131 dan\u0131\u015fanlara \u00f6zg\u00fcven, g\u00fcvenlik ve durumu yeni bir bak\u0131\u015f a\u00e7\u0131s\u0131 ile de\u011ferlendirme f\u0131rsat\u0131 vermektedir. Dan\u0131\u015fana kendi \u00e7at\u0131\u015fmalar\u0131yla ilgili olarak fark\u0131ndal\u0131k kazand\u0131rmak i\u00e7in, ata s\u00f6zleri, \u00f6zl\u00fc s\u00f6zler, hikayeler, birer metafor olarak kullan\u0131lmaktad\u0131r. <\/p>\n","protected":false},"excerpt":{"rendered":"<p>Bir psikiyatri ve n\u00f6roloji uzman\u0131 olan Nossrat Peseschkian, 1933 y\u0131l\u0131nda \u0130ran&#8217;da do\u011fmu\u015f ve 1954 y\u0131l\u0131ndan 2010 y\u0131l\u0131ndaki vefat\u0131na kadar bat\u0131 Almanya&#8217;da ya\u015fam\u0131\u015ft\u0131r. Psikoterapi e\u011fitimini Almanya, \u0130sve\u00e7<span class=\"excerpt-hellip\"> [\u2026]<\/span><\/p>\n","protected":false},"featured_media":0,"template":"","meta":{"_monsterinsights_skip_tracking":false,"_monsterinsights_sitenote_active":false,"_monsterinsights_sitenote_note":"","_monsterinsights_sitenote_category":0},"product_brand":[],"product_cat":[38801,12357],"product_tag":[],"class_list":{"0":"post-705123","1":"product","2":"type-product","3":"status-publish","5":"product_cat-ekoller-ve-yaklasimlar","6":"product_cat-psikoloji","7":"pa_cilt-ciltsiz","8":"pa_tur-kitap","9":"pa_yayinevi-ani-yayincilik","10":"pa_yazar-nossrat-peseschkian","12":"first","13":"instock","14":"sale","15":"shipping-taxable","16":"purchasable","17":"product-type-simple"},"_links":{"self":[{"href":"https:\/\/roveyayinevi.com.tr\/index.php\/wp-json\/wp\/v2\/product\/705123","targetHints":{"allow":["GET"]}}],"collection":[{"href":"https:\/\/roveyayinevi.com.tr\/index.php\/wp-json\/wp\/v2\/product"}],"about":[{"href":"https:\/\/roveyayinevi.com.tr\/index.php\/wp-json\/wp\/v2\/types\/product"}],"wp:attachment":[{"href":"https:\/\/roveyayinevi.com.tr\/index.php\/wp-json\/wp\/v2\/media?parent=705123"}],"wp:term":[{"taxonomy":"product_brand","embeddable":true,"href":"https:\/\/roveyayinevi.com.tr\/index.php\/wp-json\/wp\/v2\/product_brand?post=705123"},{"taxonomy":"product_cat","embeddable":true,"href":"https:\/\/roveyayinevi.com.tr\/index.php\/wp-json\/wp\/v2\/product_cat?post=705123"},{"taxonomy":"product_tag","embeddable":true,"href":"https:\/\/roveyayinevi.com.tr\/index.php\/wp-json\/wp\/v2\/product_tag?post=705123"}],"curies":[{"name":"wp","href":"https:\/\/api.w.org\/{rel}","templated":true}]}}