{"id":705119,"date":"2025-08-27T15:42:38","date_gmt":"2025-08-27T12:42:38","guid":{"rendered":"https:\/\/roveyayinevi.com.tr\/index.php\/urun\/balzac\/"},"modified":"2026-04-16T02:13:59","modified_gmt":"2026-04-15T23:13:59","slug":"balzac","status":"publish","type":"product","link":"https:\/\/roveyayinevi.com.tr\/index.php\/urun\/balzac\/","title":{"rendered":"Balzac"},"content":{"rendered":"<p>Belki de ilk gen\u00e7lik d\u00f6nemlerimden bu yana beni me\u015fgul eden b\u00fcy\u00fck bir eser yazmay\u0131 denerim &#8211; Balzac hakk\u0131nda kal\u0131n bir kitap, bir ya\u015fam\u00f6yk\u00fcs\u00fc ve ele\u015ftiri. Muhtemelen \u00fc\u00e7, hatta d\u00f6rt y\u0131l gerektirece\u011fini biliyorum. Ama geriye kal\u0131c\u0131 bir \u015fey b\u0131rakmak istiyorum, on y\u0131llarca etkisini yitirmeyecek bir eser &#8230; Otuz y\u0131ld\u0131r Balzac okuyorum, hayranl\u0131\u011f\u0131mdan hi\u00e7bir \u015fey kaybetmeden tekrar tekrar okuyorum. \ufffcTan\u0131t\u0131m Metni<\/p>\n","protected":false},"excerpt":{"rendered":"<p>Belki de ilk gen\u00e7lik d\u00f6nemlerimden bu yana beni me\u015fgul eden b\u00fcy\u00fck bir eser yazmay\u0131 denerim &#8211; Balzac hakk\u0131nda kal\u0131n bir kitap, bir ya\u015fam\u00f6yk\u00fcs\u00fc ve ele\u015ftiri. Muhtemelen<span class=\"excerpt-hellip\"> [\u2026]<\/span><\/p>\n","protected":false},"featured_media":0,"template":"","meta":{"_monsterinsights_skip_tracking":false,"_monsterinsights_sitenote_active":false,"_monsterinsights_sitenote_note":"","_monsterinsights_sitenote_category":0},"product_brand":[],"product_cat":[13701,12291],"product_tag":[],"class_list":{"0":"post-705119","1":"product","2":"type-product","3":"status-publish","5":"product_cat-ani-mektup-gunluk","6":"product_cat-edebiyat","7":"pa_cilt-ciltsiz","8":"pa_tur-kitap","9":"pa_yayinevi-can-yayinlari","10":"pa_yazar-stefan-zweig","12":"first","13":"instock","14":"sale","15":"shipping-taxable","16":"purchasable","17":"product-type-simple"},"_links":{"self":[{"href":"https:\/\/roveyayinevi.com.tr\/index.php\/wp-json\/wp\/v2\/product\/705119","targetHints":{"allow":["GET"]}}],"collection":[{"href":"https:\/\/roveyayinevi.com.tr\/index.php\/wp-json\/wp\/v2\/product"}],"about":[{"href":"https:\/\/roveyayinevi.com.tr\/index.php\/wp-json\/wp\/v2\/types\/product"}],"wp:attachment":[{"href":"https:\/\/roveyayinevi.com.tr\/index.php\/wp-json\/wp\/v2\/media?parent=705119"}],"wp:term":[{"taxonomy":"product_brand","embeddable":true,"href":"https:\/\/roveyayinevi.com.tr\/index.php\/wp-json\/wp\/v2\/product_brand?post=705119"},{"taxonomy":"product_cat","embeddable":true,"href":"https:\/\/roveyayinevi.com.tr\/index.php\/wp-json\/wp\/v2\/product_cat?post=705119"},{"taxonomy":"product_tag","embeddable":true,"href":"https:\/\/roveyayinevi.com.tr\/index.php\/wp-json\/wp\/v2\/product_tag?post=705119"}],"curies":[{"name":"wp","href":"https:\/\/api.w.org\/{rel}","templated":true}]}}