{"id":705106,"date":"2025-08-27T15:42:33","date_gmt":"2025-08-27T12:42:33","guid":{"rendered":"https:\/\/roveyayinevi.com.tr\/index.php\/urun\/hayat-teselli-olmaktir\/"},"modified":"2026-04-16T02:13:59","modified_gmt":"2026-04-15T23:13:59","slug":"hayat-teselli-olmaktir","status":"publish","type":"product","link":"https:\/\/roveyayinevi.com.tr\/index.php\/urun\/hayat-teselli-olmaktir\/","title":{"rendered":"Hayat Teselli Olmakt\u0131r"},"content":{"rendered":"<p>Marx\u2019\u0131n  \u2018\u2019Kapitalizm , g\u00f6lgesini satamad\u0131\u011f\u0131 a\u011fac\u0131  keser .\u2019\u2019c\u00fcmlesi ile Efendimizin \u2018\u2019Hurma sizin halan\u0131zd\u0131r. \u2018\u2019 Hadis-i \u015eerif\u2019ini  ayn\u0131 g\u00fcn \u00f6\u011frendim.\u0130lkini anlayacak kadar ele\u015ftirel bak\u0131\u015f\u0131m geli\u015fmemi\u015fti hen\u00fcz. Efendimin c\u00fcmlesinin anlam\u0131n\u0131 i\u00e7imde haz\u0131r buldum.Her a\u011fac\u0131 o g\u00fcn bug\u00fcnd\u00fcr akrabam bildim. A\u011fa\u00e7lar\u0131n en \u00e7ok g\u00f6vdesine sar\u0131lmay\u0131 sevdim. A\u011fa\u00e7lar\u0131n g\u00f6vdesine sar\u0131lmay\u0131 sevdim . \u00c7\u00fcnk\u00fc can\u0131m\u0131n can\u0131 Annem buldu\u011fu her topra\u011fa a\u011fa\u00e7 dikerdi.Annemin, hayat\u0131n ac\u0131lar\u0131na kar\u015f\u0131l\u0131k bir teselli olarak a\u011fa\u00e7 diki\u015fini idrak etti\u011fimde ,otuzlu ya\u015flar\u0131m\u0131 geride b\u0131rakm\u0131\u015ft\u0131m.     \u00d6m\u00fcr denilen \u015feyin bir teselli aray\u0131\u015f\u0131 oldu\u011funu \u00f6\u011frenmeye hen\u00fcz ba\u015flam\u0131\u015ft\u0131m.\u0130\u015fte tam  o s\u0131ra Yusuf Hemedani\u2019nin c\u00fcmleleri mihmandar\u0131m oldu.\u2018\u2019Hayat Teselli Olmat\u0131r , herkes tesellisini kendi nev\u2019inden arar \u2018\u2019 diyordu.Yusuf Hemedani . Ben tesellimi kelimelerde buldum.   Fatma Barbaroso\u011flu duyduklar\u0131, g\u00f6rd\u00fckleri ve Okuduklar\u0131 \u2018\u2019teselli\u2019\u2019 olarak sunuyor okuyucusuna. <\/p>\n","protected":false},"excerpt":{"rendered":"<p>Marx\u2019\u0131n \u2018\u2019Kapitalizm , g\u00f6lgesini satamad\u0131\u011f\u0131 a\u011fac\u0131 keser .\u2019\u2019c\u00fcmlesi ile Efendimizin \u2018\u2019Hurma sizin halan\u0131zd\u0131r. \u2018\u2019 Hadis-i \u015eerif\u2019ini ayn\u0131 g\u00fcn \u00f6\u011frendim.\u0130lkini anlayacak kadar ele\u015ftirel bak\u0131\u015f\u0131m geli\u015fmemi\u015fti hen\u00fcz. Efendimin<span class=\"excerpt-hellip\"> [\u2026]<\/span><\/p>\n","protected":false},"featured_media":0,"template":"","meta":{"_monsterinsights_skip_tracking":false,"_monsterinsights_sitenote_active":false,"_monsterinsights_sitenote_note":"","_monsterinsights_sitenote_category":0},"product_brand":[],"product_cat":[12777,12291],"product_tag":[],"class_list":{"0":"post-705106","1":"product","2":"type-product","3":"status-publish","5":"product_cat-deneme","6":"product_cat-edebiyat","7":"pa_cilt-ciltsiz","8":"pa_tur-kitap","9":"pa_yayinevi-profil-kitap","10":"pa_yazar-fatma-barbarosoglu","12":"first","13":"instock","14":"sale","15":"shipping-taxable","16":"purchasable","17":"product-type-simple"},"_links":{"self":[{"href":"https:\/\/roveyayinevi.com.tr\/index.php\/wp-json\/wp\/v2\/product\/705106","targetHints":{"allow":["GET"]}}],"collection":[{"href":"https:\/\/roveyayinevi.com.tr\/index.php\/wp-json\/wp\/v2\/product"}],"about":[{"href":"https:\/\/roveyayinevi.com.tr\/index.php\/wp-json\/wp\/v2\/types\/product"}],"wp:attachment":[{"href":"https:\/\/roveyayinevi.com.tr\/index.php\/wp-json\/wp\/v2\/media?parent=705106"}],"wp:term":[{"taxonomy":"product_brand","embeddable":true,"href":"https:\/\/roveyayinevi.com.tr\/index.php\/wp-json\/wp\/v2\/product_brand?post=705106"},{"taxonomy":"product_cat","embeddable":true,"href":"https:\/\/roveyayinevi.com.tr\/index.php\/wp-json\/wp\/v2\/product_cat?post=705106"},{"taxonomy":"product_tag","embeddable":true,"href":"https:\/\/roveyayinevi.com.tr\/index.php\/wp-json\/wp\/v2\/product_tag?post=705106"}],"curies":[{"name":"wp","href":"https:\/\/api.w.org\/{rel}","templated":true}]}}