{"id":705076,"date":"2025-08-27T15:42:22","date_gmt":"2025-08-27T12:42:22","guid":{"rendered":"https:\/\/roveyayinevi.com.tr\/index.php\/urun\/bay-bello-ve-mavi-mucize\/"},"modified":"2026-04-16T02:13:58","modified_gmt":"2026-04-15T23:13:58","slug":"bay-bello-ve-mavi-mucize","status":"publish","type":"product","link":"https:\/\/roveyayinevi.com.tr\/index.php\/urun\/bay-bello-ve-mavi-mucize\/","title":{"rendered":"Bay Bello ve Mavi Mucize"},"content":{"rendered":"<p>E\u011fer o g\u00fcn babam\u0131n eczanesine o ya\u015fl\u0131 kad\u0131n gelmeseydi, bunca heyecan\u0131 ya\u015famaktan kurtulmu\u015f olurduk. \u0130\u015fte, on ya\u015f\u0131ndaki Max ve k\u00f6pe\u011fi Bello&#8217;nun hik\u00e2yesi b\u00f6yle ba\u015flar! Max ve babas\u0131 Sternheim, ya\u015fl\u0131 kad\u0131n\u0131n getirdi\u011fi mavi s\u0131v\u0131n\u0131n, bitkilerin do\u011fal olmayan bir h\u0131zla b\u00fcy\u00fcmesine yol a\u00e7t\u0131\u011f\u0131n\u0131 g\u00f6r\u00fcrler. Bir g\u00fcn, kazara yere d\u00f6k\u00fclen mavi s\u0131v\u0131y\u0131 i\u00e7en k\u00f6pek Bello, insana d\u00f6n\u00fc\u015f\u00fcr! Konu\u015fmaya ve y\u00fcr\u00fcmeye ba\u015flayan Bay Bello, k\u00f6pek oldu\u011fu d\u00f6nemdeki al\u0131\u015fkanl\u0131klar\u0131ndan vazge\u00e7emeyince, Max ile babas\u0131n\u0131n ba\u015f\u0131na t\u00fcrl\u00fc t\u00fcrl\u00fc tatl\u0131 bela a\u00e7ar. Max ile babas\u0131 Sternheim&#8217;\u0131n hen\u00fcz bilmedi\u011fi \u015fey ise, mavi s\u0131v\u0131n\u0131n hayvanlar \u00fczerindeki etkisinin ge\u00e7ici oldu\u011fudur. Bay Bello yeniden k\u00f6pe\u011fe d\u00f6n\u00fc\u015ft\u00fc\u011f\u00fcnde, her \u015fey eskisi gibi olacak m\u0131 dersiniz? Elbette hay\u0131r! Bu, Max ve Bay Bello&#8217;nun maceralar\u0131n\u0131n hen\u00fcz ba\u015flang\u0131c\u0131! \ufffcTan\u0131t\u0131m Metni<\/p>\n","protected":false},"excerpt":{"rendered":"<p>E\u011fer o g\u00fcn babam\u0131n eczanesine o ya\u015fl\u0131 kad\u0131n gelmeseydi, bunca heyecan\u0131 ya\u015famaktan kurtulmu\u015f olurduk. \u0130\u015fte, on ya\u015f\u0131ndaki Max ve k\u00f6pe\u011fi Bello&#8217;nun hik\u00e2yesi b\u00f6yle ba\u015flar! Max ve<span class=\"excerpt-hellip\"> [\u2026]<\/span><\/p>\n","protected":false},"featured_media":0,"template":"","meta":{"_monsterinsights_skip_tracking":false,"_monsterinsights_sitenote_active":false,"_monsterinsights_sitenote_note":"","_monsterinsights_sitenote_category":0},"product_brand":[],"product_cat":[12291,15117],"product_tag":[],"class_list":{"0":"post-705076","1":"product","2":"type-product","3":"status-publish","5":"product_cat-edebiyat","6":"product_cat-genclik-edebiyati","7":"pa_cilt-ciltsiz","8":"pa_tur-kitap","9":"pa_yayinevi-can-cocuk-yayinlari","10":"pa_yazar-paul-maar","12":"first","13":"instock","14":"sale","15":"shipping-taxable","16":"purchasable","17":"product-type-simple"},"_links":{"self":[{"href":"https:\/\/roveyayinevi.com.tr\/index.php\/wp-json\/wp\/v2\/product\/705076","targetHints":{"allow":["GET"]}}],"collection":[{"href":"https:\/\/roveyayinevi.com.tr\/index.php\/wp-json\/wp\/v2\/product"}],"about":[{"href":"https:\/\/roveyayinevi.com.tr\/index.php\/wp-json\/wp\/v2\/types\/product"}],"wp:attachment":[{"href":"https:\/\/roveyayinevi.com.tr\/index.php\/wp-json\/wp\/v2\/media?parent=705076"}],"wp:term":[{"taxonomy":"product_brand","embeddable":true,"href":"https:\/\/roveyayinevi.com.tr\/index.php\/wp-json\/wp\/v2\/product_brand?post=705076"},{"taxonomy":"product_cat","embeddable":true,"href":"https:\/\/roveyayinevi.com.tr\/index.php\/wp-json\/wp\/v2\/product_cat?post=705076"},{"taxonomy":"product_tag","embeddable":true,"href":"https:\/\/roveyayinevi.com.tr\/index.php\/wp-json\/wp\/v2\/product_tag?post=705076"}],"curies":[{"name":"wp","href":"https:\/\/api.w.org\/{rel}","templated":true}]}}