{"id":705068,"date":"2025-08-27T15:42:19","date_gmt":"2025-08-27T12:42:19","guid":{"rendered":"https:\/\/roveyayinevi.com.tr\/index.php\/urun\/islamsiz-kurdistan-hayali-ve-ortadogu\/"},"modified":"2026-04-12T02:16:42","modified_gmt":"2026-04-11T23:16:42","slug":"islamsiz-kurdistan-hayali-ve-ortadogu","status":"publish","type":"product","link":"https:\/\/roveyayinevi.com.tr\/index.php\/urun\/islamsiz-kurdistan-hayali-ve-ortadogu\/","title":{"rendered":"\u0130slams\u0131z K\u00fcrdistan Hayali ve Ortado\u011fu"},"content":{"rendered":"<p>\u201cAd\u0131 ne olursa olsun, bir k\u0131s\u0131m g\u00fc\u00e7ler, \u0130slamiyet\u2019i, Anadolu ve Mezopotamya\u2019dan t\u00fcm\u00fc ile s\u00f6k\u00fcp Arap Yar\u0131madas\u0131\u2019na kovmak ve oraya hapsetmek istiyor.\u201d <\/p>\n","protected":false},"excerpt":{"rendered":"<p>\u201cAd\u0131 ne olursa olsun, bir k\u0131s\u0131m g\u00fc\u00e7ler, \u0130slamiyet\u2019i, Anadolu ve Mezopotamya\u2019dan t\u00fcm\u00fc ile s\u00f6k\u00fcp Arap Yar\u0131madas\u0131\u2019na kovmak ve oraya hapsetmek istiyor.\u201d<\/p>\n","protected":false},"featured_media":0,"template":"","meta":{"_monsterinsights_skip_tracking":false,"_monsterinsights_sitenote_active":false,"_monsterinsights_sitenote_note":"","_monsterinsights_sitenote_category":0},"product_brand":[],"product_cat":[20085,12337],"product_tag":[],"class_list":{"0":"post-705068","1":"product","2":"type-product","3":"status-publish","5":"product_cat-islam-ortadogu","6":"product_cat-politika-siyaset","7":"pa_tur-kitap","8":"pa_yayinevi-etkilesim-yayinlari","9":"pa_yazar-mufit-yuksel","11":"first","12":"instock","13":"sale","14":"shipping-taxable","15":"purchasable","16":"product-type-simple"},"_links":{"self":[{"href":"https:\/\/roveyayinevi.com.tr\/index.php\/wp-json\/wp\/v2\/product\/705068","targetHints":{"allow":["GET"]}}],"collection":[{"href":"https:\/\/roveyayinevi.com.tr\/index.php\/wp-json\/wp\/v2\/product"}],"about":[{"href":"https:\/\/roveyayinevi.com.tr\/index.php\/wp-json\/wp\/v2\/types\/product"}],"wp:attachment":[{"href":"https:\/\/roveyayinevi.com.tr\/index.php\/wp-json\/wp\/v2\/media?parent=705068"}],"wp:term":[{"taxonomy":"product_brand","embeddable":true,"href":"https:\/\/roveyayinevi.com.tr\/index.php\/wp-json\/wp\/v2\/product_brand?post=705068"},{"taxonomy":"product_cat","embeddable":true,"href":"https:\/\/roveyayinevi.com.tr\/index.php\/wp-json\/wp\/v2\/product_cat?post=705068"},{"taxonomy":"product_tag","embeddable":true,"href":"https:\/\/roveyayinevi.com.tr\/index.php\/wp-json\/wp\/v2\/product_tag?post=705068"}],"curies":[{"name":"wp","href":"https:\/\/api.w.org\/{rel}","templated":true}]}}