{"id":705065,"date":"2025-08-27T15:42:18","date_gmt":"2025-08-27T12:42:18","guid":{"rendered":"https:\/\/roveyayinevi.com.tr\/index.php\/urun\/allaha-kosun\/"},"modified":"2026-04-16T02:13:58","modified_gmt":"2026-04-15T23:13:58","slug":"allaha-kosun","status":"publish","type":"product","link":"https:\/\/roveyayinevi.com.tr\/index.php\/urun\/allaha-kosun\/","title":{"rendered":"Allah&#8217;a Ko\u015fun"},"content":{"rendered":"<p>\u0130nsanlar kendi hayat\u0131n\u0131 ya\u015famad\u0131\u011f\u0131 i\u00e7in mutsuz. Hep birileri mutlu olsun diye ko\u015fturmaktan y\u00fcrekleri yorgun. Hepsi bu&#8230;\u00dcz\u00fclme! Giden kendi kaybetmi\u015ftir asl\u0131nda. Neyi mi? \u201cVerdi\u011fin sevgiyi, de\u011fer ve eme\u011fi&#8230;\u201dMaske takan insanlardan Allah\u2019a s\u0131\u011f\u0131n\u0131r\u0131m.Allah verdi\u011fin eme\u011fi hak edecek insan\u0131 kar\u015f\u0131na \u00e7\u0131kars\u0131n. \u00c7\u00fcnk\u00fc Allah adildir. Kimsenin hakk\u0131n\u0131 kimseye b\u0131rakmaz. Bu d\u00fcnyada \u00f6yle insanlar var ki, melek gibi insanlar\u0131n kalbini k\u0131r\u0131p yine de kendini hakl\u0131 san\u0131yor. Allah bizi onlardan korusun. Ger\u00e7ek M\u00fcsl\u00fcman inciten de\u011fil, incitmeye korkand\u0131r! Allah\u0131m sen kimseye sonradan \u201cBu muydu sevdi\u011fim insan!\u201d dedirtme. Yaram\u0131z var hepimizin. \u00c7ok \u015f\u00fck\u00fcr yaram\u0131z\u0131 saran bir de Yaradan\u2019\u0131m\u0131z&#8230; \u201cSana b\u0131rakt\u0131m Allah\u0131m&#8230;\u201d c\u00fcmlesinin verdi\u011fi hafiflik pamu\u011fun zerresinde yok.\u00c7ok \u015f\u00fck\u00fcr&#8230;Karars\u0131z kald\u0131\u011f\u0131nda de ki:\u201cBeni yaratan yolumu elbet g\u00f6sterir.\u201d (\u015euara 78)<\/p>\n","protected":false},"excerpt":{"rendered":"<p>\u0130nsanlar kendi hayat\u0131n\u0131 ya\u015famad\u0131\u011f\u0131 i\u00e7in mutsuz. Hep birileri mutlu olsun diye ko\u015fturmaktan y\u00fcrekleri yorgun. Hepsi bu&#8230;\u00dcz\u00fclme! Giden kendi kaybetmi\u015ftir asl\u0131nda. Neyi mi? \u201cVerdi\u011fin sevgiyi, de\u011fer ve<span class=\"excerpt-hellip\"> [\u2026]<\/span><\/p>\n","protected":false},"featured_media":0,"template":"","meta":{"_monsterinsights_skip_tracking":false,"_monsterinsights_sitenote_active":false,"_monsterinsights_sitenote_note":"","_monsterinsights_sitenote_category":0},"product_brand":[],"product_cat":[12718,12719,12720],"product_tag":[],"class_list":{"0":"post-705065","1":"product","2":"type-product","3":"status-publish","5":"product_cat-din","6":"product_cat-islam","7":"product_cat-tasavvuf-mezhepler-tarikatlar","8":"pa_cilt-ciltsiz","9":"pa_tur-kitap","10":"pa_yayinevi-destek-yayinlari","11":"pa_yazar-ugur-kosar","13":"first","14":"instock","15":"sale","16":"shipping-taxable","17":"purchasable","18":"product-type-simple"},"_links":{"self":[{"href":"https:\/\/roveyayinevi.com.tr\/index.php\/wp-json\/wp\/v2\/product\/705065","targetHints":{"allow":["GET"]}}],"collection":[{"href":"https:\/\/roveyayinevi.com.tr\/index.php\/wp-json\/wp\/v2\/product"}],"about":[{"href":"https:\/\/roveyayinevi.com.tr\/index.php\/wp-json\/wp\/v2\/types\/product"}],"wp:attachment":[{"href":"https:\/\/roveyayinevi.com.tr\/index.php\/wp-json\/wp\/v2\/media?parent=705065"}],"wp:term":[{"taxonomy":"product_brand","embeddable":true,"href":"https:\/\/roveyayinevi.com.tr\/index.php\/wp-json\/wp\/v2\/product_brand?post=705065"},{"taxonomy":"product_cat","embeddable":true,"href":"https:\/\/roveyayinevi.com.tr\/index.php\/wp-json\/wp\/v2\/product_cat?post=705065"},{"taxonomy":"product_tag","embeddable":true,"href":"https:\/\/roveyayinevi.com.tr\/index.php\/wp-json\/wp\/v2\/product_tag?post=705065"}],"curies":[{"name":"wp","href":"https:\/\/api.w.org\/{rel}","templated":true}]}}