{"id":705060,"date":"2025-08-27T15:42:16","date_gmt":"2025-08-27T12:42:16","guid":{"rendered":"https:\/\/roveyayinevi.com.tr\/index.php\/urun\/esik-burcu-butun-yazilari-3\/"},"modified":"2026-04-16T02:13:57","modified_gmt":"2026-04-15T23:13:57","slug":"esik-burcu-butun-yazilari-3","status":"publish","type":"product","link":"https:\/\/roveyayinevi.com.tr\/index.php\/urun\/esik-burcu-butun-yazilari-3\/","title":{"rendered":"E\u015fik Burcu &#8211; B\u00fct\u00fcn Yaz\u0131lar\u0131 3"},"content":{"rendered":"<p>\u201cYarat\u0131m s\u00fcreci, alg\u0131lanan ger\u00e7ekli\u011fin insan zihninin bilinmeyen labirentlerinden ge\u00e7erek hece hece s\u00f6ze d\u00f6n\u00fc\u015ft\u00fc\u011f\u00fc karmakar\u0131\u015f\u0131k bir s\u00fcre\u00e7tir. \u0130nsan\u0131 ger\u00e7eklikten kopar\u0131r. D\u00fcnyay\u0131 bir u\u011fultuya d\u00f6n\u00fc\u015ft\u00fcr\u00fcr. Hem ak\u0131l d\u0131\u015f\u0131d\u0131r hem de s\u00fcrekli akl\u0131n m\u00fcdahalesini arar. Ama bu ak\u0131l, bu m\u00fcdahale neredeyse t\u00fcm\u00fcyle sezgiye d\u00f6n\u00fc\u015fm\u00fc\u015ft\u00fcr. Ak\u0131l bir anlamda kalbin i\u00e7inde erimi\u015ftir. Bunun tersi de do\u011frudur. G\u00fcnlerdir huzursuz eden sorun, tam bir gerilim halini alm\u0131\u015ft\u0131r. \u00c7ok bilinmeyenli bir matematik problemi, binlerce \u00e7\u00f6z\u00fcm\u00fcyle \u00f6n\u00fcn\u00fczde durmaktad\u0131r. Ses, anlam, ritim, \u00f6l\u00e7\u00fc, uyak, bi\u00e7im&#8230; sizden b\u00fct\u00fcn h\u00fcnerinizi istemektedir. Sadece h\u00fcnerinizi de\u011fil, ba\u015ftan aya\u011fa sizi istemektedir. Siz, sorununuza, dile, \u015fiire, hayata ve zamana hakk\u0131n\u0131 vereceksiniz. Bu cehennemin sonucu, bazen birka\u00e7 dizedir, bazen daha uzun bir \u015fiir. Kar\u015f\u0131l\u0131\u011f\u0131 m\u0131? Bir avu\u00e7 insan\u0131n, dizeleri biraz aralay\u0131p, i\u00e7erde, dipte olup biteni duyumsamaya \u00e7al\u0131\u015fmas\u0131&#8230;\u201d \ufffcTan\u0131t\u0131m Metni<\/p>\n","protected":false},"excerpt":{"rendered":"<p>\u201cYarat\u0131m s\u00fcreci, alg\u0131lanan ger\u00e7ekli\u011fin insan zihninin bilinmeyen labirentlerinden ge\u00e7erek hece hece s\u00f6ze d\u00f6n\u00fc\u015ft\u00fc\u011f\u00fc karmakar\u0131\u015f\u0131k bir s\u00fcre\u00e7tir. \u0130nsan\u0131 ger\u00e7eklikten kopar\u0131r. D\u00fcnyay\u0131 bir u\u011fultuya d\u00f6n\u00fc\u015ft\u00fcr\u00fcr. Hem ak\u0131l d\u0131\u015f\u0131d\u0131r<span class=\"excerpt-hellip\"> [\u2026]<\/span><\/p>\n","protected":false},"featured_media":0,"template":"","meta":{"_monsterinsights_skip_tracking":false,"_monsterinsights_sitenote_active":false,"_monsterinsights_sitenote_note":"","_monsterinsights_sitenote_category":0},"product_brand":[],"product_cat":[12777,12291],"product_tag":[],"class_list":{"0":"post-705060","1":"product","2":"type-product","3":"status-publish","5":"product_cat-deneme","6":"product_cat-edebiyat","7":"pa_cilt-ciltsiz","8":"pa_tur-kitap","9":"pa_yayinevi-kirmizi-kedi-yayinevi","10":"pa_yazar-sukru-erbas","12":"first","13":"instock","14":"sale","15":"shipping-taxable","16":"purchasable","17":"product-type-simple"},"_links":{"self":[{"href":"https:\/\/roveyayinevi.com.tr\/index.php\/wp-json\/wp\/v2\/product\/705060","targetHints":{"allow":["GET"]}}],"collection":[{"href":"https:\/\/roveyayinevi.com.tr\/index.php\/wp-json\/wp\/v2\/product"}],"about":[{"href":"https:\/\/roveyayinevi.com.tr\/index.php\/wp-json\/wp\/v2\/types\/product"}],"wp:attachment":[{"href":"https:\/\/roveyayinevi.com.tr\/index.php\/wp-json\/wp\/v2\/media?parent=705060"}],"wp:term":[{"taxonomy":"product_brand","embeddable":true,"href":"https:\/\/roveyayinevi.com.tr\/index.php\/wp-json\/wp\/v2\/product_brand?post=705060"},{"taxonomy":"product_cat","embeddable":true,"href":"https:\/\/roveyayinevi.com.tr\/index.php\/wp-json\/wp\/v2\/product_cat?post=705060"},{"taxonomy":"product_tag","embeddable":true,"href":"https:\/\/roveyayinevi.com.tr\/index.php\/wp-json\/wp\/v2\/product_tag?post=705060"}],"curies":[{"name":"wp","href":"https:\/\/api.w.org\/{rel}","templated":true}]}}