{"id":705057,"date":"2025-08-27T15:42:15","date_gmt":"2025-08-27T12:42:15","guid":{"rendered":"https:\/\/roveyayinevi.com.tr\/index.php\/urun\/anlatsana-pista\/"},"modified":"2026-02-03T02:23:45","modified_gmt":"2026-02-02T23:23:45","slug":"anlatsana-pista","status":"publish","type":"product","link":"https:\/\/roveyayinevi.com.tr\/index.php\/urun\/anlatsana-pista\/","title":{"rendered":"Anlatsana Pi\u015fta!"},"content":{"rendered":"<p>Anlatsana Pi\u015fta!, Macarlar\u0131n \u00e7ok sevilen yazar\u0131 Istv\u00e1n \u00d6rk\u00e9ny\u2019in edebi hayat hikayesidir. <\/p>\n","protected":false},"excerpt":{"rendered":"<p>Anlatsana Pi\u015fta!, Macarlar\u0131n \u00e7ok sevilen yazar\u0131 Istv\u00e1n \u00d6rk\u00e9ny\u2019in edebi hayat hikayesidir.<\/p>\n","protected":false},"featured_media":0,"template":"","meta":{"_monsterinsights_skip_tracking":false,"_monsterinsights_sitenote_active":false,"_monsterinsights_sitenote_note":"","_monsterinsights_sitenote_category":0},"product_brand":[],"product_cat":[12291,15566],"product_tag":[],"class_list":{"0":"post-705057","1":"product","2":"type-product","3":"status-publish","5":"product_cat-edebiyat","6":"product_cat-oyun","7":"pa_tur-kitap","8":"pa_yayinevi-yeni-insan-yayinlari","9":"pa_yazar-istvan-orkeny","11":"first","12":"instock","13":"sale","14":"shipping-taxable","15":"purchasable","16":"product-type-simple"},"_links":{"self":[{"href":"https:\/\/roveyayinevi.com.tr\/index.php\/wp-json\/wp\/v2\/product\/705057","targetHints":{"allow":["GET"]}}],"collection":[{"href":"https:\/\/roveyayinevi.com.tr\/index.php\/wp-json\/wp\/v2\/product"}],"about":[{"href":"https:\/\/roveyayinevi.com.tr\/index.php\/wp-json\/wp\/v2\/types\/product"}],"wp:attachment":[{"href":"https:\/\/roveyayinevi.com.tr\/index.php\/wp-json\/wp\/v2\/media?parent=705057"}],"wp:term":[{"taxonomy":"product_brand","embeddable":true,"href":"https:\/\/roveyayinevi.com.tr\/index.php\/wp-json\/wp\/v2\/product_brand?post=705057"},{"taxonomy":"product_cat","embeddable":true,"href":"https:\/\/roveyayinevi.com.tr\/index.php\/wp-json\/wp\/v2\/product_cat?post=705057"},{"taxonomy":"product_tag","embeddable":true,"href":"https:\/\/roveyayinevi.com.tr\/index.php\/wp-json\/wp\/v2\/product_tag?post=705057"}],"curies":[{"name":"wp","href":"https:\/\/api.w.org\/{rel}","templated":true}]}}