{"id":705050,"date":"2025-08-27T15:42:12","date_gmt":"2025-08-27T12:42:12","guid":{"rendered":"https:\/\/roveyayinevi.com.tr\/index.php\/urun\/kuran-gunlugu\/"},"modified":"2026-04-16T02:13:57","modified_gmt":"2026-04-15T23:13:57","slug":"kuran-gunlugu","status":"publish","type":"product","link":"https:\/\/roveyayinevi.com.tr\/index.php\/urun\/kuran-gunlugu\/","title":{"rendered":"Kur&#8217;an G\u00fcnl\u00fc\u011f\u00fc"},"content":{"rendered":"<p>Kur&#8217;an G\u00fcnl\u00fckleri  asla akademik de\u011feri olan bir \u00e7al\u0131\u015fma olma iddias\u0131nda de\u011fil, olamaz da -buna bencileyin fakirin ne ilmi yeter, ne g\u00f6rg\u00fcs\u00fc-bilgisi, ne de feraseti. Bunu herkes bililr, bilmeyenler de bilvesile \u00f6\u011frenmelidir.  Kur&#8217;an G\u00fcnl\u00fckleri , Rabbine kulluk edebilme ate\u015fiyle yanan, bunun i\u00e7in de O&#8217;nun \u0130lahi Kelam\u0131nda, mubarek Kur&#8217;an&#8217;da be\u015fer diline d\u00f6kt\u00fc\u011f\u00fc Murad-\u0131 \u0130lahisini a\u015fk ile cehd ederek almaya-kavramaya, giderek i\u00e7ine sindirirp hayat\u0131n\u0131n ayr\u0131lmaz bir par\u00e7as\u0131 haline getirmeye \u00e7al\u0131\u015fan herksesi, tabii ki \u00f6nce M\u00fcsl\u00fcmanlar\u0131, sonra da akl\u0131 eren, g\u00f6nl\u00fc co\u015fan her t\u00fcrl\u00fc inan\u00e7 sisteminin m\u00fc&#8217;minlerini, Hakikat Bilgisinin bu e\u015fsiz ve nihai kayna\u011f\u0131yal kendi \u00f6z gayretiyle muhatap olmaya, kucakla\u015fmaya, yani bir anlamda kendi  Kur&#8217;an G\u00fcnl\u00fc\u011f\u00fc&#8217;n\u00fc tutmaya bir davettir asl\u0131nda! <\/p>\n","protected":false},"excerpt":{"rendered":"<p>Kur&#8217;an G\u00fcnl\u00fckleri asla akademik de\u011feri olan bir \u00e7al\u0131\u015fma olma iddias\u0131nda de\u011fil, olamaz da -buna bencileyin fakirin ne ilmi yeter, ne g\u00f6rg\u00fcs\u00fc-bilgisi, ne de feraseti. Bunu herkes<span class=\"excerpt-hellip\"> [\u2026]<\/span><\/p>\n","protected":false},"featured_media":0,"template":"","meta":{"_monsterinsights_skip_tracking":false,"_monsterinsights_sitenote_active":false,"_monsterinsights_sitenote_note":"","_monsterinsights_sitenote_category":0},"product_brand":[],"product_cat":[12718,12719],"product_tag":[],"class_list":{"0":"post-705050","1":"product","2":"type-product","3":"status-publish","5":"product_cat-din","6":"product_cat-islam","7":"pa_cilt-ciltsiz","8":"pa_tur-kitap","9":"pa_yayinevi-profil-kitap","10":"pa_yazar-munib-engin-noyan","12":"first","13":"instock","14":"sale","15":"shipping-taxable","16":"purchasable","17":"product-type-simple"},"_links":{"self":[{"href":"https:\/\/roveyayinevi.com.tr\/index.php\/wp-json\/wp\/v2\/product\/705050","targetHints":{"allow":["GET"]}}],"collection":[{"href":"https:\/\/roveyayinevi.com.tr\/index.php\/wp-json\/wp\/v2\/product"}],"about":[{"href":"https:\/\/roveyayinevi.com.tr\/index.php\/wp-json\/wp\/v2\/types\/product"}],"wp:attachment":[{"href":"https:\/\/roveyayinevi.com.tr\/index.php\/wp-json\/wp\/v2\/media?parent=705050"}],"wp:term":[{"taxonomy":"product_brand","embeddable":true,"href":"https:\/\/roveyayinevi.com.tr\/index.php\/wp-json\/wp\/v2\/product_brand?post=705050"},{"taxonomy":"product_cat","embeddable":true,"href":"https:\/\/roveyayinevi.com.tr\/index.php\/wp-json\/wp\/v2\/product_cat?post=705050"},{"taxonomy":"product_tag","embeddable":true,"href":"https:\/\/roveyayinevi.com.tr\/index.php\/wp-json\/wp\/v2\/product_tag?post=705050"}],"curies":[{"name":"wp","href":"https:\/\/api.w.org\/{rel}","templated":true}]}}