{"id":705048,"date":"2025-08-27T15:42:11","date_gmt":"2025-08-27T12:42:11","guid":{"rendered":"https:\/\/roveyayinevi.com.tr\/index.php\/urun\/bangkok-hilton-gunlugu\/"},"modified":"2026-04-16T02:13:57","modified_gmt":"2026-04-15T23:13:57","slug":"bangkok-hilton-gunlugu","status":"publish","type":"product","link":"https:\/\/roveyayinevi.com.tr\/index.php\/urun\/bangkok-hilton-gunlugu\/","title":{"rendered":"Bangkok Hilton G\u00fcnl\u00fc\u011f\u00fc"},"content":{"rendered":"<p>Hindistan\u2019dan Tayland\u2019a \u201csihirli kabak\u201d ka\u00e7ak\u00e7\u0131l\u0131\u011f\u0131ndan iki kez idam cezas\u0131 alm\u0131\u015f ve sekiz y\u0131ld\u0131r Tayland\u2019\u0131n en ac\u0131mas\u0131z hapishanesi Bangkok Hilton\u2019da \u00e7\u00fcr\u00fcmekte olan Burhan Soze, Berlin Kreuzberg\u2019den \u00fc\u00e7\u00fcnc\u00fc ku\u015fak bir Almanc\u0131d\u0131r. Hapishanede daha \u00e7ok Geceyar\u0131s\u0131 Ekspresi ad\u0131yla bilinen Burhan ayn\u0131 h\u00fccreyi payla\u015ft\u0131\u011f\u0131 bir mahkum arkada\u015f\u0131n\u0131n \u00f6l\u00fcm\u00fcne tan\u0131k olmas\u0131n\u0131n ard\u0131ndan Hilton cehenneminden \u00f6l\u00fc ya da diri ka\u00e7maya karar verir. Yoksa idam edilmese bile orada k\u0131r\u0131k bir kalple \u00f6lecektir. Bu yolda zihnini t\u00fcm\u00fcyle de\u011fi\u015ftirece\u011fini umdu\u011fu Bangkok Hilton G\u00fcnl\u00fc\u011f\u00fc\u2019n\u00fc yazmaya ba\u015flar. Belki de g\u00f6rd\u00fc\u011f\u00fc bu r\u00fcya ger\u00e7ekti \u00e7\u00fcnk\u00fc \u00e7ok ge\u00e7meden Hilton\u2019da ba\u015flayan ve giderek b\u00fcy\u00fcyen isyan kendine \u00f6zg\u00fc vah\u015fi bir g\u00fczelli\u011fe b\u00fcr\u00fcn\u00fcr. D\u00fc\u015f\u00fcnd\u00fc\u011f\u00fc her \u015feyin ger\u00e7ek olma olas\u0131l\u0131\u011f\u0131 vard\u0131 ve aylard\u0131r neler olup bitti\u011fini tam olarak \u00e7\u00f6zemese bile sonunda d\u00fcnyay\u0131 de\u011fi\u015ftirmek i\u00e7in \u00f6nce kendini de\u011fi\u015ftirmek gerekti\u011fini anlam\u0131\u015ft\u0131 en az\u0131ndan. <\/p>\n","protected":false},"excerpt":{"rendered":"<p>Hindistan\u2019dan Tayland\u2019a \u201csihirli kabak\u201d ka\u00e7ak\u00e7\u0131l\u0131\u011f\u0131ndan iki kez idam cezas\u0131 alm\u0131\u015f ve sekiz y\u0131ld\u0131r Tayland\u2019\u0131n en ac\u0131mas\u0131z hapishanesi Bangkok Hilton\u2019da \u00e7\u00fcr\u00fcmekte olan Burhan Soze, Berlin Kreuzberg\u2019den \u00fc\u00e7\u00fcnc\u00fc<span class=\"excerpt-hellip\"> [\u2026]<\/span><\/p>\n","protected":false},"featured_media":0,"template":"","meta":{"_monsterinsights_skip_tracking":false,"_monsterinsights_sitenote_active":false,"_monsterinsights_sitenote_note":"","_monsterinsights_sitenote_category":0},"product_brand":[],"product_cat":[12291,12711],"product_tag":[],"class_list":{"0":"post-705048","1":"product","2":"type-product","3":"status-publish","5":"product_cat-edebiyat","6":"product_cat-roman-oyku","7":"pa_tur-kitap","8":"pa_yayinevi-akil-celen-kitaplar","9":"pa_yazar-aydin-levendoglu","11":"first","12":"instock","13":"sale","14":"shipping-taxable","15":"purchasable","16":"product-type-simple"},"_links":{"self":[{"href":"https:\/\/roveyayinevi.com.tr\/index.php\/wp-json\/wp\/v2\/product\/705048","targetHints":{"allow":["GET"]}}],"collection":[{"href":"https:\/\/roveyayinevi.com.tr\/index.php\/wp-json\/wp\/v2\/product"}],"about":[{"href":"https:\/\/roveyayinevi.com.tr\/index.php\/wp-json\/wp\/v2\/types\/product"}],"wp:attachment":[{"href":"https:\/\/roveyayinevi.com.tr\/index.php\/wp-json\/wp\/v2\/media?parent=705048"}],"wp:term":[{"taxonomy":"product_brand","embeddable":true,"href":"https:\/\/roveyayinevi.com.tr\/index.php\/wp-json\/wp\/v2\/product_brand?post=705048"},{"taxonomy":"product_cat","embeddable":true,"href":"https:\/\/roveyayinevi.com.tr\/index.php\/wp-json\/wp\/v2\/product_cat?post=705048"},{"taxonomy":"product_tag","embeddable":true,"href":"https:\/\/roveyayinevi.com.tr\/index.php\/wp-json\/wp\/v2\/product_tag?post=705048"}],"curies":[{"name":"wp","href":"https:\/\/api.w.org\/{rel}","templated":true}]}}