{"id":705026,"date":"2025-08-27T15:41:22","date_gmt":"2025-08-27T12:41:22","guid":{"rendered":"https:\/\/roveyayinevi.com.tr\/index.php\/urun\/psikoterapist-ve-mitlere-yolculuk\/"},"modified":"2026-04-16T02:13:56","modified_gmt":"2026-04-15T23:13:56","slug":"psikoterapist-ve-mitlere-yolculuk","status":"publish","type":"product","link":"https:\/\/roveyayinevi.com.tr\/index.php\/urun\/psikoterapist-ve-mitlere-yolculuk\/","title":{"rendered":"Psikoterapist ve Mitlere Yolculuk"},"content":{"rendered":"<p>Bir terapistin odas\u0131nda neredeyse her g\u00fcn olur. Bir dan\u0131\u015fan; bir insan\u0131, bir olay\u0131 ya da bir duyguyu hat\u0131rlayarak, olduk\u00e7a beklenmedik bir \u015fekilde, \u015fu andaki hayattan bir durumu, k\u00fclt\u00fcr\u00fcm\u00fcz\u00fcn eskimeyen mitlerinden birine ba\u011flar. Tam o anda, mit bir aynaya d\u00f6n\u00fc\u015f\u00fcr, s\u0131kl\u0131kla bir y\u0131l ya da daha uzun s\u00fcredir devam eden bir davran\u0131\u015f kal\u0131b\u0131n\u0131n rahats\u0131zl\u0131k ve ac\u0131 i\u00e7eren kayna\u011f\u0131n\u0131 a\u00e7\u0131\u011fa \u00e7\u0131kar\u0131r. \u0130yile\u015fme s\u00fcreci ba\u015flar. Mit, ya da Rollo May\u2019in ifadesiyle \u201czaman\u0131 par\u00e7alayan sonsuzluk\u201d, iyile\u015fmenin odak noktas\u0131 haline gelir. Dr. May, Klasik Yunan ve Dante\u2019nin Orta \u00c7a\u011f\u0131, Avrupa efsanesi (Faust ve Uyuyan G\u00fczel prototipi) ve \u00e7a\u011fda\u015f Amerikan hayat\u0131nda (Jay Gatsby) mitlerin izini s\u00fcrd\u00fc. Bunlar\u0131 r\u00fcyalar ve kendi uygulamalar\u0131nda kar\u015f\u0131la\u015ft\u0131\u011f\u0131 \u00e7a\u011fr\u0131\u015f\u0131mlarla ili\u015fkilendirdi. Rollo May, Psikoterapist ve Mitlere Yolculuk\u2019ta, manevi olarak kafa kar\u0131\u015ft\u0131ran bu d\u00fcnyada, y\u00f6n arayanlara anlam ve sa\u011flam bir zemin sunuyor. B\u00fcy\u00fck terapist Rollo May, Amerikan Psikoloji Cemiyeti taraf\u0131ndan yaz\u0131lar\u0131n\u0131n \u201czarafetini, zekas\u0131n\u0131 ve \u00fcslubunu\u201d onurland\u0131ran Alt\u0131n Madalya \u00d6d\u00fcl\u00fc\u2019ne lay\u0131k g\u00f6r\u00fclm\u00fc\u015ft\u00fcr. <\/p>\n","protected":false},"excerpt":{"rendered":"<p>Bir terapistin odas\u0131nda neredeyse her g\u00fcn olur. Bir dan\u0131\u015fan; bir insan\u0131, bir olay\u0131 ya da bir duyguyu hat\u0131rlayarak, olduk\u00e7a beklenmedik bir \u015fekilde, \u015fu andaki hayattan bir<span class=\"excerpt-hellip\"> [\u2026]<\/span><\/p>\n","protected":false},"featured_media":0,"template":"","meta":{"_monsterinsights_skip_tracking":false,"_monsterinsights_sitenote_active":false,"_monsterinsights_sitenote_note":"","_monsterinsights_sitenote_category":0},"product_brand":[],"product_cat":[20502,12357],"product_tag":[],"class_list":{"0":"post-705026","1":"product","2":"type-product","3":"status-publish","5":"product_cat-basvuru-kitaplari-psikoloji","6":"product_cat-psikoloji","7":"pa_cilt-ciltsiz","8":"pa_tur-kitap","9":"pa_yayinevi-okuyan-us-yayin","10":"pa_yazar-rollo-may","12":"first","13":"instock","14":"sale","15":"shipping-taxable","16":"purchasable","17":"product-type-simple"},"_links":{"self":[{"href":"https:\/\/roveyayinevi.com.tr\/index.php\/wp-json\/wp\/v2\/product\/705026","targetHints":{"allow":["GET"]}}],"collection":[{"href":"https:\/\/roveyayinevi.com.tr\/index.php\/wp-json\/wp\/v2\/product"}],"about":[{"href":"https:\/\/roveyayinevi.com.tr\/index.php\/wp-json\/wp\/v2\/types\/product"}],"wp:attachment":[{"href":"https:\/\/roveyayinevi.com.tr\/index.php\/wp-json\/wp\/v2\/media?parent=705026"}],"wp:term":[{"taxonomy":"product_brand","embeddable":true,"href":"https:\/\/roveyayinevi.com.tr\/index.php\/wp-json\/wp\/v2\/product_brand?post=705026"},{"taxonomy":"product_cat","embeddable":true,"href":"https:\/\/roveyayinevi.com.tr\/index.php\/wp-json\/wp\/v2\/product_cat?post=705026"},{"taxonomy":"product_tag","embeddable":true,"href":"https:\/\/roveyayinevi.com.tr\/index.php\/wp-json\/wp\/v2\/product_tag?post=705026"}],"curies":[{"name":"wp","href":"https:\/\/api.w.org\/{rel}","templated":true}]}}