{"id":705007,"date":"2025-08-27T15:41:14","date_gmt":"2025-08-27T12:41:14","guid":{"rendered":"https:\/\/roveyayinevi.com.tr\/index.php\/urun\/yavas-adam\/"},"modified":"2026-04-16T02:13:56","modified_gmt":"2026-04-15T23:13:56","slug":"yavas-adam","status":"publish","type":"product","link":"https:\/\/roveyayinevi.com.tr\/index.php\/urun\/yavas-adam\/","title":{"rendered":"Yava\u015f Adam"},"content":{"rendered":"<p>Altm\u0131\u015f ya\u015f\u0131ndaki foto\u011fraf\u00e7\u0131 Paul Rayment, bir bisiklet kazas\u0131 sonucu sa\u011f baca\u011f\u0131n\u0131 kaybedince, o g\u00fcne dek yaln\u0131z s\u00fcrd\u00fcrd\u00fc\u011f\u00fc ya\u015fam\u0131 tamamen de\u011fi\u015fir. Ba\u015fkalar\u0131na ba\u011f\u0131ml\u0131 olmaktan nefret etse de, ister istemez kendisini bir bak\u0131c\u0131n\u0131n ellerine teslim eder. H\u0131rvatistan g\u00f6\u00e7meni bak\u0131c\u0131s\u0131 Marijana\u2019ya \u00e2\u015f\u0131k olan Paul, kazay\u0131 izleyen ilk g\u00fcnlerdeki umutsuzlu\u011fundan ve karamsarl\u0131\u011f\u0131ndan s\u0131yr\u0131lsa da, H\u0131rvat ailenin tutumu y\u00fcz\u00fcnden yeni sorunlarla kar\u015f\u0131 kar\u015f\u0131ya kal\u0131r. Bu arada, Coetzee\u2019nin ba\u015fka yap\u0131tlar\u0131n\u0131n da ba\u015fki\u015fisi olan yazar Elizabeth Costello da birdenbire ortaya \u00e7\u0131karak Paul\u2019\u00fcn ya\u015fam\u0131nda etkin bir rol \u00fcstlenecektir.    Coetzee, Yava\u015f Adam\u2019da ilgin\u00e7 bir \u00f6yk\u00fc anlat\u0131rken, arka planda insan\u0131 insan yapan nitelikleri, ya\u015flanman\u0131n ne demek oldu\u011funu ve ya\u015fam\u0131m\u0131za nas\u0131l de\u011fer katabilece\u011fimizi irdeliyor. Paul Rayment\u2019\u0131n i\u00e7ine d\u00fc\u015ft\u00fc\u011f\u00fc durumda insanl\u0131\u011f\u0131n\u0131 sorgulay\u0131\u015f\u0131, Coetzee\u2019nin duru anlat\u0131m\u0131yla dile gelirken a\u015fk, ya\u015famak, \u00f6lmek \u00fczerine her sayfada \u015fa\u015f\u0131rtan, d\u00fc\u015f\u00fcnd\u00fcren bir derinlik ortaya konuyor. <\/p>\n","protected":false},"excerpt":{"rendered":"<p>Altm\u0131\u015f ya\u015f\u0131ndaki foto\u011fraf\u00e7\u0131 Paul Rayment, bir bisiklet kazas\u0131 sonucu sa\u011f baca\u011f\u0131n\u0131 kaybedince, o g\u00fcne dek yaln\u0131z s\u00fcrd\u00fcrd\u00fc\u011f\u00fc ya\u015fam\u0131 tamamen de\u011fi\u015fir. Ba\u015fkalar\u0131na ba\u011f\u0131ml\u0131 olmaktan nefret etse de,<span class=\"excerpt-hellip\"> [\u2026]<\/span><\/p>\n","protected":false},"featured_media":0,"template":"","meta":{"_monsterinsights_skip_tracking":false,"_monsterinsights_sitenote_active":false,"_monsterinsights_sitenote_note":"","_monsterinsights_sitenote_category":0},"product_brand":[],"product_cat":[13661,12291],"product_tag":[],"class_list":{"0":"post-705007","1":"product","2":"type-product","3":"status-publish","5":"product_cat-diger-ulke-edebiyatlari","6":"product_cat-edebiyat","7":"pa_cilt-ciltsiz","8":"pa_tur-kitap","9":"pa_yayinevi-can-yayinlari","10":"pa_yazar-j-m-coetzee","12":"first","13":"instock","14":"sale","15":"shipping-taxable","16":"purchasable","17":"product-type-simple"},"_links":{"self":[{"href":"https:\/\/roveyayinevi.com.tr\/index.php\/wp-json\/wp\/v2\/product\/705007","targetHints":{"allow":["GET"]}}],"collection":[{"href":"https:\/\/roveyayinevi.com.tr\/index.php\/wp-json\/wp\/v2\/product"}],"about":[{"href":"https:\/\/roveyayinevi.com.tr\/index.php\/wp-json\/wp\/v2\/types\/product"}],"wp:attachment":[{"href":"https:\/\/roveyayinevi.com.tr\/index.php\/wp-json\/wp\/v2\/media?parent=705007"}],"wp:term":[{"taxonomy":"product_brand","embeddable":true,"href":"https:\/\/roveyayinevi.com.tr\/index.php\/wp-json\/wp\/v2\/product_brand?post=705007"},{"taxonomy":"product_cat","embeddable":true,"href":"https:\/\/roveyayinevi.com.tr\/index.php\/wp-json\/wp\/v2\/product_cat?post=705007"},{"taxonomy":"product_tag","embeddable":true,"href":"https:\/\/roveyayinevi.com.tr\/index.php\/wp-json\/wp\/v2\/product_tag?post=705007"}],"curies":[{"name":"wp","href":"https:\/\/api.w.org\/{rel}","templated":true}]}}