{"id":705001,"date":"2025-08-27T15:41:11","date_gmt":"2025-08-27T12:41:11","guid":{"rendered":"https:\/\/roveyayinevi.com.tr\/index.php\/urun\/histoloji-konu-anlatimi-ve-atlas-ross\/"},"modified":"2026-04-16T02:13:56","modified_gmt":"2026-04-15T23:13:56","slug":"histoloji-konu-anlatimi-ve-atlas-ross","status":"publish","type":"product","link":"https:\/\/roveyayinevi.com.tr\/index.php\/urun\/histoloji-konu-anlatimi-ve-atlas-ross\/","title":{"rendered":"H\u0130STOLOJ\u0130 KONU ANLATIMI VE ATLAS (ROSS)"},"content":{"rendered":"<p>Histoloji: Konu Anlat\u0131m\u0131 ve Atlas uzun zamand\u0131r t\u0131p, di\u015f hekimli\u011fi ve sa\u011fl\u0131k bilimleri \u00f6\u011frencilerinin favorisi olmu\u015ftur. \u015eimdi, bu kitab\u0131n g\u00f6zden ge\u00e7irilmi\u015f ve g\u00fcncellenmi\u015f Alt\u0131nc\u0131 Bask\u0131s\u0131, bu sat\u0131\u015f rekorlar\u0131 k\u0131ran konu anlat\u0131m\u0131 ve atlas, histolojinin klinik ve fonksiyonel ba\u011flant\u0131lar\u0131n\u0131 vurgulayan detayl\u0131 bir ders kitab\u0131n\u0131, mikroanatominin detaylar\u0131n\u0131 vurgulayan etiketleri ve a\u00e7\u0131klamalar\u0131 bulunan b\u00fcy\u00fck boylu, tam renkli dijital mikrograflar i\u00e7eren m\u00fckemmel bir atlas ile birle\u015ftirildi.Bu paha bi\u00e7ilemez Histoloji kayna\u011f\u0131n\u0131n son bask\u0131s\u0131ndaki mikroskobik detaydaki b\u00fcy\u00fck resmi ke\u015ffederek kendinizi g\u00fc\u00e7lendirin.Alt\u0131nc\u0131 Bask\u0131n\u0131n \u00d6zellikleri ve \u00d6nemli Noktalar\u0131: G\u00fcncellenmi\u015f h\u00fccre biyolojisi ve molek\u00fcler biyoloji i\u00e7eri\u011fi, bu alandaki son ilerlemeleri yans\u0131tmaktad\u0131r.Mikrograflar\u0131n yakla\u015f\u0131k y\u00fczde 20&#8217;si yeni, daha keskin, geli\u015ftirilmi\u015f g\u00f6r\u00fcnt\u00fclerle de\u011fi\u015ftirilmi\u015ftir. \u00c7izimlerin \u00fc\u00e7te birinden fazlas\u0131 yeni bir stil ile yeniden \u00e7izilmi\u015ftir.G\u00f6z al\u0131c\u0131 k\u0131rm\u0131z\u0131 kal\u0131n terimler, mavi klinik metin ve Klinik ve Fonksiyonel ba\u011flant\u0131lar\u0131 i\u00e7eren Dosyalar ile okuyucu dostu vurgulamalar, okuyucunun anahtar bilgiyi h\u0131zl\u0131ca tarayabilmesine olanak sa\u011flayarak g\u00f6zden ge\u00e7irme s\u00fcrecini iyile\u015ftirmektedir.Kitab\u0131n arka kapa\u011f\u0131n\u0131n i\u00e7inde yer alan ve boyama tekniklerini g\u00f6steren tablo kullan\u0131\u015fl\u0131 bir g\u00f6rsel referanst\u0131r.T\u00fcm \u00e7izimlerde kullan\u0131lan tutarl\u0131 renk kodlamas\u0131 sitemi, g\u00f6rsel bellek arac\u0131 olarak hizmet etmektedir.Y\u00fcksek \u00e7\u00f6z\u00fcn\u00fcrl\u00fc dijital fotomikrograflar ve ilave klinik resimler Dosyalarda yer alan klinik bilgi i\u00e7in daha y\u00fcksek vurgulama sa\u011flamaktad\u0131r. <\/p>\n","protected":false},"excerpt":{"rendered":"<p>Histoloji: Konu Anlat\u0131m\u0131 ve Atlas uzun zamand\u0131r t\u0131p, di\u015f hekimli\u011fi ve sa\u011fl\u0131k bilimleri \u00f6\u011frencilerinin favorisi olmu\u015ftur. \u015eimdi, bu kitab\u0131n g\u00f6zden ge\u00e7irilmi\u015f ve g\u00fcncellenmi\u015f Alt\u0131nc\u0131 Bask\u0131s\u0131, bu<span class=\"excerpt-hellip\"> [\u2026]<\/span><\/p>\n","protected":false},"featured_media":0,"template":"","meta":{"_monsterinsights_skip_tracking":false,"_monsterinsights_sitenote_active":false,"_monsterinsights_sitenote_note":"","_monsterinsights_sitenote_category":0},"product_brand":[],"product_cat":[12573,12566],"product_tag":[],"class_list":{"0":"post-705001","1":"product","2":"type-product","3":"status-publish","5":"product_cat-akademik-kitaplar","6":"product_cat-egitim","7":"pa_cilt-ciltsiz","8":"pa_tur-kitap","9":"pa_yayinevi-palme-yayincilik-akademik","10":"pa_yazar-baris-baykal","12":"first","13":"instock","14":"sale","15":"shipping-taxable","16":"purchasable","17":"product-type-simple"},"_links":{"self":[{"href":"https:\/\/roveyayinevi.com.tr\/index.php\/wp-json\/wp\/v2\/product\/705001","targetHints":{"allow":["GET"]}}],"collection":[{"href":"https:\/\/roveyayinevi.com.tr\/index.php\/wp-json\/wp\/v2\/product"}],"about":[{"href":"https:\/\/roveyayinevi.com.tr\/index.php\/wp-json\/wp\/v2\/types\/product"}],"wp:attachment":[{"href":"https:\/\/roveyayinevi.com.tr\/index.php\/wp-json\/wp\/v2\/media?parent=705001"}],"wp:term":[{"taxonomy":"product_brand","embeddable":true,"href":"https:\/\/roveyayinevi.com.tr\/index.php\/wp-json\/wp\/v2\/product_brand?post=705001"},{"taxonomy":"product_cat","embeddable":true,"href":"https:\/\/roveyayinevi.com.tr\/index.php\/wp-json\/wp\/v2\/product_cat?post=705001"},{"taxonomy":"product_tag","embeddable":true,"href":"https:\/\/roveyayinevi.com.tr\/index.php\/wp-json\/wp\/v2\/product_tag?post=705001"}],"curies":[{"name":"wp","href":"https:\/\/api.w.org\/{rel}","templated":true}]}}