{"id":704975,"date":"2025-08-27T15:41:00","date_gmt":"2025-08-27T12:41:00","guid":{"rendered":"https:\/\/roveyayinevi.com.tr\/index.php\/urun\/seyhul-israkin-izinde-ilk-donem-israki-sarihler\/"},"modified":"2026-04-16T02:13:55","modified_gmt":"2026-04-15T23:13:55","slug":"seyhul-israkin-izinde-ilk-donem-israki-sarihler","status":"publish","type":"product","link":"https:\/\/roveyayinevi.com.tr\/index.php\/urun\/seyhul-israkin-izinde-ilk-donem-israki-sarihler\/","title":{"rendered":"\u015eeyh\u00fc&#8217;l \u0130\u015frak&#8217;\u0131n \u0130zinde &amp; \u0130lk D\u00f6nem \u0130\u015fraki \u015earihler"},"content":{"rendered":"<p>\u0130\u015frakilik, \u015eihab\u00fcddin es-S\u00fchreverdi (\u00f6l.587\/1191) taraf\u0131ndan sistemle\u015ftirildi\u011fi kabul edilen, \u00f6zg\u00fcn ve k\u00f6kl\u00fc bir d\u00fc\u015f\u00fcnme bi\u00e7imini temsil etmektedir. Bu durumda \u0130\u015frakili\u011fin ara\u015ft\u0131r\u0131lmas\u0131, sadece bu ekol\u00fcn anla\u015f\u0131lmas\u0131 i\u00e7in de\u011fil, ayn\u0131 zamanda bir b\u00fct\u00fcn olarak \u0130slam felsefesi gelene\u011finin de anla\u015f\u0131lmas\u0131 i\u00e7in \u00f6nemlidir. Ancak, hem tarihsel s\u00fcre\u00e7te hem de \u0130slam felsefesinin kurucu epistemolojilerine ili\u015fkin son y\u0131llarda yap\u0131lan ara\u015ft\u0131rmalarda \u0130\u015frakili\u011fin \u00e7ok az ilgi g\u00f6rd\u00fc\u011f\u00fc, yeteri kadar ara\u015ft\u0131r\u0131lmad\u0131\u011f\u0131 ve anla\u015f\u0131lmad\u0131\u011f\u0131 g\u00f6r\u00fclmektedir. <\/p>\n","protected":false},"excerpt":{"rendered":"<p>\u0130\u015frakilik, \u015eihab\u00fcddin es-S\u00fchreverdi (\u00f6l.587\/1191) taraf\u0131ndan sistemle\u015ftirildi\u011fi kabul edilen, \u00f6zg\u00fcn ve k\u00f6kl\u00fc bir d\u00fc\u015f\u00fcnme bi\u00e7imini temsil etmektedir. Bu durumda \u0130\u015frakili\u011fin ara\u015ft\u0131r\u0131lmas\u0131, sadece bu ekol\u00fcn anla\u015f\u0131lmas\u0131 i\u00e7in de\u011fil,<span class=\"excerpt-hellip\"> [\u2026]<\/span><\/p>\n","protected":false},"featured_media":0,"template":"","meta":{"_monsterinsights_skip_tracking":false,"_monsterinsights_sitenote_active":false,"_monsterinsights_sitenote_note":"","_monsterinsights_sitenote_category":0},"product_brand":[],"product_cat":[13072,12291],"product_tag":[],"class_list":{"0":"post-704975","1":"product","2":"type-product","3":"status-publish","5":"product_cat-arastirma-inceleme-referans","6":"product_cat-edebiyat","7":"pa_tur-kitap","8":"pa_yayinevi-divan-kitap","9":"pa_yazar-m-nesim-doru","11":"first","12":"instock","13":"sale","14":"shipping-taxable","15":"purchasable","16":"product-type-simple"},"_links":{"self":[{"href":"https:\/\/roveyayinevi.com.tr\/index.php\/wp-json\/wp\/v2\/product\/704975","targetHints":{"allow":["GET"]}}],"collection":[{"href":"https:\/\/roveyayinevi.com.tr\/index.php\/wp-json\/wp\/v2\/product"}],"about":[{"href":"https:\/\/roveyayinevi.com.tr\/index.php\/wp-json\/wp\/v2\/types\/product"}],"wp:attachment":[{"href":"https:\/\/roveyayinevi.com.tr\/index.php\/wp-json\/wp\/v2\/media?parent=704975"}],"wp:term":[{"taxonomy":"product_brand","embeddable":true,"href":"https:\/\/roveyayinevi.com.tr\/index.php\/wp-json\/wp\/v2\/product_brand?post=704975"},{"taxonomy":"product_cat","embeddable":true,"href":"https:\/\/roveyayinevi.com.tr\/index.php\/wp-json\/wp\/v2\/product_cat?post=704975"},{"taxonomy":"product_tag","embeddable":true,"href":"https:\/\/roveyayinevi.com.tr\/index.php\/wp-json\/wp\/v2\/product_tag?post=704975"}],"curies":[{"name":"wp","href":"https:\/\/api.w.org\/{rel}","templated":true}]}}