{"id":704949,"date":"2025-08-27T15:40:49","date_gmt":"2025-08-27T12:40:49","guid":{"rendered":"https:\/\/roveyayinevi.com.tr\/index.php\/urun\/gece-vardiyasi\/"},"modified":"2026-02-03T02:23:42","modified_gmt":"2026-02-02T23:23:42","slug":"gece-vardiyasi","status":"publish","type":"product","link":"https:\/\/roveyayinevi.com.tr\/index.php\/urun\/gece-vardiyasi\/","title":{"rendered":"Gece Vardiyas\u0131"},"content":{"rendered":"<p>Fakir Baykurt, \u00f6yk\u00fclerinde k\u00f6y ya\u015fam\u0131n\u0131n sertli\u011fi, yoksulluk, cahillik, taassup, bat\u0131l inan\u00e7, s\u00f6m\u00fcr\u00fc gibi sorunlar\u0131 ele alarak k\u00f6yl\u00fcn\u00fcn maddi ve manevi d\u00fcnyas\u0131n\u0131 toplumsalc\u0131 ve ger\u00e7ek\u00e7i bir bak\u0131\u015ftan i\u015fliyor. G\u00f6zlemlerden, canl\u0131 tan\u0131kl\u0131klardan yola \u00e7\u0131kan yazar, g\u00fcnl\u00fck konu\u015fma dilini \u00f6yk\u00fcye ta\u015f\u0131yarak zaman zaman mizahi bir dil kullan\u0131yor; b\u00fcrokrasinin \u00e7arklar\u0131 aras\u0131nda s\u0131k\u0131\u015fan ama i\u00e7inde de bir umudu bar\u0131nd\u0131ran \u201cs\u0131radan insan\u0131\u201d, ya\u015fad\u0131\u011f\u0131 yerin atmosferiyle birlikte \u00e7arp\u0131c\u0131 bir bi\u00e7imde betimliyor.   \u0130lk bas\u0131m\u0131 1982\u2019de yap\u0131lan Gece Vardiyas\u0131\u2019n\u0131 yeniden okurla bulu\u015fturuyoruz:   Alt\u0131 yaral\u0131n\u0131n en a\u011f\u0131r\u0131yd\u0131 Bekta\u015f. K\u00f6yl\u00fcs\u00fc Muharrem, bir anda gitmi\u015fti. On d\u00f6rt y\u0131ld\u0131r yan yana \u00e7al\u0131\u015f\u0131yorlard\u0131. Ama aralar\u0131 yoktu. Politik g\u00f6r\u00fc\u015fleri uyu\u015fmad\u0131\u011f\u0131 i\u00e7in s\u0131k s\u0131k tart\u0131\u015f\u0131yorlard\u0131. Tart\u0131\u015fmalar\u0131 kavgaya d\u00f6n\u00fcyordu. \u015e\u00f6yle b\u00f6yle derken Almanya\u2019da on yedi y\u0131llar\u0131 ge\u00e7ip gitmi\u015fti. Bir s\u00fcre i\u00e7inde Muharrem\u2019in Allaha inanc\u0131 artm\u0131\u015ft\u0131. Namaza abdese daha \u00e7ok dikkat eder olmu\u015ftu. Kar\u0131lar\u0131n\u0131, \u00e7ocuklar\u0131n\u0131 getirmeden \u00f6nce Bek\u00e2r \u0130\u015f\u00e7iler Heimi\u2019nde bir odada ancak d\u00f6rt ay kalabildiler birlikte. Ayr\u0131ld\u0131lar. Muharrem Bekta\u015f\u2019a, \u201cKoyu solcusun!..\u201d diyordu. Bekta\u015f da ona, \u201cY\u0131llard\u0131r ocaklarda \u00e7al\u0131\u015ft\u0131\u011f\u0131n i\u00e7in kafan k\u00f6m\u00fcrlenmi\u015f, i\u015flemiyor!..\u201d diye kar\u015f\u0131l\u0131k veriyordu. \u0130li\u015fkileri g\u00fcn ge\u00e7tik\u00e7e serteliyordu. Bayg\u0131nd\u0131 \u015fimdi. Bilincinin derinlerinde bir yerlere tak\u0131l\u0131p kalm\u0131\u015ft\u0131. O anda ay\u0131lsa, kafas\u0131nda kazan\u0131n olu\u015f bi\u00e7imini bulurdu mutlaka. Bin metre kal\u0131nl\u0131ktaki yerkabu\u011funun olanca a\u011f\u0131rl\u0131\u011f\u0131 \u201cH\u0131\u015f\u015f\u015ftaaaak!..\u201d diye \u00e7\u00f6k\u00fcvermi\u015fti a\u00e7man\u0131n ucunda. Ya\u015fad\u0131\u011f\u0131 s\u00fcrece ac\u0131l\u0131 bir resim gibi kalacakt\u0131 o sahne kafas\u0131nda. Gaz tenekesi b\u00fcy\u00fckl\u00fc\u011f\u00fcnde bir kaya, Albert Hartwick\u2019in ba\u015f\u0131n\u0131n yar\u0131s\u0131n\u0131 al\u0131p ge\u00e7mi\u015fti. Kaya par\u00e7as\u0131, beynin kalan yar\u0131s\u0131n\u0131 da yo\u011furt dolu bir tas\u0131 oyar gibi oymu\u015ftu. E\u011fer ya\u015farsa Bekta\u015f, bu g\u00f6r\u00fcn\u00fcm\u00fc an\u0131msay\u0131p cinnetler ge\u00e7irecekti. K\u00f6yl\u00fcs\u00fc Muharrem\u2019in sadece sa\u011f kolu kalm\u0131\u015ft\u0131 d\u0131\u015farda. Dindar g\u00f6vdesini kayalar saniyede yamyass\u0131 etmi\u015fti.                                                                                                                                                               (Mezar) <\/p>\n","protected":false},"excerpt":{"rendered":"<p>Fakir Baykurt, \u00f6yk\u00fclerinde k\u00f6y ya\u015fam\u0131n\u0131n sertli\u011fi, yoksulluk, cahillik, taassup, bat\u0131l inan\u00e7, s\u00f6m\u00fcr\u00fc gibi sorunlar\u0131 ele alarak k\u00f6yl\u00fcn\u00fcn maddi ve manevi d\u00fcnyas\u0131n\u0131 toplumsalc\u0131 ve ger\u00e7ek\u00e7i bir bak\u0131\u015ftan<span class=\"excerpt-hellip\"> [\u2026]<\/span><\/p>\n","protected":false},"featured_media":0,"template":"","meta":{"_monsterinsights_skip_tracking":false,"_monsterinsights_sitenote_active":false,"_monsterinsights_sitenote_note":"","_monsterinsights_sitenote_category":0},"product_brand":[],"product_cat":[12291,12711],"product_tag":[],"class_list":{"0":"post-704949","1":"product","2":"type-product","3":"status-publish","5":"product_cat-edebiyat","6":"product_cat-roman-oyku","7":"pa_cilt-ciltsiz","8":"pa_tur-kitap","9":"pa_yayinevi-literatur-yayinevi","10":"pa_yazar-fakir-baykurt","12":"first","13":"instock","14":"sale","15":"shipping-taxable","16":"purchasable","17":"product-type-simple"},"_links":{"self":[{"href":"https:\/\/roveyayinevi.com.tr\/index.php\/wp-json\/wp\/v2\/product\/704949","targetHints":{"allow":["GET"]}}],"collection":[{"href":"https:\/\/roveyayinevi.com.tr\/index.php\/wp-json\/wp\/v2\/product"}],"about":[{"href":"https:\/\/roveyayinevi.com.tr\/index.php\/wp-json\/wp\/v2\/types\/product"}],"wp:attachment":[{"href":"https:\/\/roveyayinevi.com.tr\/index.php\/wp-json\/wp\/v2\/media?parent=704949"}],"wp:term":[{"taxonomy":"product_brand","embeddable":true,"href":"https:\/\/roveyayinevi.com.tr\/index.php\/wp-json\/wp\/v2\/product_brand?post=704949"},{"taxonomy":"product_cat","embeddable":true,"href":"https:\/\/roveyayinevi.com.tr\/index.php\/wp-json\/wp\/v2\/product_cat?post=704949"},{"taxonomy":"product_tag","embeddable":true,"href":"https:\/\/roveyayinevi.com.tr\/index.php\/wp-json\/wp\/v2\/product_tag?post=704949"}],"curies":[{"name":"wp","href":"https:\/\/api.w.org\/{rel}","templated":true}]}}