{"id":704927,"date":"2025-08-27T15:40:39","date_gmt":"2025-08-27T12:40:39","guid":{"rendered":"https:\/\/roveyayinevi.com.tr\/index.php\/urun\/orgel-kontunun-balosu\/"},"modified":"2026-04-16T02:13:54","modified_gmt":"2026-04-15T23:13:54","slug":"orgel-kontunun-balosu","status":"publish","type":"product","link":"https:\/\/roveyayinevi.com.tr\/index.php\/urun\/orgel-kontunun-balosu\/","title":{"rendered":"Orgel Kontunun Balosu"},"content":{"rendered":"<p>1920\u2019ler&#8230; Frans\u0131zlar\u0131n I. D\u00fcnya Sava\u015f\u0131\u2019n\u0131 kazanman\u0131n co\u015fkusu i\u00e7inde e\u011flendikleri, sahnelerde Josephine Baker\u2019\u0131n dans etti\u011fi, Medrano Sirki\u2019nin en parlak zamanlar\u0131n\u0131 ya\u015fad\u0131\u011f\u0131 y\u0131llar. Frans\u0131z burjuvazisinin ve soylular\u0131n\u0131n e\u011flenip fl\u00f6rt etti\u011fi balolar\u0131n \u00e7a\u011f\u0131&#8230; \ufffcTan\u0131t\u0131m Metni<\/p>\n","protected":false},"excerpt":{"rendered":"<p>1920\u2019ler&#8230; Frans\u0131zlar\u0131n I. D\u00fcnya Sava\u015f\u0131\u2019n\u0131 kazanman\u0131n co\u015fkusu i\u00e7inde e\u011flendikleri, sahnelerde Josephine Baker\u2019\u0131n dans etti\u011fi, Medrano Sirki\u2019nin en parlak zamanlar\u0131n\u0131 ya\u015fad\u0131\u011f\u0131 y\u0131llar. Frans\u0131z burjuvazisinin ve soylular\u0131n\u0131n e\u011flenip<span class=\"excerpt-hellip\"> [\u2026]<\/span><\/p>\n","protected":false},"featured_media":0,"template":"","meta":{"_monsterinsights_skip_tracking":false,"_monsterinsights_sitenote_active":false,"_monsterinsights_sitenote_note":"","_monsterinsights_sitenote_category":0},"product_brand":[],"product_cat":[12291,13376],"product_tag":[],"class_list":{"0":"post-704927","1":"product","2":"type-product","3":"status-publish","5":"product_cat-edebiyat","6":"product_cat-fransiz-edebiyati","7":"pa_cilt-ciltsiz","8":"pa_tur-kitap","9":"pa_yayinevi-can-yayinlari","10":"pa_yazar-raymond-radiguet","12":"first","13":"instock","14":"sale","15":"shipping-taxable","16":"purchasable","17":"product-type-simple"},"_links":{"self":[{"href":"https:\/\/roveyayinevi.com.tr\/index.php\/wp-json\/wp\/v2\/product\/704927","targetHints":{"allow":["GET"]}}],"collection":[{"href":"https:\/\/roveyayinevi.com.tr\/index.php\/wp-json\/wp\/v2\/product"}],"about":[{"href":"https:\/\/roveyayinevi.com.tr\/index.php\/wp-json\/wp\/v2\/types\/product"}],"wp:attachment":[{"href":"https:\/\/roveyayinevi.com.tr\/index.php\/wp-json\/wp\/v2\/media?parent=704927"}],"wp:term":[{"taxonomy":"product_brand","embeddable":true,"href":"https:\/\/roveyayinevi.com.tr\/index.php\/wp-json\/wp\/v2\/product_brand?post=704927"},{"taxonomy":"product_cat","embeddable":true,"href":"https:\/\/roveyayinevi.com.tr\/index.php\/wp-json\/wp\/v2\/product_cat?post=704927"},{"taxonomy":"product_tag","embeddable":true,"href":"https:\/\/roveyayinevi.com.tr\/index.php\/wp-json\/wp\/v2\/product_tag?post=704927"}],"curies":[{"name":"wp","href":"https:\/\/api.w.org\/{rel}","templated":true}]}}