{"id":704890,"date":"2025-08-27T15:40:24","date_gmt":"2025-08-27T12:40:24","guid":{"rendered":"https:\/\/roveyayinevi.com.tr\/index.php\/urun\/etkinlik-pedagojisi\/"},"modified":"2026-04-16T02:13:53","modified_gmt":"2026-04-15T23:13:53","slug":"etkinlik-pedagojisi","status":"publish","type":"product","link":"https:\/\/roveyayinevi.com.tr\/index.php\/urun\/etkinlik-pedagojisi\/","title":{"rendered":"Etkinlik Pedagojisi"},"content":{"rendered":"<p>\u00d6zellikle \u201cmeslekte yeni\u201d olarak addedilebilecek \u00f6\u011fretmenlerin ve e\u011fitimcilerin \u00f6\u011frencilerle s\u0131n\u0131fta ba\u015fba\u015fa kald\u0131klar\u0131 anlar, \u00e7\u00f6z\u00fcm \u00fcretmekte en \u00e7ok zorland\u0131klar\u0131 sorunlarla kar\u015f\u0131la\u015ft\u0131klar\u0131 anlara denk gelir. Cavit Binba\u015f\u0131o\u011flu , \u00e7\u00f6z\u00fcm\u00fcnde \u00f6zellikle deneyimin \u00f6n-plana \u00e7\u0131kt\u0131\u011f\u0131 bu t\u00fcr sorunlara ili\u015fkin olarak onlarca senelik e\u011fitim birikiminden elde etti\u011fi \u00f6nerileri kaleme al\u0131yor. Kendi ifadesiyle eserini \u015f\u00f6yle de\u011ferlendiriyor: \u201cD\u00fc\u015f\u00fcncelerim benim bir \u00f6m\u00fcr boyu \u00fczerinde durdu\u011fum, bende olu\u015fan e\u011fitim ve \u00f6\u011fretim d\u00fc\u015f\u00fcncelerinin en son ula\u015ft\u0131\u011f\u0131 d\u00fczeyi simgeliyor.\u201d \ufffcTan\u0131t\u0131m Metni<\/p>\n","protected":false},"excerpt":{"rendered":"<p>\u00d6zellikle \u201cmeslekte yeni\u201d olarak addedilebilecek \u00f6\u011fretmenlerin ve e\u011fitimcilerin \u00f6\u011frencilerle s\u0131n\u0131fta ba\u015fba\u015fa kald\u0131klar\u0131 anlar, \u00e7\u00f6z\u00fcm \u00fcretmekte en \u00e7ok zorland\u0131klar\u0131 sorunlarla kar\u015f\u0131la\u015ft\u0131klar\u0131 anlara denk gelir. Cavit Binba\u015f\u0131o\u011flu ,<span class=\"excerpt-hellip\"> [\u2026]<\/span><\/p>\n","protected":false},"featured_media":0,"template":"","meta":{"_monsterinsights_skip_tracking":false,"_monsterinsights_sitenote_active":false,"_monsterinsights_sitenote_note":"","_monsterinsights_sitenote_category":0},"product_brand":[],"product_cat":[12831,12324],"product_tag":[],"class_list":{"0":"post-704890","1":"product","2":"type-product","3":"status-publish","5":"product_cat-aile-ve-cocuk","6":"product_cat-sosyoloji","7":"pa_cilt-ciltsiz","8":"pa_tur-kitap","9":"pa_yayinevi-ani-yayincilik","10":"pa_yazar-cavit-binbasioglu","12":"first","13":"instock","14":"sale","15":"shipping-taxable","16":"purchasable","17":"product-type-simple"},"_links":{"self":[{"href":"https:\/\/roveyayinevi.com.tr\/index.php\/wp-json\/wp\/v2\/product\/704890","targetHints":{"allow":["GET"]}}],"collection":[{"href":"https:\/\/roveyayinevi.com.tr\/index.php\/wp-json\/wp\/v2\/product"}],"about":[{"href":"https:\/\/roveyayinevi.com.tr\/index.php\/wp-json\/wp\/v2\/types\/product"}],"wp:attachment":[{"href":"https:\/\/roveyayinevi.com.tr\/index.php\/wp-json\/wp\/v2\/media?parent=704890"}],"wp:term":[{"taxonomy":"product_brand","embeddable":true,"href":"https:\/\/roveyayinevi.com.tr\/index.php\/wp-json\/wp\/v2\/product_brand?post=704890"},{"taxonomy":"product_cat","embeddable":true,"href":"https:\/\/roveyayinevi.com.tr\/index.php\/wp-json\/wp\/v2\/product_cat?post=704890"},{"taxonomy":"product_tag","embeddable":true,"href":"https:\/\/roveyayinevi.com.tr\/index.php\/wp-json\/wp\/v2\/product_tag?post=704890"}],"curies":[{"name":"wp","href":"https:\/\/api.w.org\/{rel}","templated":true}]}}