{"id":704888,"date":"2025-08-27T15:40:23","date_gmt":"2025-08-27T12:40:23","guid":{"rendered":"https:\/\/roveyayinevi.com.tr\/index.php\/urun\/demir-okce-4\/"},"modified":"2026-04-16T02:13:53","modified_gmt":"2026-04-15T23:13:53","slug":"demir-okce-4","status":"publish","type":"product","link":"https:\/\/roveyayinevi.com.tr\/index.php\/urun\/demir-okce-4\/","title":{"rendered":"Demir \u00d6k\u00e7e"},"content":{"rendered":"<p>Jack London\u2019\u0131n 1907\u2019de yay\u0131mlanan Demir \u00d6k\u00e7e adl\u0131 eseri, modern kar\u015f\u0131-\u00fctopyac\u0131 romanlar\u0131n ilki say\u0131l\u0131r. Totaliter ve bask\u0131c\u0131 sistemdeki toplumu tan\u0131mlamak i\u00e7in kullan\u0131lan kar\u015f\u0131-\u00fctopya kavram\u0131, bu kitapta, ABD\u2019de oligar\u015fik bir tiranl\u0131\u011f\u0131n y\u00fckseli\u015finde yans\u0131yor. George Orwell\u2019in Bin Dokuz Y\u00fcz Seksen D\u00f6rt adl\u0131 roman\u0131na da esin kayna\u011f\u0131 olan Demir \u00d6k\u00e7e, toplumda ve siyasette gelecekte yer alacak de\u011fi\u015fiklikleri irdeler. Jack London\u2019\u0131n ileride ABD\u2019de bir \u00e7\u00f6k\u00fc\u015f ya\u015fanaca\u011f\u0131 yolundaki \u00f6ng\u00f6r\u00fcs\u00fc tam anlam\u0131yla ger\u00e7ekle\u015fmemi\u015fse de, yazar\u0131n uluslararas\u0131 gerginliklerle ilgili g\u00f6r\u00fc\u015fleri birka\u00e7 y\u0131l farkla da olsa ger\u00e7ek tarihle \u00f6rt\u00fc\u015f\u00fcr. Demir \u00d6k\u00e7e\u2019de 1913\u2019te ba\u015flayan bu \u00e7at\u0131\u015fma, ger\u00e7ekte 1914\u2019te patlak vermi\u015ftir. Dahas\u0131, London sadece 1914\u2019te olanlar\u0131 de\u011fil, \u0130kinci D\u00fcnya Sava\u015f\u0131\u2019na giden olaylar\u0131 da kehanette bulunurcas\u0131na \u00f6ng\u00f6rm\u00fc\u015f; fa\u015fist yap\u0131lanman\u0131n d\u00fcnyay\u0131 nas\u0131l deh\u015fete s\u00fcr\u00fckleyece\u011fini ve bunun kar\u015f\u0131s\u0131ndaki devrimci duru\u015fun nas\u0131l olmas\u0131 gerekti\u011fini dile getirmi\u015ftir. \ufffcTan\u0131t\u0131m Metni<\/p>\n","protected":false},"excerpt":{"rendered":"<p>Jack London\u2019\u0131n 1907\u2019de yay\u0131mlanan Demir \u00d6k\u00e7e adl\u0131 eseri, modern kar\u015f\u0131-\u00fctopyac\u0131 romanlar\u0131n ilki say\u0131l\u0131r. Totaliter ve bask\u0131c\u0131 sistemdeki toplumu tan\u0131mlamak i\u00e7in kullan\u0131lan kar\u015f\u0131-\u00fctopya kavram\u0131, bu kitapta, ABD\u2019de<span class=\"excerpt-hellip\"> [\u2026]<\/span><\/p>\n","protected":false},"featured_media":0,"template":"","meta":{"_monsterinsights_skip_tracking":false,"_monsterinsights_sitenote_active":false,"_monsterinsights_sitenote_note":"","_monsterinsights_sitenote_category":0},"product_brand":[],"product_cat":[12891,12291],"product_tag":[],"class_list":{"0":"post-704888","1":"product","2":"type-product","3":"status-publish","5":"product_cat-amerikan-edebiyati","6":"product_cat-edebiyat","7":"pa_cilt-ciltsiz","8":"pa_tur-kitap","9":"pa_yayinevi-can-yayinlari","10":"pa_yazar-jack-london","12":"first","13":"instock","14":"sale","15":"shipping-taxable","16":"purchasable","17":"product-type-simple"},"_links":{"self":[{"href":"https:\/\/roveyayinevi.com.tr\/index.php\/wp-json\/wp\/v2\/product\/704888","targetHints":{"allow":["GET"]}}],"collection":[{"href":"https:\/\/roveyayinevi.com.tr\/index.php\/wp-json\/wp\/v2\/product"}],"about":[{"href":"https:\/\/roveyayinevi.com.tr\/index.php\/wp-json\/wp\/v2\/types\/product"}],"wp:attachment":[{"href":"https:\/\/roveyayinevi.com.tr\/index.php\/wp-json\/wp\/v2\/media?parent=704888"}],"wp:term":[{"taxonomy":"product_brand","embeddable":true,"href":"https:\/\/roveyayinevi.com.tr\/index.php\/wp-json\/wp\/v2\/product_brand?post=704888"},{"taxonomy":"product_cat","embeddable":true,"href":"https:\/\/roveyayinevi.com.tr\/index.php\/wp-json\/wp\/v2\/product_cat?post=704888"},{"taxonomy":"product_tag","embeddable":true,"href":"https:\/\/roveyayinevi.com.tr\/index.php\/wp-json\/wp\/v2\/product_tag?post=704888"}],"curies":[{"name":"wp","href":"https:\/\/api.w.org\/{rel}","templated":true}]}}