{"id":704873,"date":"2025-08-27T15:40:18","date_gmt":"2025-08-27T12:40:18","guid":{"rendered":"https:\/\/roveyayinevi.com.tr\/index.php\/urun\/psikodramada-cagdas-yaklasimlar\/"},"modified":"2026-04-16T02:13:53","modified_gmt":"2026-04-15T23:13:53","slug":"psikodramada-cagdas-yaklasimlar","status":"publish","type":"product","link":"https:\/\/roveyayinevi.com.tr\/index.php\/urun\/psikodramada-cagdas-yaklasimlar\/","title":{"rendered":"Psikodramada \u00c7a\u011fda\u015f Yakla\u015f\u0131mlar"},"content":{"rendered":"<p>Psikodrama grup psikoterapisi ve sosyometri disiplini \u00fclkemizde h\u0131zla geli\u015fiyor. Deniz Alt\u0131nay\u2019\u0131n \u0130stanbul Psikodrama Enstit\u00fcs\u00fc\u2019nden mezun olan 13 psikodramatist ile birlikte haz\u0131rlad\u0131\u011f\u0131 bu kitapta, birbirinden \u00e7ok farkl\u0131 alanlarda psikodraman\u0131n nas\u0131l yenilik\u00e7i bir anlay\u0131\u015f ile uygulanabildi\u011fi ve ne denli ba\u015far\u0131l\u0131 sonu\u00e7lar\u0131n al\u0131nd\u0131\u011f\u0131 g\u00f6zler \u00f6n\u00fcne seriliyor. Sanattan psikoterapiye, e\u011fitimden davran\u0131\u015f de\u011fi\u015ftirmeye, analizden tiyatroya kadar bir\u00e7ok farkl\u0131 alan\u0131 psikodramayla harmanlayan b\u00f6l\u00fcmler okuyucuyu fazlas\u0131yla heyecanland\u0131r\u0131p tatmin edecektir. Bu kitap alanda \u00e7al\u0131\u015fan uzmanlara, \u00e7ocuk yeti\u015ftiren anne babalara, ileti\u015fimbilimcilere, \u00f6\u011fretmenlere ve okul y\u00f6neticilerine \u0131\u015f\u0131k tutacakt\u0131r. <\/p>\n","protected":false},"excerpt":{"rendered":"<p>Psikodrama grup psikoterapisi ve sosyometri disiplini \u00fclkemizde h\u0131zla geli\u015fiyor. Deniz Alt\u0131nay\u2019\u0131n \u0130stanbul Psikodrama Enstit\u00fcs\u00fc\u2019nden mezun olan 13 psikodramatist ile birlikte haz\u0131rlad\u0131\u011f\u0131 bu kitapta, birbirinden \u00e7ok farkl\u0131<span class=\"excerpt-hellip\"> [\u2026]<\/span><\/p>\n","protected":false},"featured_media":0,"template":"","meta":{"_monsterinsights_skip_tracking":false,"_monsterinsights_sitenote_active":false,"_monsterinsights_sitenote_note":"","_monsterinsights_sitenote_category":0},"product_brand":[],"product_cat":[13772,12364],"product_tag":[],"class_list":{"0":"post-704873","1":"product","2":"type-product","3":"status-publish","5":"product_cat-basvuru-kitaplari","6":"product_cat-genel-konular","7":"pa_cilt-ciltsiz","8":"pa_tur-kitap","9":"pa_yayinevi-epsilon-yayinlari","10":"pa_yazar-deniz-altinay","12":"first","13":"instock","14":"sale","15":"shipping-taxable","16":"purchasable","17":"product-type-simple"},"_links":{"self":[{"href":"https:\/\/roveyayinevi.com.tr\/index.php\/wp-json\/wp\/v2\/product\/704873","targetHints":{"allow":["GET"]}}],"collection":[{"href":"https:\/\/roveyayinevi.com.tr\/index.php\/wp-json\/wp\/v2\/product"}],"about":[{"href":"https:\/\/roveyayinevi.com.tr\/index.php\/wp-json\/wp\/v2\/types\/product"}],"wp:attachment":[{"href":"https:\/\/roveyayinevi.com.tr\/index.php\/wp-json\/wp\/v2\/media?parent=704873"}],"wp:term":[{"taxonomy":"product_brand","embeddable":true,"href":"https:\/\/roveyayinevi.com.tr\/index.php\/wp-json\/wp\/v2\/product_brand?post=704873"},{"taxonomy":"product_cat","embeddable":true,"href":"https:\/\/roveyayinevi.com.tr\/index.php\/wp-json\/wp\/v2\/product_cat?post=704873"},{"taxonomy":"product_tag","embeddable":true,"href":"https:\/\/roveyayinevi.com.tr\/index.php\/wp-json\/wp\/v2\/product_tag?post=704873"}],"curies":[{"name":"wp","href":"https:\/\/api.w.org\/{rel}","templated":true}]}}