{"id":704870,"date":"2025-08-27T15:40:17","date_gmt":"2025-08-27T12:40:17","guid":{"rendered":"https:\/\/roveyayinevi.com.tr\/index.php\/urun\/hacli-seferlerinde-kusatma\/"},"modified":"2026-04-16T02:13:53","modified_gmt":"2026-04-15T23:13:53","slug":"hacli-seferlerinde-kusatma","status":"publish","type":"product","link":"https:\/\/roveyayinevi.com.tr\/index.php\/urun\/hacli-seferlerinde-kusatma\/","title":{"rendered":"Ha\u00e7l\u0131 Seferlerinde Ku\u015fatma"},"content":{"rendered":"<p>Ate\u015fli silahlar\u0131n ortaya \u00e7\u0131k\u0131\u015f\u0131 ile ya\u015fanan devrime kadar Orta\u00e7a\u011f d\u00fcnyas\u0131n\u0131n en temel m\u00fccadele \u015fekli kale sava\u015flar\u0131 olmu\u015ftur. D\u00f6nemin en b\u00fcy\u00fck sald\u0131r\u0131 hareketlerinden biri durumundaki Ha\u00e7l\u0131 Seferlerinin gidi\u015fat\u0131 da benzer bir \u015fekil takip etmi\u015ftir. \u0130ki y\u00fczy\u0131la yay\u0131lan seferlerin tarihine bak\u0131ld\u0131\u011f\u0131nda ger\u00e7ekle\u015ftirilen ku\u015fatma muharebelerinin meydan sava\u015flar\u0131na kahir bir \u00fcst\u00fcnl\u00fck sa\u011flad\u0131\u011f\u0131 g\u00f6r\u00fclmektedir. \u00d6yle ki, \u0130znik, Antakya ve Kud\u00fcs gibi birbirini takip eden \u00fc\u00e7 b\u00fcy\u00fck ku\u015fatma ile ba\u015flayan seferler yine 1291\u2019de Akka \u00f6nlerinde cereyan eden bir di\u011fer ku\u015fatma ile sonlanm\u0131\u015ft\u0131r. Bunlar\u0131n d\u0131\u015f\u0131nda ge\u00e7en s\u00fcre i\u00e7inde bir\u00e7ok irili ufakl\u0131 ku\u015fatma ya\u015fanm\u0131\u015ft\u0131r. B\u00fct\u00fcn bunlar ku\u015fatma sava\u015flar\u0131n\u0131n Ha\u00e7l\u0131 seferleri i\u00e7in belirleyici rol\u00fcne i\u015faret etmektedir. \u00c7al\u0131\u015fmam\u0131z, Ha\u00e7l\u0131 Seferleri d\u00f6neminde \u00f6nem ve mahiyetine g\u00f6re ger\u00e7ekle\u015ftirilen ku\u015fatmalar\u0131n ele al\u0131n\u0131p incelenmesi \u00fczerine kurulmu\u015ftur. <\/p>\n","protected":false},"excerpt":{"rendered":"<p>Ate\u015fli silahlar\u0131n ortaya \u00e7\u0131k\u0131\u015f\u0131 ile ya\u015fanan devrime kadar Orta\u00e7a\u011f d\u00fcnyas\u0131n\u0131n en temel m\u00fccadele \u015fekli kale sava\u015flar\u0131 olmu\u015ftur. D\u00f6nemin en b\u00fcy\u00fck sald\u0131r\u0131 hareketlerinden biri durumundaki Ha\u00e7l\u0131 Seferlerinin<span class=\"excerpt-hellip\"> [\u2026]<\/span><\/p>\n","protected":false},"featured_media":0,"template":"","meta":{"_monsterinsights_skip_tracking":false,"_monsterinsights_sitenote_active":false,"_monsterinsights_sitenote_note":"","_monsterinsights_sitenote_category":0},"product_brand":[],"product_cat":[13590,12337],"product_tag":[],"class_list":{"0":"post-704870","1":"product","2":"type-product","3":"status-publish","5":"product_cat-arastirma-inceleme-politika-siyaset","6":"product_cat-politika-siyaset","7":"pa_cilt-ciltsiz","8":"pa_tur-kitap","9":"pa_yayinevi-yeditepe-yayinevi","10":"pa_yazar-aydin-usta","12":"first","13":"instock","14":"sale","15":"shipping-taxable","16":"purchasable","17":"product-type-simple"},"_links":{"self":[{"href":"https:\/\/roveyayinevi.com.tr\/index.php\/wp-json\/wp\/v2\/product\/704870","targetHints":{"allow":["GET"]}}],"collection":[{"href":"https:\/\/roveyayinevi.com.tr\/index.php\/wp-json\/wp\/v2\/product"}],"about":[{"href":"https:\/\/roveyayinevi.com.tr\/index.php\/wp-json\/wp\/v2\/types\/product"}],"wp:attachment":[{"href":"https:\/\/roveyayinevi.com.tr\/index.php\/wp-json\/wp\/v2\/media?parent=704870"}],"wp:term":[{"taxonomy":"product_brand","embeddable":true,"href":"https:\/\/roveyayinevi.com.tr\/index.php\/wp-json\/wp\/v2\/product_brand?post=704870"},{"taxonomy":"product_cat","embeddable":true,"href":"https:\/\/roveyayinevi.com.tr\/index.php\/wp-json\/wp\/v2\/product_cat?post=704870"},{"taxonomy":"product_tag","embeddable":true,"href":"https:\/\/roveyayinevi.com.tr\/index.php\/wp-json\/wp\/v2\/product_tag?post=704870"}],"curies":[{"name":"wp","href":"https:\/\/api.w.org\/{rel}","templated":true}]}}