{"id":704865,"date":"2025-08-27T15:40:15","date_gmt":"2025-08-27T12:40:15","guid":{"rendered":"https:\/\/roveyayinevi.com.tr\/index.php\/urun\/kul-tigin-yaziti-notlar\/"},"modified":"2026-04-16T02:13:53","modified_gmt":"2026-04-15T23:13:53","slug":"kul-tigin-yaziti-notlar","status":"publish","type":"product","link":"https:\/\/roveyayinevi.com.tr\/index.php\/urun\/kul-tigin-yaziti-notlar\/","title":{"rendered":"K\u00fcl Tigin Yaz\u0131t\u0131 &#8211; Notlar"},"content":{"rendered":"<p>K\u00fcl Tigin ve Bilge Ka\u011fan yaz\u0131tlar\u0131, 18 Temmuz 1889\u2019da Rus etnograf Nikolay M. Yadrintsev taraf\u0131ndan Mo\u011folistan\u2019\u0131n ba\u015fkenti Ulaanbaatar\u2019\u0131n yakla\u015f\u0131k 400 km. bat\u0131s\u0131nda H\u00f6\u015f\u00f6\u00f6 Tsaydam g\u00f6l\u00fc yak\u0131n\u0131nda bulunmu\u015f ve 15 Aral\u0131k 1893\u2019te Kopenhag\u2019da Kraliyet Akademisi\u2019nde sundu\u011fu bildiriyle Danimarkal\u0131 dilbilimci V. Thomsen taraf\u0131ndan \u00e7\u00f6z\u00fclm\u00fc\u015ft\u00fcr. 115 y\u0131l\u0131 a\u015fk\u0131n bir s\u00fcredir de bu iki yaz\u0131t \u00fczerinde \u00e7ok say\u0131da \u00e7al\u0131\u015fma yay\u0131mlanm\u0131\u015ft\u0131r.   Elinizdeki \u00e7al\u0131\u015fmada K\u00fcl Tigin yaz\u0131t\u0131nda yer alan 285 c\u00fcmle incelenmi\u015ftir. Bu c\u00fcmleleri olu\u015fturan edat ve ba\u011fla\u00e7lar d\u00e2hil 570 s\u00f6zc\u00fck; 60\u2019\u0131 i\u015fletme ve \u00e7ekim, 35\u2019i yap\u0131m olmak \u00fczere 95 ek ve par\u00e7ac\u0131k ses, bi\u00e7im, anlam, k\u00f6ken bilgisi ve k\u00fclt\u00fcr tarihi a\u00e7\u0131lar\u0131ndan ele al\u0131nm\u0131\u015ft\u0131r. K\u00fcl Tigin yaz\u0131t\u0131nda ge\u00e7en s\u00f6zc\u00fcklerin okunmas\u0131 ve anlamland\u0131r\u0131lmas\u0131 ekseninde ger\u00e7ekle\u015fen daha \u00f6nceki yay\u0131nlardan farkl\u0131 olarak, s\u00f6z konusu yaz\u0131tta ge\u00e7en her s\u00f6zc\u00fck filolojik a\u00e7\u0131dan incelenmi\u015f ve s\u00f6zc\u00fcklerin g\u00fcn\u00fcm\u00fcz T\u00fcrk leh\u00e7elerine intikal eden bi\u00e7imleri verilmi\u015ftir. \u00c7al\u0131\u015fma, \u00fcniversitelerin T\u00fcrk Dili ve Edebiyat\u0131 b\u00f6l\u00fcmleri lisans ve lisans\u00fcst\u00fc \u00f6\u011frencileri i\u00e7in yard\u0131mc\u0131 bir kaynak olarak tasarlan\u0131p haz\u0131rlanm\u0131\u015ft\u0131r.  <\/p>\n","protected":false},"excerpt":{"rendered":"<p>K\u00fcl Tigin ve Bilge Ka\u011fan yaz\u0131tlar\u0131, 18 Temmuz 1889\u2019da Rus etnograf Nikolay M. Yadrintsev taraf\u0131ndan Mo\u011folistan\u2019\u0131n ba\u015fkenti Ulaanbaatar\u2019\u0131n yakla\u015f\u0131k 400 km. bat\u0131s\u0131nda H\u00f6\u015f\u00f6\u00f6 Tsaydam g\u00f6l\u00fc yak\u0131n\u0131nda<span class=\"excerpt-hellip\"> [\u2026]<\/span><\/p>\n","protected":false},"featured_media":0,"template":"","meta":{"_monsterinsights_skip_tracking":false,"_monsterinsights_sitenote_active":false,"_monsterinsights_sitenote_note":"","_monsterinsights_sitenote_category":0},"product_brand":[],"product_cat":[13072,12291],"product_tag":[],"class_list":{"0":"post-704865","1":"product","2":"type-product","3":"status-publish","5":"product_cat-arastirma-inceleme-referans","6":"product_cat-edebiyat","7":"pa_cilt-ciltsiz","8":"pa_tur-kitap","9":"pa_yayinevi-bilge-kultur-sanat","10":"pa_yazar-hatice-sirin","12":"first","13":"instock","14":"sale","15":"shipping-taxable","16":"purchasable","17":"product-type-simple"},"_links":{"self":[{"href":"https:\/\/roveyayinevi.com.tr\/index.php\/wp-json\/wp\/v2\/product\/704865","targetHints":{"allow":["GET"]}}],"collection":[{"href":"https:\/\/roveyayinevi.com.tr\/index.php\/wp-json\/wp\/v2\/product"}],"about":[{"href":"https:\/\/roveyayinevi.com.tr\/index.php\/wp-json\/wp\/v2\/types\/product"}],"wp:attachment":[{"href":"https:\/\/roveyayinevi.com.tr\/index.php\/wp-json\/wp\/v2\/media?parent=704865"}],"wp:term":[{"taxonomy":"product_brand","embeddable":true,"href":"https:\/\/roveyayinevi.com.tr\/index.php\/wp-json\/wp\/v2\/product_brand?post=704865"},{"taxonomy":"product_cat","embeddable":true,"href":"https:\/\/roveyayinevi.com.tr\/index.php\/wp-json\/wp\/v2\/product_cat?post=704865"},{"taxonomy":"product_tag","embeddable":true,"href":"https:\/\/roveyayinevi.com.tr\/index.php\/wp-json\/wp\/v2\/product_tag?post=704865"}],"curies":[{"name":"wp","href":"https:\/\/api.w.org\/{rel}","templated":true}]}}