{"id":704860,"date":"2025-08-27T15:40:13","date_gmt":"2025-08-27T12:40:13","guid":{"rendered":"https:\/\/roveyayinevi.com.tr\/index.php\/urun\/timarhaneler\/"},"modified":"2026-04-16T02:13:53","modified_gmt":"2026-04-15T23:13:53","slug":"timarhaneler","status":"publish","type":"product","link":"https:\/\/roveyayinevi.com.tr\/index.php\/urun\/timarhaneler\/","title":{"rendered":"T\u0131marhaneler"},"content":{"rendered":"<p>Patolojik olan, bir i\u015fleyi\u015f bozuklu\u011fudur esas\u0131nda. Bir \u015feyin, bir nesnenin, bir organ\u0131n normal i\u015fleyi\u015finden uzakla\u015fmas\u0131, sapmas\u0131 h\u00e2lidir, k\u0131sacas\u0131 ili\u015fkiseldir. Psikiyatrist de, aynen bir saat tamircisi veya d\u00e2hiliyeci gibi, bu t\u00fcrden bir patoloji tan\u0131m\u0131ndan hareket eder, ancak bir farkla: Yelkovan\u0131n gerekti\u011fi gibi d\u00f6nmemesi veya b\u00f6bre\u011fin beklenen enzimleri salg\u0131lamamas\u0131 esasen teknik bir meseleyken, uygunsuz addedilen bir davran\u0131\u015f bi\u00e7imi ekseriyetle ahlaki bir meseledir. Normal-patolojik ayr\u0131m\u0131n\u0131n s\u0131n\u0131rlar\u0131 art\u0131k burada bir idrak kategorisinin s\u0131n\u0131rlar\u0131d\u0131r da. Te\u015fhis; k\u00fclt\u00fcrel manada etnosentrik, bir olma bi\u00e7imini tan\u0131mlamas\u0131 manas\u0131nda da ziyadesiyle politiktir. Tan\u0131m koyan, tasnifleyen ve de kapatan bir iktidar dilinin mek\u00e2n\u0131d\u0131r buras\u0131.G\u00fcndelik hayat\u0131n ince k\u0131vr\u0131mlar\u0131n\u0131n k\u0131vrak zek\u00e2l\u0131 g\u00f6zlemcisi Erving Goffman, bu kez bu dilin yuvas\u0131na, bir &#8220;total kurum&#8221; olarak ak\u0131l hastanelerinin o kendine has d\u00fcnyas\u0131na g\u00f6t\u00fcr\u00fcyor bizi. Hapishaneler, toplama kamplar\u0131, k\u0131\u015flalar gibi di\u011fer t\u00fcrden g\u00f6zetim kurumlar\u0131n\u0131 da kapsayan total kurumlar, benli\u011fi k\u0131rmaya ve d\u00f6n\u00fc\u015ft\u00fcrmeye y\u00f6nelik neredeyse do\u011fal bir deney, bir insan seras\u0131 olarak \u00e7\u0131k\u0131yor kar\u015f\u0131m\u0131za. Uzak diyarlardaki gizemli bir kabilenin izinde sahaya inen merakl\u0131 ve ku\u015fkucu bir etnograf edas\u0131yla, do\u011frudan St. Elizabeths Ak\u0131l Hastanesinde y\u00fcr\u00fct\u00fcyor \u00e7al\u0131\u015fmas\u0131n\u0131 Goffman. Orada \u00e7al\u0131\u015f\u0131yor, ya\u015f\u0131yor, g\u00f6zlemliyor, soruyor\u2026 \u00d6yleyse, ba\u015fka t\u00fcrden bir sosyal bilim prati\u011fini; maharetli ve ezber bozucu ama bir o kadar emek ve birikim isteyen bir saha mesaisini i\u015faret etmesi a\u00e7\u0131s\u0131ndan da bir klasik eser T\u0131marhaneler. Orijinal bask\u0131s\u0131 1961\u2026 T\u00fcrk\u00e7e s\u00f6yleni\u015fi ise 2015\u202654 y\u0131l aradan sonra; buyursunlar efendim&#8230; <\/p>\n","protected":false},"excerpt":{"rendered":"<p>Patolojik olan, bir i\u015fleyi\u015f bozuklu\u011fudur esas\u0131nda. Bir \u015feyin, bir nesnenin, bir organ\u0131n normal i\u015fleyi\u015finden uzakla\u015fmas\u0131, sapmas\u0131 h\u00e2lidir, k\u0131sacas\u0131 ili\u015fkiseldir. Psikiyatrist de, aynen bir saat tamircisi veya<span class=\"excerpt-hellip\"> [\u2026]<\/span><\/p>\n","protected":false},"featured_media":0,"template":"","meta":{"_monsterinsights_skip_tracking":false,"_monsterinsights_sitenote_active":false,"_monsterinsights_sitenote_note":"","_monsterinsights_sitenote_category":0},"product_brand":[],"product_cat":[12835,12324],"product_tag":[],"class_list":{"0":"post-704860","1":"product","2":"type-product","3":"status-publish","5":"product_cat-genel-sosyoloji","6":"product_cat-sosyoloji","7":"pa_cilt-ciltsiz","8":"pa_tur-kitap","9":"pa_yayinevi-heretik-yayincilik","10":"pa_yazar-erving-goffman","12":"first","13":"instock","14":"sale","15":"shipping-taxable","16":"purchasable","17":"product-type-simple"},"_links":{"self":[{"href":"https:\/\/roveyayinevi.com.tr\/index.php\/wp-json\/wp\/v2\/product\/704860","targetHints":{"allow":["GET"]}}],"collection":[{"href":"https:\/\/roveyayinevi.com.tr\/index.php\/wp-json\/wp\/v2\/product"}],"about":[{"href":"https:\/\/roveyayinevi.com.tr\/index.php\/wp-json\/wp\/v2\/types\/product"}],"wp:attachment":[{"href":"https:\/\/roveyayinevi.com.tr\/index.php\/wp-json\/wp\/v2\/media?parent=704860"}],"wp:term":[{"taxonomy":"product_brand","embeddable":true,"href":"https:\/\/roveyayinevi.com.tr\/index.php\/wp-json\/wp\/v2\/product_brand?post=704860"},{"taxonomy":"product_cat","embeddable":true,"href":"https:\/\/roveyayinevi.com.tr\/index.php\/wp-json\/wp\/v2\/product_cat?post=704860"},{"taxonomy":"product_tag","embeddable":true,"href":"https:\/\/roveyayinevi.com.tr\/index.php\/wp-json\/wp\/v2\/product_tag?post=704860"}],"curies":[{"name":"wp","href":"https:\/\/api.w.org\/{rel}","templated":true}]}}