{"id":704858,"date":"2025-08-27T15:40:12","date_gmt":"2025-08-27T12:40:12","guid":{"rendered":"https:\/\/roveyayinevi.com.tr\/index.php\/urun\/ilk-on-bolum\/"},"modified":"2026-04-16T02:13:53","modified_gmt":"2026-04-15T23:13:53","slug":"ilk-on-bolum","status":"publish","type":"product","link":"https:\/\/roveyayinevi.com.tr\/index.php\/urun\/ilk-on-bolum\/","title":{"rendered":"\u0130lk On B\u00f6l\u00fcm"},"content":{"rendered":"<p>Belki de t\u00fcm zamanlar\u0131n en \u00e7ok okunan d\u00fc\u015f\u00fcn\u00fcr\u00fc olan Konf\u00fc\u00e7y\u00fcs, hayattaki en b\u00fcy\u00fck gayenin   Yol  u takip etmek oldu\u011fu y\u00f6n\u00fcndeki inanc\u0131yla \u00c7in felsefesini b\u00fcy\u00fck bir d\u00f6n\u00fc\u015f\u00fcmden ge\u00e7irdi:   Yol  a g\u00f6re, bu ya da \u00f6teki d\u00fcnyada vaat edilen \u00f6d\u00fcller i\u00e7in de\u011fil, insan varolu\u015funun doruk noktas\u0131 olarak erdemin pe\u015finden ko\u015fulmal\u0131yd\u0131. <\/p>\n","protected":false},"excerpt":{"rendered":"<p>Belki de t\u00fcm zamanlar\u0131n en \u00e7ok okunan d\u00fc\u015f\u00fcn\u00fcr\u00fc olan Konf\u00fc\u00e7y\u00fcs, hayattaki en b\u00fcy\u00fck gayenin Yol u takip etmek oldu\u011fu y\u00f6n\u00fcndeki inanc\u0131yla \u00c7in felsefesini b\u00fcy\u00fck bir d\u00f6n\u00fc\u015f\u00fcmden<span class=\"excerpt-hellip\"> [\u2026]<\/span><\/p>\n","protected":false},"featured_media":0,"template":"","meta":{"_monsterinsights_skip_tracking":false,"_monsterinsights_sitenote_active":false,"_monsterinsights_sitenote_note":"","_monsterinsights_sitenote_category":0},"product_brand":[],"product_cat":[12777,12291],"product_tag":[],"class_list":{"0":"post-704858","1":"product","2":"type-product","3":"status-publish","5":"product_cat-deneme","6":"product_cat-edebiyat","7":"pa_tur-kitap","8":"pa_yayinevi-kafka-yayinevi","9":"pa_yazar-konfucyus","11":"first","12":"instock","13":"sale","14":"shipping-taxable","15":"purchasable","16":"product-type-simple"},"_links":{"self":[{"href":"https:\/\/roveyayinevi.com.tr\/index.php\/wp-json\/wp\/v2\/product\/704858","targetHints":{"allow":["GET"]}}],"collection":[{"href":"https:\/\/roveyayinevi.com.tr\/index.php\/wp-json\/wp\/v2\/product"}],"about":[{"href":"https:\/\/roveyayinevi.com.tr\/index.php\/wp-json\/wp\/v2\/types\/product"}],"wp:attachment":[{"href":"https:\/\/roveyayinevi.com.tr\/index.php\/wp-json\/wp\/v2\/media?parent=704858"}],"wp:term":[{"taxonomy":"product_brand","embeddable":true,"href":"https:\/\/roveyayinevi.com.tr\/index.php\/wp-json\/wp\/v2\/product_brand?post=704858"},{"taxonomy":"product_cat","embeddable":true,"href":"https:\/\/roveyayinevi.com.tr\/index.php\/wp-json\/wp\/v2\/product_cat?post=704858"},{"taxonomy":"product_tag","embeddable":true,"href":"https:\/\/roveyayinevi.com.tr\/index.php\/wp-json\/wp\/v2\/product_tag?post=704858"}],"curies":[{"name":"wp","href":"https:\/\/api.w.org\/{rel}","templated":true}]}}