{"id":704851,"date":"2025-08-27T15:40:10","date_gmt":"2025-08-27T12:40:10","guid":{"rendered":"https:\/\/roveyayinevi.com.tr\/index.php\/urun\/birbirimizi-anlamak-icin-iletisim\/"},"modified":"2026-04-16T02:13:52","modified_gmt":"2026-04-15T23:13:52","slug":"birbirimizi-anlamak-icin-iletisim","status":"publish","type":"product","link":"https:\/\/roveyayinevi.com.tr\/index.php\/urun\/birbirimizi-anlamak-icin-iletisim\/","title":{"rendered":"Birbirimizi Anlamak \u0130\u00e7in \u0130leti\u015fim"},"content":{"rendered":"<p>Birbirimizi Anlamak i\u00e7in \u0130leti\u015fim ki\u015filer aras\u0131 ileti\u015fimin temel konular\u0131 olan kendini tan\u0131ma, ba\u015fkalar\u0131n\u0131 alg\u0131lama, dinleme ve s\u00f6zs\u00fcz mesajlara odaklanan bir kitap. Yazar, iyi ili\u015fkiler i\u00e7in gerekli olan ki\u015fisel ileti\u015fim altyap\u0131s\u0131n\u0131n iyile\u015ftirilmesini ama\u00e7l\u0131yor. \u0130nsanlar\u0131 do\u011fru anlamak, alg\u0131lama hatalar\u0131 ve \u00f6nyarg\u0131lar\u0131n fark\u0131nda olup, bunlar\u0131n etkisinde kalmamaya \u00e7al\u0131\u015fmak kitapta \u00f6zellikle vurgulan\u0131yor. \u0130yi ileti\u015fimi en k\u0131sa ve \u00f6z haliyle anlatmas\u0131 kitab\u0131 benzerlerinden farkl\u0131 k\u0131l\u0131yor. \u0130leti\u015fimle ilgili herkesin bildi\u011fi konular\u0131 ana ba\u015fl\u0131klar alt\u0131nda toplay\u0131p ki\u015finin kendini ileti\u015fim bak\u0131m\u0131ndan analiz etmesine imkan veriyor. Fark\u0131nda olmadan yapt\u0131\u011f\u0131m\u0131z ileti\u015fim hatalar\u0131na dikkat \u00e7eken bu kitap bir solukta okunmay\u0131 ba\u015far\u0131yor. <\/p>\n","protected":false},"excerpt":{"rendered":"<p>Birbirimizi Anlamak i\u00e7in \u0130leti\u015fim ki\u015filer aras\u0131 ileti\u015fimin temel konular\u0131 olan kendini tan\u0131ma, ba\u015fkalar\u0131n\u0131 alg\u0131lama, dinleme ve s\u00f6zs\u00fcz mesajlara odaklanan bir kitap. Yazar, iyi ili\u015fkiler i\u00e7in gerekli<span class=\"excerpt-hellip\"> [\u2026]<\/span><\/p>\n","protected":false},"featured_media":0,"template":"","meta":{"_monsterinsights_skip_tracking":false,"_monsterinsights_sitenote_active":false,"_monsterinsights_sitenote_note":"","_monsterinsights_sitenote_category":0},"product_brand":[],"product_cat":[14787,13488],"product_tag":[],"class_list":{"0":"post-704851","1":"product","2":"type-product","3":"status-publish","5":"product_cat-diger-toplum-ve-insan","6":"product_cat-toplum-ve-insan","7":"pa_tur-kitap","8":"pa_yayinevi-efil-yayinevi","9":"pa_yazar-ozgur-dogerlioglu","11":"first","12":"instock","13":"sale","14":"shipping-taxable","15":"purchasable","16":"product-type-simple"},"_links":{"self":[{"href":"https:\/\/roveyayinevi.com.tr\/index.php\/wp-json\/wp\/v2\/product\/704851","targetHints":{"allow":["GET"]}}],"collection":[{"href":"https:\/\/roveyayinevi.com.tr\/index.php\/wp-json\/wp\/v2\/product"}],"about":[{"href":"https:\/\/roveyayinevi.com.tr\/index.php\/wp-json\/wp\/v2\/types\/product"}],"wp:attachment":[{"href":"https:\/\/roveyayinevi.com.tr\/index.php\/wp-json\/wp\/v2\/media?parent=704851"}],"wp:term":[{"taxonomy":"product_brand","embeddable":true,"href":"https:\/\/roveyayinevi.com.tr\/index.php\/wp-json\/wp\/v2\/product_brand?post=704851"},{"taxonomy":"product_cat","embeddable":true,"href":"https:\/\/roveyayinevi.com.tr\/index.php\/wp-json\/wp\/v2\/product_cat?post=704851"},{"taxonomy":"product_tag","embeddable":true,"href":"https:\/\/roveyayinevi.com.tr\/index.php\/wp-json\/wp\/v2\/product_tag?post=704851"}],"curies":[{"name":"wp","href":"https:\/\/api.w.org\/{rel}","templated":true}]}}